000
CDUS45 KABQ 280828
CLICAO


CLIMATE REPORT
NATIONAL WEATHER SERVICE ALBUQUERQUE NM
227 AM MDT TUE JUL 28 2015


...................................

...THE CLAYTON  NM CLIMATE SUMMARY FOR JULY 27 2015...

CLIMATE NORMAL PERIOD 1981 TO 2010
CLIMATE RECORD PERIOD 1896 TO 2015


WEATHER ITEM   OBSERVED TIME   RECORD YEAR NORMAL DEPARTURE
                VALUE   (LST)  VALUE       VALUE  FROM
                                                  NORMAL
...............................................................
TEMPERATURE (F)
 YESTERDAY
  MAXIMUM         95    304 PM  99    2011  88      7
                                      1946
                                      1910
  MINIMUM         63    505 AM  49    2005  61      2
  AVERAGE         79                        75      4

PRECIPITATION (IN)
  YESTERDAY        T             0.68 1982   0.10  -0.10
  MONTH TO DATE    5.96                      2.27   3.69
  SINCE JUN 1      7.52                      4.40   3.12
  SINCE JAN 1     19.05                      8.87  10.18

SNOWFALL (IN)
  YESTERDAY        0.0
  MONTH TO DATE    0.0
  SINCE JUN 1      0.0
  SINCE JUL 1      0.0

DEGREE DAYS
 HEATING
  YESTERDAY        0                         0      0
  MONTH TO DATE    0                         0      0
  SINCE JUN 1      2                        23    -21
  SINCE JUL 1      0                         0      0

 COOLING
  YESTERDAY       14                        10      4
  MONTH TO DATE  309                       266     43
  SINCE JUN 1    554                       449    105
  SINCE JAN 1    559                       500     59
...............................................................


WIND (MPH)
  HIGHEST WIND SPEED    26   HIGHEST WIND DIRECTION    SW (210)
  HIGHEST GUST SPEED    32   HIGHEST GUST DIRECTION    SW (210)
  AVERAGE WIND SPEED    11.9


SKY COVER
  AVERAGE SKY COVER 0.1


WEATHER CONDITIONS
 THE FOLLOWING WEATHER WAS RECORDED YESTERDAY.
  THUNDERSTORM


RELATIVE HUMIDITY (PERCENT)
 HIGHEST    87          1200 AM
 LOWEST     28           100 PM
 AVERAGE    58

..........................................................


THE CLAYTON  NM CLIMATE NORMALS FOR TODAY
                         NORMAL    RECORD    YEAR
 MAXIMUM TEMPERATURE (F)   88       100      1898
 MINIMUM TEMPERATURE (F)   61        54      1959


SUNRISE AND SUNSET
JULY 28 2015..........SUNRISE   556 AM MDT   SUNSET   802 PM MDT
JULY 29 2015..........SUNRISE   556 AM MDT   SUNSET   801 PM MDT


-  INDICATES NEGATIVE NUMBERS.
R  INDICATES RECORD WAS SET OR TIED.
MM INDICATES DATA IS MISSING.
T  INDICATES TRACE AMOUNT.




$$
