000
CDUS45 KABQ 020827
CLICAO


CLIMATE REPORT
NATIONAL WEATHER SERVICE ALBUQUERQUE NM
227 AM MDT WED SEP 2 2015


...................................

...THE CLAYTON  NM CLIMATE SUMMARY FOR SEPTEMBER 1 2015...

CLIMATE NORMAL PERIOD 1981 TO 2010
CLIMATE RECORD PERIOD 1896 TO 2015


WEATHER ITEM   OBSERVED TIME   RECORD YEAR NORMAL DEPARTURE
                VALUE   (LST)  VALUE       VALUE  FROM
                                                  NORMAL
...............................................................
TEMPERATURE (F)
 YESTERDAY
  MAXIMUM         92    237 PM  97    2010  84      8
                                      1926
                                      1922
  MINIMUM         59    411 AM  47    1972  58      1
                                      1956
                                      1955
  AVERAGE         76                        71      5

PRECIPITATION (IN)
  YESTERDAY        T             1.98 1942   0.07  -0.07
  MONTH TO DATE    T                         0.07  -0.07
  SINCE SEP 1      T                         0.07  -0.07
  SINCE JAN 1     24.28                     12.27  12.01

SNOWFALL (IN)
  YESTERDAY        0.0
  MONTH TO DATE    0.0
  SINCE SEP 1      0.0
  SINCE JUL 1      0.0

DEGREE DAYS
 HEATING
  YESTERDAY        0                         0      0
  MONTH TO DATE    0                         0      0
  SINCE SEP 1      0                         0      0
  SINCE JUL 1      5                         6     -1

 COOLING
  YESTERDAY       11                         6      5
  MONTH TO DATE   11                         6      5
  SINCE SEP 1     11                         6      5
  SINCE JAN 1    893                       803     90
...............................................................


WIND (MPH)
  HIGHEST WIND SPEED    21   HIGHEST WIND DIRECTION    NW (300)
  HIGHEST GUST SPEED    27   HIGHEST GUST DIRECTION    NW (300)
  AVERAGE WIND SPEED     6.8


SKY COVER
  AVERAGE SKY COVER 0.1


WEATHER CONDITIONS
 THE FOLLOWING WEATHER WAS RECORDED YESTERDAY.
  THUNDERSTORM


RELATIVE HUMIDITY (PERCENT)
 HIGHEST    84           300 AM
 LOWEST     27           200 PM
 AVERAGE    56

..........................................................


THE CLAYTON  NM CLIMATE NORMALS FOR TODAY
                         NORMAL    RECORD    YEAR
 MAXIMUM TEMPERATURE (F)   84        97      1947
 MINIMUM TEMPERATURE (F)   58        43      1934


SUNRISE AND SUNSET
SEPTEMBER  2 2015.....SUNRISE   625 AM MDT   SUNSET   719 PM MDT
SEPTEMBER  3 2015.....SUNRISE   625 AM MDT   SUNSET   718 PM MDT


-  INDICATES NEGATIVE NUMBERS.
R  INDICATES RECORD WAS SET OR TIED.
MM INDICATES DATA IS MISSING.
T  INDICATES TRACE AMOUNT.




$$
