000
CDUS45 KABQ 200847
CLICAO


CLIMATE REPORT
NATIONAL WEATHER SERVICE ALBUQUERQUE NM
245 AM MDT SAT SEP 20 2014


...................................

...THE CLAYTON  NM CLIMATE SUMMARY FOR SEPTEMBER 19 2014...

CLIMATE NORMAL PERIOD 1981 TO 2010
CLIMATE RECORD PERIOD 1896 TO 2014


WEATHER ITEM   OBSERVED TIME   RECORD YEAR NORMAL DEPARTURE
                VALUE   (LST)  VALUE       VALUE  FROM
                                                  NORMAL
...............................................................
TEMPERATURE (F)
 YESTERDAY
  MAXIMUM         81    201 PM  94    1983  78      3
  MINIMUM         62    606 AM  33    1971  51     11
  AVERAGE         72                        64      8

PRECIPITATION (IN)
  YESTERDAY        0.00          0.75 1967   0.05  -0.05
  MONTH TO DATE    2.68                      1.13   1.55
  SINCE SEP 1      2.68                      1.13   1.55
  SINCE JAN 1     11.21                     13.33  -2.12

SNOWFALL (IN)
  YESTERDAY        0.0
  MONTH TO DATE    0.0
  SINCE SEP 1      0.0
  SINCE JUL 1      0.0

DEGREE DAYS
 HEATING
  YESTERDAY        0                         3     -3
  MONTH TO DATE   43                        28     15
  SINCE SEP 1     43                        28     15
  SINCE JUL 1     43                        34      9

 COOLING
  YESTERDAY        7                         3      4
  MONTH TO DATE   77                        85     -8
  SINCE SEP 1     77                        85     -8
  SINCE JAN 1   1081                       882    199
...............................................................


WIND (MPH)
  HIGHEST WIND SPEED    23   HIGHEST WIND DIRECTION     S (160)
  HIGHEST GUST SPEED    28   HIGHEST GUST DIRECTION     S (170)
  AVERAGE WIND SPEED    13.6


SKY COVER
  AVERAGE SKY COVER 0.6


WEATHER CONDITIONS
 THE FOLLOWING WEATHER WAS RECORDED YESTERDAY.
  NO SIGNIFICANT WEATHER WAS OBSERVED.


RELATIVE HUMIDITY (PERCENT)
 HIGHEST    93          1200 AM
 LOWEST     45           100 PM
 AVERAGE    69

..........................................................


THE CLAYTON  NM CLIMATE NORMALS FOR TODAY
                         NORMAL    RECORD    YEAR
 MAXIMUM TEMPERATURE (F)   78        92      1956
 MINIMUM TEMPERATURE (F)   51        32      1918


SUNRISE AND SUNSET
SEPTEMBER 20 2014.....SUNRISE   639 AM MDT   SUNSET   652 PM MDT
SEPTEMBER 21 2014.....SUNRISE   640 AM MDT   SUNSET   651 PM MDT


-  INDICATES NEGATIVE NUMBERS.
R  INDICATES RECORD WAS SET OR TIED.
MM INDICATES DATA IS MISSING.
T  INDICATES TRACE AMOUNT.




$$
