000
CDUS45 KABQ 010827
CLICAO


CLIMATE REPORT
NATIONAL WEATHER SERVICE ALBUQUERQUE NM
227 AM MDT WED JUL 1 2015


...................................

...THE CLAYTON  NM CLIMATE SUMMARY FOR JUNE 30 2015...

CLIMATE NORMAL PERIOD 1981 TO 2010
CLIMATE RECORD PERIOD 1896 TO 2015


WEATHER ITEM   OBSERVED TIME   RECORD YEAR NORMAL DEPARTURE
                VALUE   (LST)  VALUE       VALUE  FROM
                                                  NORMAL
...............................................................
TEMPERATURE (F)
 YESTERDAY
  MAXIMUM         93    309 PM 100    2014  88      5
                                      1933
  MINIMUM         61    259 AM  46    1918  59      2
  AVERAGE         77                        74      3

PRECIPITATION (IN)
  YESTERDAY        0.00          1.20 1971   0.08  -0.08
  MONTH TO DATE    1.56                      2.13  -0.57
  SINCE JUN 1      1.56                      2.13  -0.57
  SINCE JAN 1     13.09                      6.60   6.49

SNOWFALL (IN)
  YESTERDAY        0.0
  MONTH TO DATE    0.0
  SINCE JUN 1      0.0
  SINCE JUL 1     26.1

DEGREE DAYS
 HEATING
  YESTERDAY        0                         0      0
  MONTH TO DATE    2                        21    -19
  SINCE JUN 1      2                        23    -21
  SINCE JUL 1   4470                      4884   -414

 COOLING
  YESTERDAY       12                         9      3
  MONTH TO DATE  245                       183     62
  SINCE JUN 1    245                       183     62
  SINCE JAN 1    250                       234     16
...............................................................


WIND (MPH)
  HIGHEST WIND SPEED    17   HIGHEST WIND DIRECTION     S (200)
  HIGHEST GUST SPEED    24   HIGHEST GUST DIRECTION     S (190)
  AVERAGE WIND SPEED    10.5


SKY COVER
  AVERAGE SKY COVER 0.0


WEATHER CONDITIONS
 THE FOLLOWING WEATHER WAS RECORDED YESTERDAY.
  HAZE


RELATIVE HUMIDITY (PERCENT)
 HIGHEST    78           300 AM
 LOWEST     20           300 PM
 AVERAGE    49

..........................................................


THE CLAYTON  NM CLIMATE NORMALS FOR TODAY
                         NORMAL    RECORD    YEAR
 MAXIMUM TEMPERATURE (F)   89        99      1973
                                             1953
 MINIMUM TEMPERATURE (F)   60        50      1945


SUNRISE AND SUNSET
JULY  1 2015..........SUNRISE   538 AM MDT   SUNSET   815 PM MDT
JULY  2 2015..........SUNRISE   539 AM MDT   SUNSET   814 PM MDT


-  INDICATES NEGATIVE NUMBERS.
R  INDICATES RECORD WAS SET OR TIED.
MM INDICATES DATA IS MISSING.
T  INDICATES TRACE AMOUNT.




$$
