000
CDUS45 KABQ 300831
CLICAO


CLIMATE REPORT
NATIONAL WEATHER SERVICE ALBUQUERQUE NM
130 AM MST FRI JAN 30 2015


...................................

...THE CLAYTON  NM CLIMATE SUMMARY FOR JANUARY 29 2015...

CLIMATE NORMAL PERIOD 1981 TO 2010
CLIMATE RECORD PERIOD 1896 TO 2015


WEATHER ITEM   OBSERVED TIME   RECORD YEAR NORMAL DEPARTURE
                VALUE   (LST)  VALUE       VALUE  FROM
                                                  NORMAL
...............................................................
TEMPERATURE (F)
 YESTERDAY
  MAXIMUM         48    247 PM  72    1971  50     -2
  MINIMUM         37   1159 PM  -6    1951  22     15
  AVERAGE         43                        36      7

PRECIPITATION (IN)
  YESTERDAY        0.00          0.09 1956   0.01  -0.01
  MONTH TO DATE    1.39                      0.26   1.13
  SINCE DEC 1      1.89                      0.62   1.27
  SINCE JAN 1      1.39                      0.26   1.13

SNOWFALL (IN)
  YESTERDAY        0.0
  MONTH TO DATE    9.0
  SINCE DEC 1     12.5
  SINCE JUL 1     15.1

DEGREE DAYS
 HEATING
  YESTERDAY       22                        29     -7
  MONTH TO DATE  819                       856    -37
  SINCE DEC 1   1708                      1792    -84
  SINCE JUL 1   2660                      2844   -184

 COOLING
  YESTERDAY        0                         0      0
  MONTH TO DATE    0                         0      0
  SINCE DEC 1      0                         0      0
  SINCE JAN 1      0                         0      0
...............................................................


WIND (MPH)
  HIGHEST WIND SPEED    21   HIGHEST WIND DIRECTION     N (360)
  HIGHEST GUST SPEED    26   HIGHEST GUST DIRECTION     N (360)
  AVERAGE WIND SPEED    10.0


SKY COVER
  AVERAGE SKY COVER 0.5


WEATHER CONDITIONS
 THE FOLLOWING WEATHER WAS RECORDED YESTERDAY.
  NO SIGNIFICANT WEATHER WAS OBSERVED.


RELATIVE HUMIDITY (PERCENT)
 HIGHEST    67           100 AM
 LOWEST     37           100 PM
 AVERAGE    52

..........................................................


THE CLAYTON  NM CLIMATE NORMALS FOR TODAY
                         NORMAL    RECORD    YEAR
 MAXIMUM TEMPERATURE (F)   50        76      1986
                                             1971
 MINIMUM TEMPERATURE (F)   22        -2      1949


SUNRISE AND SUNSET
JANUARY 30 2015.......SUNRISE   656 AM MST   SUNSET   516 PM MST
JANUARY 31 2015.......SUNRISE   655 AM MST   SUNSET   517 PM MST


-  INDICATES NEGATIVE NUMBERS.
R  INDICATES RECORD WAS SET OR TIED.
MM INDICATES DATA IS MISSING.
T  INDICATES TRACE AMOUNT.




$$
