000
CDUS45 KABQ 120836
CLICAO


CLIMATE REPORT
NATIONAL WEATHER SERVICE ALBUQUERQUE NM
135 AM MST TUE DEC 12 2017


...................................

...THE CLAYTON  NM CLIMATE SUMMARY FOR DECEMBER 11 2017...

CLIMATE NORMAL PERIOD 1981 TO 2010
CLIMATE RECORD PERIOD 1896 TO 2017


WEATHER ITEM   OBSERVED TIME   RECORD YEAR NORMAL DEPARTURE
                VALUE   (LST)  VALUE       VALUE  FROM
                                                  NORMAL
...............................................................
TEMPERATURE (F)
 YESTERDAY
  MAXIMUM         61   1205 PM  81    1939  48     13
  MINIMUM         24    415 AM  -1    1961  22      2
                                      1932
                                      1917
  AVERAGE         43                        35      8

PRECIPITATION (IN)
  YESTERDAY        0.00          0.75 1923   0.01  -0.01
  MONTH TO DATE    0.00                      0.12  -0.12
  SINCE DEC 1      0.00                      0.12  -0.12
  SINCE JAN 1     20.41                     15.55   4.86

SNOWFALL (IN)
  YESTERDAY        0.0
  MONTH TO DATE    0.0
  SINCE DEC 1      0.0
  SINCE JUL 1      0.5

DEGREE DAYS
 HEATING
  YESTERDAY       22                        30     -8
  MONTH TO DATE  263                       322    -59
  SINCE DEC 1    263                       322    -59
  SINCE JUL 1   1148                      1374   -226

 COOLING
  YESTERDAY        0                         0      0
  MONTH TO DATE    0                         0      0
  SINCE DEC 1      0                         0      0
  SINCE JAN 1    827                       909    -82
...............................................................


WIND (MPH)
  HIGHEST WIND SPEED    20   HIGHEST WIND DIRECTION     N (10)
  HIGHEST GUST SPEED    25   HIGHEST GUST DIRECTION     N (340)
  AVERAGE WIND SPEED    11.9


SKY COVER
  AVERAGE SKY COVER 0.0


WEATHER CONDITIONS
 THE FOLLOWING WEATHER WAS RECORDED YESTERDAY.
  HAZE


RELATIVE HUMIDITY (PERCENT)
 HIGHEST    33          1100 PM
 LOWEST      7          1100 AM
 AVERAGE    20

..........................................................


THE CLAYTON  NM CLIMATE NORMALS FOR TODAY
                         NORMAL    RECORD    YEAR
 MAXIMUM TEMPERATURE (F)   47        74      1921
 MINIMUM TEMPERATURE (F)   22        -5      1899


SUNRISE AND SUNSET
DECEMBER 12 2017......SUNRISE   655 AM MST   SUNSET   438 PM MST
DECEMBER 13 2017......SUNRISE   656 AM MST   SUNSET   438 PM MST


-  INDICATES NEGATIVE NUMBERS.
R  INDICATES RECORD WAS SET OR TIED.
MM INDICATES DATA IS MISSING.
T  INDICATES TRACE AMOUNT.




$$
