000
CDUS45 KABQ 100827
CLICAO


CLIMATE REPORT
NATIONAL WEATHER SERVICE ALBUQUERQUE NM
126 AM MST SAT DEC 10 2016


...................................

...THE CLAYTON  NM CLIMATE SUMMARY FOR DECEMBER 9 2016...

CLIMATE NORMAL PERIOD 1981 TO 2010
CLIMATE RECORD PERIOD 1896 TO 2016


WEATHER ITEM   OBSERVED TIME   RECORD YEAR NORMAL DEPARTURE
                VALUE   (LST)  VALUE       VALUE  FROM
                                                  NORMAL
...............................................................
TEMPERATURE (F)
 YESTERDAY
  MAXIMUM         59   1224 PM  75    1996  48     11
                                      1938
  MINIMUM         21   1223 AM -12    1919  22     -1
  AVERAGE         40                        35      5

PRECIPITATION (IN)
  YESTERDAY        0.00          0.52 1943   0.01  -0.01
  MONTH TO DATE    0.01                      0.10  -0.09
  SINCE DEC 1      0.01                      0.10  -0.09
  SINCE JAN 1     19.93                     15.53   4.40

SNOWFALL (IN)
  YESTERDAY        0.0
  MONTH TO DATE    0.1
  SINCE DEC 1      0.1
  SINCE JUL 1      0.1

DEGREE DAYS
 HEATING
  YESTERDAY       25                        30     -5
  MONTH TO DATE  300                       262     38
  SINCE DEC 1    300                       262     38
  SINCE JUL 1    968                      1314   -346

 COOLING
  YESTERDAY        0                         0      0
  MONTH TO DATE    0                         0      0
  SINCE DEC 1      0                         0      0
  SINCE JAN 1   1115                       909    206
...............................................................


WIND (MPH)
  HIGHEST WIND SPEED    26   HIGHEST WIND DIRECTION    SW (220)
  HIGHEST GUST SPEED    33   HIGHEST GUST DIRECTION    SW (220)
  AVERAGE WIND SPEED    11.6


SKY COVER
  AVERAGE SKY COVER 0.2


WEATHER CONDITIONS
 THE FOLLOWING WEATHER WAS RECORDED YESTERDAY.
  NO SIGNIFICANT WEATHER WAS OBSERVED.


RELATIVE HUMIDITY (PERCENT)
 HIGHEST    96           200 AM
 LOWEST     31          1200 PM
 AVERAGE    64

..........................................................


THE CLAYTON  NM CLIMATE NORMALS FOR TODAY
                         NORMAL    RECORD    YEAR
 MAXIMUM TEMPERATURE (F)   48        74      1975
                                             1929
 MINIMUM TEMPERATURE (F)   22        -2      1932


SUNRISE AND SUNSET
DECEMBER 10 2016......SUNRISE   654 AM MST   SUNSET   437 PM MST
DECEMBER 11 2016......SUNRISE   655 AM MST   SUNSET   438 PM MST


-  INDICATES NEGATIVE NUMBERS.
R  INDICATES RECORD WAS SET OR TIED.
MM INDICATES DATA IS MISSING.
T  INDICATES TRACE AMOUNT.




$$
