000
CDUS45 KABQ 260837
CLICAO


CLIMATE REPORT
NATIONAL WEATHER SERVICE ALBUQUERQUE NM
135 AM MST SUN FEB 26 2017


...................................

...THE CLAYTON  NM CLIMATE SUMMARY FOR FEBRUARY 25 2017...

CLIMATE NORMAL PERIOD 1981 TO 2010
CLIMATE RECORD PERIOD 1896 TO 2017


WEATHER ITEM   OBSERVED TIME   RECORD YEAR NORMAL DEPARTURE
                VALUE   (LST)  VALUE       VALUE  FROM
                                                  NORMAL
...............................................................
TEMPERATURE (F)
 YESTERDAY
  MAXIMUM         52    449 PM  78    1989  53     -1
  MINIMUM         13    621 AM   0    1960  26    -13
  AVERAGE         33                        39     -6

PRECIPITATION (IN)
  YESTERDAY        0.00          0.32 1949   0.01  -0.01
  MONTH TO DATE    0.25                      0.29  -0.04
  SINCE DEC 1      1.59                      0.93   0.66
  SINCE JAN 1      1.38                      0.57   0.81

SNOWFALL (IN)
  YESTERDAY        0.0
  MONTH TO DATE    1.0
  SINCE DEC 1     11.4
  SINCE JUL 1     11.4

DEGREE DAYS
 HEATING
  YESTERDAY       32                        26      6
  MONTH TO DATE  473                       696   -223
  SINCE DEC 1   2287                      2550   -263
  SINCE JUL 1   2955                      3602   -647

 COOLING
  YESTERDAY        0                         0      0
  MONTH TO DATE    2                         0      2
  SINCE DEC 1      2                         0      2
  SINCE JAN 1      2                         0      2
...............................................................


WIND (MPH)
  HIGHEST WIND SPEED    26   HIGHEST WIND DIRECTION     W (250)
  HIGHEST GUST SPEED    35   HIGHEST GUST DIRECTION     W (250)
  AVERAGE WIND SPEED    13.4


SKY COVER
  AVERAGE SKY COVER 0.0


WEATHER CONDITIONS
 THE FOLLOWING WEATHER WAS RECORDED YESTERDAY.
  NO SIGNIFICANT WEATHER WAS OBSERVED.


RELATIVE HUMIDITY (PERCENT)
 HIGHEST    92           500 AM
 LOWEST     17           500 PM
 AVERAGE    55

..........................................................


THE CLAYTON  NM CLIMATE NORMALS FOR TODAY
                         NORMAL    RECORD    YEAR
 MAXIMUM TEMPERATURE (F)   54        79      1896
 MINIMUM TEMPERATURE (F)   26         2      2002


SUNRISE AND SUNSET
FEBRUARY 26 2017......SUNRISE   627 AM MST   SUNSET   545 PM MST
FEBRUARY 27 2017......SUNRISE   625 AM MST   SUNSET   546 PM MST


-  INDICATES NEGATIVE NUMBERS.
R  INDICATES RECORD WAS SET OR TIED.
MM INDICATES DATA IS MISSING.
T  INDICATES TRACE AMOUNT.




$$
