000
CDUS45 KABQ 250832
CLICAO


CLIMATE REPORT
NATIONAL WEATHER SERVICE ALBUQUERQUE NM
229 AM MDT TUE APR 25 2017


...................................

...THE CLAYTON  NM CLIMATE SUMMARY FOR APRIL 24 2017...

CLIMATE NORMAL PERIOD 1981 TO 2010
CLIMATE RECORD PERIOD 1896 TO 2017


WEATHER ITEM   OBSERVED TIME   RECORD YEAR NORMAL DEPARTURE
                VALUE   (LST)  VALUE       VALUE  FROM
                                                  NORMAL
...............................................................
TEMPERATURE (F)
 YESTERDAY
  MAXIMUM         81    150 PM  92    2012  70     11
  MINIMUM         46    449 AM  19    2013  40      6
  AVERAGE         64                        55      9

PRECIPITATION (IN)
  YESTERDAY        0.00          2.19 1919   0.04  -0.04
  MONTH TO DATE    1.21                      0.72   0.49
  SINCE MAR 1      2.01                      1.67   0.34
  SINCE JAN 1      3.39                      2.29   1.10

SNOWFALL (IN)
  YESTERDAY        0.0
  MONTH TO DATE    6.1
  SINCE MAR 1      6.2
  SINCE JUL 1     17.6

DEGREE DAYS
 HEATING
  YESTERDAY        1                        10     -9
  MONTH TO DATE  237                       328    -91
  SINCE MAR 1    659                       972   -313
  SINCE JUL 1   3679                      4649   -970

 COOLING
  YESTERDAY        0                         0      0
  MONTH TO DATE   12                         0     12
  SINCE MAR 1     18                         1     17
  SINCE JAN 1     20                         1     19
...............................................................


WIND (MPH)
  HIGHEST WIND SPEED    25   HIGHEST WIND DIRECTION     W (250)
  HIGHEST GUST SPEED    32   HIGHEST GUST DIRECTION    SW (210)
  AVERAGE WIND SPEED    12.2


SKY COVER
  AVERAGE SKY COVER 0.0


WEATHER CONDITIONS
 THE FOLLOWING WEATHER WAS RECORDED YESTERDAY.
  HAZE


RELATIVE HUMIDITY (PERCENT)
 HIGHEST    58           500 AM
 LOWEST      9           200 PM
 AVERAGE    34

..........................................................


THE CLAYTON  NM CLIMATE NORMALS FOR TODAY
                         NORMAL    RECORD    YEAR
 MAXIMUM TEMPERATURE (F)   70        90      2012
 MINIMUM TEMPERATURE (F)   41        22      1950


SUNRISE AND SUNSET
APRIL 25 2017.........SUNRISE   606 AM MDT   SUNSET   736 PM MDT
APRIL 26 2017.........SUNRISE   605 AM MDT   SUNSET   737 PM MDT


-  INDICATES NEGATIVE NUMBERS.
R  INDICATES RECORD WAS SET OR TIED.
MM INDICATES DATA IS MISSING.
T  INDICATES TRACE AMOUNT.




$$
