000
CDUS41 KCAR 110816
CLICAR


CLIMATE REPORT
NATIONAL WEATHER SERVICE CARIBOU, ME
315 AM EST SUN DEC 11 2016


...................................

...THE CARIBOU ME CLIMATE SUMMARY FOR DECEMBER 10 2016...

CLIMATE NORMAL PERIOD 1981 TO 2010
CLIMATE RECORD PERIOD 1939 TO 2016


WEATHER ITEM   OBSERVED TIME   RECORD YEAR NORMAL DEPARTURE LAST
                VALUE   (LST)  VALUE       VALUE  FROM      YEAR
                                                  NORMAL
..................................................................
TEMPERATURE (F)
 YESTERDAY
  MAXIMUM         10    210 PM  47    1973  28    -18       39
  MINIMUM          4   1149 PM -17    1958  13     -9       29
  AVERAGE          7                        21    -14       34

PRECIPITATION (IN)
  YESTERDAY        T             1.17 2014   0.12  -0.12      T
  MONTH TO DATE    1.28                      1.16   0.12     1.10
  SINCE DEC 1      1.28                      1.16   0.12     1.10
  SINCE JAN 1     41.04                     36.38   4.66    32.39

SNOWFALL (IN)
  YESTERDAY        T             6.3  1995   0.7   -0.7      0.0
  MONTH TO DATE   13.9                       6.6    7.3      3.4
  SINCE DEC 1     13.9                       6.6    7.3      3.4
  SINCE JUL 1     34.1                      18.8   15.3      7.5
  SNOW DEPTH      14

DEGREE DAYS
 HEATING
  YESTERDAY       58                        44     14       31
  MONTH TO DATE  450                       423     27      347
  SINCE DEC 1    450                       423     27      347
  SINCE JUL 1   2137                      2568   -431     2165

 COOLING
  YESTERDAY        0                         0      0        0
  MONTH TO DATE    0                         0      0        0
  SINCE DEC 1      0                         0      0        0
  SINCE JAN 1    275                       180     95      253
..................................................................


WIND (MPH)
  HIGHEST WIND SPEED    17   HIGHEST WIND DIRECTION    NW (310)
  HIGHEST GUST SPEED    23   HIGHEST GUST DIRECTION    NW (300)
  AVERAGE WIND SPEED     8.0


SKY COVER
  POSSIBLE SUNSHINE  MM
  AVERAGE SKY COVER 0.6


WEATHER CONDITIONS
 THE FOLLOWING WEATHER WAS RECORDED YESTERDAY.
  LIGHT SNOW
  HAZE


RELATIVE HUMIDITY (PERCENT)
 HIGHEST    83           700 PM
 LOWEST     63           100 PM
 AVERAGE    73

..........................................................


THE CARIBOU ME CLIMATE NORMALS FOR TODAY
                         NORMAL    RECORD    YEAR
 MAXIMUM TEMPERATURE (F)   28        56      1969
 MINIMUM TEMPERATURE (F)   13       -16      1988
                                             1958


SUNRISE AND SUNSET
DECEMBER 11 2016......SUNRISE   708 AM EST   SUNSET   343 PM EST
DECEMBER 12 2016......SUNRISE   708 AM EST   SUNSET   343 PM EST


-  INDICATES NEGATIVE NUMBERS.
R  INDICATES RECORD WAS SET OR TIED.
MM INDICATES DATA IS MISSING.
T  INDICATES TRACE AMOUNT.




$$
