000
CDUS41 KCAR 170526
CLICAR


CLIMATE REPORT
NATIONAL WEATHER SERVICE CARIBOU, ME
126 AM EDT THU AUG 17 2017


...................................

...THE CARIBOU ME CLIMATE SUMMARY FOR AUGUST 16 2017...

CLIMATE NORMAL PERIOD 1981 TO 2010
CLIMATE RECORD PERIOD 1939 TO 2017


WEATHER ITEM   OBSERVED TIME   RECORD YEAR NORMAL DEPARTURE LAST
                VALUE   (LST)  VALUE       VALUE  FROM      YEAR
                                                  NORMAL
..................................................................
TEMPERATURE (F)
 YESTERDAY
  MAXIMUM         68    335 PM  95    1944  75     -7       80
  MINIMUM         49   1159 PM  39    1956  53     -4       53
  AVERAGE         59                        64     -5       67

PRECIPITATION (IN)
  YESTERDAY        0.00          0.97 1981   0.13  -0.13     0.19
  MONTH TO DATE    1.89                      2.02  -0.13     3.41
  SINCE JUN 1      8.90                      9.58  -0.68    12.70
  SINCE JAN 1     25.47                     23.00   2.47    28.63

SNOWFALL (IN)
  YESTERDAY        0.0           0.0  2002   0.0    0.0      0.0
                                      2001
  MONTH TO DATE    0.0                       0.0    0.0      0.0
  SINCE JUN 1      0.0                       0.0    0.0      0.0
  SINCE JUL 1      0.0                       0.0    0.0      0.0
  SNOW DEPTH       0

DEGREE DAYS
 HEATING
  YESTERDAY        6                         3      3        0
  MONTH TO DATE   25                        35    -10       17
  SINCE JUN 1    196                       258    -62      209
  SINCE JUL 1     64                        93    -29       65

 COOLING
  YESTERDAY        0                         2     -2        2
  MONTH TO DATE   39                        33      6       46
  SINCE JUN 1    162                       144     18      200
  SINCE JAN 1    168                       149     19      208
..................................................................


WIND (MPH)
  HIGHEST WIND SPEED    17   HIGHEST WIND DIRECTION    NW (310)
  HIGHEST GUST SPEED    24   HIGHEST GUST DIRECTION     W (280)
  AVERAGE WIND SPEED     8.1


SKY COVER
  POSSIBLE SUNSHINE  MM
  AVERAGE SKY COVER 0.5


WEATHER CONDITIONS
 THE FOLLOWING WEATHER WAS RECORDED YESTERDAY.
  FOG


RELATIVE HUMIDITY (PERCENT)
 HIGHEST    97           400 AM
 LOWEST     42           200 PM
 AVERAGE    70

..........................................................


THE CARIBOU ME CLIMATE NORMALS FOR TODAY
                         NORMAL    RECORD    YEAR
 MAXIMUM TEMPERATURE (F)   75        89      1987
                                             1978
 MINIMUM TEMPERATURE (F)   53        39      1972


SUNRISE AND SUNSET
AUGUST 17 2017........SUNRISE   532 AM EDT   SUNSET   739 PM EDT
AUGUST 18 2017........SUNRISE   534 AM EDT   SUNSET   737 PM EDT


-  INDICATES NEGATIVE NUMBERS.
R  INDICATES RECORD WAS SET OR TIED.
MM INDICATES DATA IS MISSING.
T  INDICATES TRACE AMOUNT.
..................................................................

THE CARIBOU ME 4 INCH UNDER SOD SOIL TEMPERATURE FOR AUGUST 16 2017

MAXIMUM 74F
MINIMUM 68F


$$
