000
CDUS41 KCAR 212133
CLICAR


CLIMATE REPORT
NATIONAL WEATHER SERVICE CARIBOU, ME
432 PM EST SUN DEC 21 2014


...................................

...THE CARIBOU ME CLIMATE SUMMARY FOR DECEMBER 21 2014...
VALID TODAY AS OF 0400 PM LOCAL TIME.

CLIMATE NORMAL PERIOD 1981 TO 2010
CLIMATE RECORD PERIOD 1939 TO 2014


WEATHER ITEM   OBSERVED TIME   RECORD YEAR NORMAL DEPARTURE LAST
                VALUE   (LST)  VALUE       VALUE  FROM      YEAR
                                                  NORMAL
..................................................................
TEMPERATURE (F)
 TODAY
  MAXIMUM         24    326 PM  54    1973  24      0       18
  MINIMUM         16    149 AM -25    2008   8      8       12
  AVERAGE         20                        16      4       15

PRECIPITATION (IN)
  TODAY            0.00          0.85 1973   0.10  -0.10     0.27
  MONTH TO DATE    4.40                      2.32   2.08     2.06
  SINCE DEC 1      4.40                      2.32   2.08     2.06
  SINCE JAN 1     44.81                     37.54   7.27    48.64

SNOWFALL (IN)
  TODAY            0.0           9.3  1946   0.8   -0.8      1.5
  MONTH TO DATE   26.5                      14.9   11.6     27.3
  SINCE DEC 1     26.5                      14.9   11.6     27.3
  SINCE JUL 1     55.3                      27.1   28.2     37.4
  SNOW DEPTH      15

DEGREE DAYS
 HEATING
  TODAY           45                        49     -4       50
  MONTH TO DATE  902                       940    -38     1052
  SINCE DEC 1    902                       940    -38     1052
  SINCE JUL 1   2854                      3085   -231     3008

 COOLING
  TODAY            0                         0      0        0
  MONTH TO DATE    0                         0      0        0
  SINCE DEC 1      0                         0      0        0
  SINCE JAN 1    266                       180     86      192
..................................................................


WIND (MPH)
  HIGHEST WIND SPEED     6   HIGHEST WIND DIRECTION     E (100)
  HIGHEST GUST SPEED     7   HIGHEST GUST DIRECTION    NE (60)
  AVERAGE WIND SPEED     1.4


SKY COVER
  POSSIBLE SUNSHINE  MM
  AVERAGE SKY COVER 1.0


WEATHER CONDITIONS
 THE FOLLOWING WEATHER WAS RECORDED TODAY.
  NO SIGNIFICANT WEATHER WAS OBSERVED.


RELATIVE HUMIDITY (PERCENT)
 HIGHEST    92           100 AM
 LOWEST     81           100 PM
 AVERAGE    87

..........................................................


THE CARIBOU ME CLIMATE NORMALS FOR TOMORROW
                         NORMAL    RECORD    YEAR
 MAXIMUM TEMPERATURE (F)   24        50      1973
 MINIMUM TEMPERATURE (F)    7       -21      1980


SUNRISE AND SUNSET
DECEMBER 21 2014......SUNRISE   714 AM EST   SUNSET   346 PM EST
DECEMBER 22 2014......SUNRISE   715 AM EST   SUNSET   347 PM EST


-  INDICATES NEGATIVE NUMBERS.
R  INDICATES RECORD WAS SET OR TIED.
MM INDICATES DATA IS MISSING.
T  INDICATES TRACE AMOUNT.




$$
