000
CDUS41 KCAR 300546
CLICAR


CLIMATE REPORT
NATIONAL WEATHER SERVICE CARIBOU, ME
132 AM EDT SAT APR 30 2016


...................................

...THE CARIBOU ME CLIMATE SUMMARY FOR APRIL 29 2016...

CLIMATE NORMAL PERIOD 1981 TO 2010
CLIMATE RECORD PERIOD 1939 TO 2016


WEATHER ITEM   OBSERVED TIME   RECORD YEAR NORMAL DEPARTURE LAST
                VALUE   (LST)  VALUE       VALUE  FROM      YEAR
                                                  NORMAL
..................................................................
TEMPERATURE (F)
 YESTERDAY
  MAXIMUM         50    438 PM  75    1986  55     -5       49
  MINIMUM         18        MM   8    1947  35    -17       40
  AVERAGE         34                        45    -11       45

PRECIPITATION (IN)
  YESTERDAY        0.00          1.48 2008   0.10  -0.10      T
  MONTH TO DATE    2.80                      2.57   0.23     2.35
  SINCE MAR 1      7.50                      5.08   2.42     4.00
  SINCE JAN 1     12.97                     10.00   2.97     8.10

SNOWFALL (IN)
  YESTERDAY        0.0           4.4  1987   0.1   -0.1      0.0
  MONTH TO DATE    2.8                       7.3   -4.5      8.6
  SINCE MAR 1     30.0                      25.6    4.4     33.5
  SINCE JUL 1     90.0                     108.1  -18.1    141.8
  SNOW DEPTH       0

DEGREE DAYS
 HEATING
  YESTERDAY       26                        20      6       20
  MONTH TO DATE  844                       776     68      825
  SINCE MAR 1   2101                      2030     71     2227
  SINCE JUL 1   7843                      8751   -908     8968

 COOLING
  YESTERDAY        0                         0      0        0
  MONTH TO DATE    0                         0      0        0
  SINCE MAR 1      0                         0      0        0
  SINCE JAN 1      0                         0      0        0
..................................................................


WIND (MPH)
  HIGHEST WIND SPEED    17   HIGHEST WIND DIRECTION    NW (320)
  HIGHEST GUST SPEED    23   HIGHEST GUST DIRECTION     N (340)
  AVERAGE WIND SPEED     5.8


SKY COVER
  POSSIBLE SUNSHINE  MM
  AVERAGE SKY COVER 0.0


WEATHER CONDITIONS
 THE FOLLOWING WEATHER WAS RECORDED YESTERDAY.
  NO SIGNIFICANT WEATHER WAS OBSERVED.


RELATIVE HUMIDITY (PERCENT)
 HIGHEST    62           200 AM
 LOWEST     18           200 PM
 AVERAGE    40

..........................................................


THE CARIBOU ME CLIMATE NORMALS FOR TODAY
                         NORMAL    RECORD    YEAR
 MAXIMUM TEMPERATURE (F)   56        82      2004
 MINIMUM TEMPERATURE (F)   36        23      1943


SUNRISE AND SUNSET
APRIL 30 2016.........SUNRISE   518 AM EDT   SUNSET   742 PM EDT
MAY  1 2016...........SUNRISE   516 AM EDT   SUNSET   743 PM EDT


-  INDICATES NEGATIVE NUMBERS.
R  INDICATES RECORD WAS SET OR TIED.
MM INDICATES DATA IS MISSING.
T  INDICATES TRACE AMOUNT.




$$
