000
CDUS41 KCAR 250538
CLICAR


CLIMATE REPORT
NATIONAL WEATHER SERVICE CARIBOU, ME
1234 AM EST SAT FEB 25 2017


...................................

...THE CARIBOU ME CLIMATE SUMMARY FOR FEBRUARY 24 2017...

CLIMATE NORMAL PERIOD 1981 TO 2010
CLIMATE RECORD PERIOD 1939 TO 2017


WEATHER ITEM   OBSERVED TIME   RECORD YEAR NORMAL DEPARTURE LAST
                VALUE   (LST)  VALUE       VALUE  FROM      YEAR
                                                  NORMAL
..................................................................
TEMPERATURE (F)
 YESTERDAY
  MAXIMUM         50R   224 PM  49    1981  27     23       33
  MINIMUM         30   1159 PM -22    1977   7     23       19
  AVERAGE         40                        17     23       26

PRECIPITATION (IN)
  YESTERDAY        0.16          0.99 2016   0.09   0.07     0.99
  MONTH TO DATE    1.66                      1.88  -0.22     3.03
  SINCE DEC 1      9.31                      7.86   1.45     9.33
  SINCE JAN 1      5.11                      4.59   0.52     4.45

SNOWFALL (IN)
  YESTERDAY        T            11.6  1994   0.8   -0.8      3.5
  MONTH TO DATE   15.8                      19.1   -3.3     14.9
  SINCE DEC 1     76.4                      67.2    9.2     53.9
  SINCE JUL 1     96.6                      79.4   17.2     58.0
  SNOW DEPTH      28

DEGREE DAYS
 HEATING
  YESTERDAY       25                        48    -23       39
  MONTH TO DATE 1216                      1237    -21     1151
  SINCE DEC 1   4157                      4386   -229     3730
  SINCE JUL 1   5844                      6531   -687     5548

 COOLING
  YESTERDAY        0                         0      0        0
  MONTH TO DATE    0                         0      0        0
  SINCE DEC 1      0                         0      0        0
  SINCE JAN 1      0                         0      0        0
..................................................................


WIND (MPH)
  HIGHEST WIND SPEED    18   HIGHEST WIND DIRECTION     W (250)
  HIGHEST GUST SPEED    26   HIGHEST GUST DIRECTION     W (260)
  AVERAGE WIND SPEED     6.8


SKY COVER
  POSSIBLE SUNSHINE  MM
  AVERAGE SKY COVER 0.6


WEATHER CONDITIONS
 THE FOLLOWING WEATHER WAS RECORDED YESTERDAY.
  LIGHT RAIN
  FREEZING RAIN
  LT FREEZING RAIN
  SLEET
  FOG


RELATIVE HUMIDITY (PERCENT)
 HIGHEST    85           400 AM
 LOWEST     54           200 PM
 AVERAGE    70

..........................................................


THE CARIBOU ME CLIMATE NORMALS FOR TODAY
                         NORMAL    RECORD    YEAR
 MAXIMUM TEMPERATURE (F)   27        50      2016
 MINIMUM TEMPERATURE (F)    7       -24      1972


SUNRISE AND SUNSET
FEBRUARY 25 2017......SUNRISE   619 AM EST   SUNSET   512 PM EST
FEBRUARY 26 2017......SUNRISE   617 AM EST   SUNSET   514 PM EST


-  INDICATES NEGATIVE NUMBERS.
R  INDICATES RECORD WAS SET OR TIED.
MM INDICATES DATA IS MISSING.
T  INDICATES TRACE AMOUNT.




$$
