743
CDAK48 PAFC 071312 RRA
CLICDB

CLIMATE REPORT
NATIONAL WEATHER SERVICE ANCHORAGE, AK
411 AM AKST WED DEC 7 2016


...................................

...THE COLD BAY CLIMATE SUMMARY FOR DECEMBER 6 2016...

CLIMATE NORMAL PERIOD 1981 TO 2010
CLIMATE RECORD PERIOD 1942 TO 2016


WEATHER ITEM   OBSERVED TIME   RECORD YEAR NORMAL DEPARTURE LAST
                VALUE   (LST)  VALUE       VALUE  FROM      YEAR
                                                  NORMAL
..................................................................
TEMPERATURE (F)
 YESTERDAY
  MAXIMUM         36    301 AM  53    2013  37     -1       MM
  MINIMUM         26   1128 PM   7    1945  28     -2       MM
  AVERAGE         31                        32     -1       MM

PRECIPITATION (IN)
  YESTERDAY        0.05          1.38 1958   0.16  -0.11     0.07
  MONTH TO DATE    0.67                      0.98  -0.31     1.21
  SINCE DEC 1      0.67                      0.98  -0.31     1.21
  SINCE JAN 1     36.67                     38.19  -1.52    32.62

SNOWFALL (IN)
  YESTERDAY        T             7.5  1960   0.4   -0.4      0.0
  MONTH TO DATE    2.7                       2.4    0.3       T
  SINCE DEC 1      2.7                       2.4    0.3       T
  SINCE JUL 1      4.5                      15.0  -10.5      5.3
  SNOW DEPTH       T

DEGREE DAYS
 HEATING
  YESTERDAY       34                        33      1       MM
  MONTH TO DATE  203                       195      8      169
  SINCE DEC 1    203                       195      8      169
  SINCE JUL 1   2553                      3215   -662     2662

 COOLING
  YESTERDAY        0                         0      0       MM
  MONTH TO DATE    0                         0      0        0
  SINCE DEC 1      0                         0      0        0
  SINCE JAN 1      0                         0      0        0
..................................................................


WIND (MPH)
  RESULTANT WIND SPEED  18   RESULTANT WIND DIRECTION   N (340)
  HIGHEST WIND SPEED    29   HIGHEST WIND DIRECTION     N (350)
  HIGHEST GUST SPEED    36   HIGHEST GUST DIRECTION     N (340)
  AVERAGE WIND SPEED    19.6



WEATHER CONDITIONS
 THE FOLLOWING WEATHER WAS RECORDED YESTERDAY.
  LIGHT RAIN
  LIGHT SNOW
  FOG


RELATIVE HUMIDITY (PERCENT)
 HIGHEST    96
 LOWEST     78
 AVERAGE    87

..........................................................


THE COLD BAY CLIMATE NORMALS FOR TODAY
                         NORMAL    RECORD    YEAR
 MAXIMUM TEMPERATURE (F)   37        47      2013
 MINIMUM TEMPERATURE (F)   28         8      1999


SUNRISE AND SUNSET
DECEMBER  7 2016......SUNRISE  1003 AM AKST  SUNSET   522 PM AKST
DECEMBER  8 2016......SUNRISE  1004 AM AKST  SUNSET   522 PM AKST

CIVIL TWILIGHT
DECEMBER 7 2016         START    918 AM GMT     END    608 PM GMT
DECEMBER 8 2016         START    920 AM GMT     END    608 PM GMT



-  INDICATES NEGATIVE NUMBERS.
R  INDICATES RECORD WAS SET OR TIED.
MM INDICATES DATA IS MISSING.
T  INDICATES TRACE AMOUNT.




$$
&&
------------------------------------------------------
AMOUNT OF DAYLIGHT TODAY  (HOUR:MIN)........ 7:19
GAIN/LOSS SINCE YESTERDAY (HOUR:MIN:SEC)....-0:01:45

$$
