090
CDAK48 PAFC 241256
CLICDB


CLIMATE REPORT
NATIONAL WEATHER SERVICE ANCHORAGE, AK
355 AM AKST FRI NOV 24 2017


...................................

...THE COLD BAY CLIMATE SUMMARY FOR NOVEMBER 23 2017...

CLIMATE NORMAL PERIOD 1981 TO 2010
CLIMATE RECORD PERIOD 1942 TO 2017


WEATHER ITEM   OBSERVED TIME   RECORD YEAR NORMAL DEPARTURE LAST
                VALUE   (LST)  VALUE       VALUE  FROM      YEAR
                                                  NORMAL
..................................................................
TEMPERATURE (F)
 YESTERDAY
  MAXIMUM         38        MM  54    1981  38      0       40
  MINIMUM         32        MM  13    1998  29      3       27
                                      1986
  AVERAGE         35                        34      1       34

PRECIPITATION (IN)
  YESTERDAY        T             1.11 1946   0.18  -0.18     0.03
  MONTH TO DATE    1.42                      3.77  -2.35     2.56
  SINCE SEP 1      9.91                     13.26  -3.35    15.48
  SINCE JAN 1     29.47                     36.00  -6.53    34.78

SNOWFALL (IN)
  YESTERDAY        0.1           3.2  1960   0.4   -0.3       T
  MONTH TO DATE    0.1                       7.3   -7.2       T
  SINCE SEP 1      2.2                       9.7   -7.5      1.5
  SINCE JUL 1      2.2                       9.7   -7.5      1.5
  SNOW DEPTH       T

DEGREE DAYS
 HEATING
  YESTERDAY       30                        31     -1       31
  MONTH TO DATE  595                       689    -94      664
  SINCE SEP 1   1791                      1957   -166     1675
  SINCE JUL 1   2542                      2796   -254     2146

 COOLING
  YESTERDAY        0                         0      0        0
  MONTH TO DATE    0                         0      0        0
  SINCE SEP 1      0                         0      0        0
  SINCE JAN 1      0                         0      0        0
..................................................................


WIND (MPH)
  RESULTANT WIND SPEED  42   RESULTANT WIND DIRECTION  NW (300)
  HIGHEST WIND SPEED    58   HIGHEST WIND DIRECTION    NW (320)
  HIGHEST GUST SPEED    75   HIGHEST GUST DIRECTION     W (290)
  AVERAGE WIND SPEED    45.1



WEATHER CONDITIONS
 THE FOLLOWING WEATHER WAS RECORDED YESTERDAY.
  LIGHT RAIN
  LIGHT SNOW
  FOG


RELATIVE HUMIDITY (PERCENT)
 HIGHEST    92
 LOWEST     54
 AVERAGE    73

..........................................................


THE COLD BAY CLIMATE NORMALS FOR TODAY
                         NORMAL    RECORD    YEAR
 MAXIMUM TEMPERATURE (F)   38        52      1970
 MINIMUM TEMPERATURE (F)   29        15      1945


SUNRISE AND SUNSET
NOVEMBER 24 2017......SUNRISE   942 AM AKST  SUNSET   533 PM AKST
NOVEMBER 25 2017......SUNRISE   944 AM AKST  SUNSET   532 PM AKST


-  INDICATES NEGATIVE NUMBERS.
R  INDICATES RECORD WAS SET OR TIED.
MM INDICATES DATA IS MISSING.
T  INDICATES TRACE AMOUNT.




$$
