000
CDAK48 PACD 041256
CLICDB

CLIMATE REPORT
NATIONAL WEATHER SERVICE COLD BAY, AK
456 AM AKDT WED MAY 4 2016

...................................
...THE COLD BAY AP CLIMATE SUMMARY FOR MAY 3 2016...

CLIMATE NORMAL PERIOD  1981 TO  2010
CLIMATE RECORD PERIOD  1950 TO  2016

WEATHER ITEM   OBSERVED TIME    RECORD YEAR NORMAL DEPARTURE LAST
               VALUE    (LST)   VALUE       VALUE  FROM      YEAR
                                                   NORMAL
...................................................................
TEMPERATURE
YESTERDAY
 MAXIMUM            48  1232 PM    52  2015     43       5     52
 MINIMUM            38  1159 PM    23  2010     33       5     28
 AVERAGE            43                          38       5     40

PRECIPITATION
(INCHES)
 YESTERDAY        0.13           0.52  1988   0.07    0.06   0.00
 MONTH TO DATE    0.20                        0.22   -0.02   0.08
 SINCE MAR 1      4.43                        5.34   -0.91   5.19
 SINCE JAN 1     10.92                       11.48   -0.56   7.70

SNOWFALL
(INCHES)
 YESTERDAY         0.0            1.3  1981    0.1    -0.1    0.0
 MONTH TO DATE     0.0                         0.3    -0.3    0.0
 SINCE MAR 1       8.2                        19.9   -11.7   13.6
 SINCE JUL 1      50.1                        72.1   -22.0   22.3
 SNOW DEPTH (IN)     0                                          0

DEGREE DAYS
 HEATING
  YESTERDAY         22                          27      -5     25
  MONTH TO DATE     71                          82     -11     78
  SINCE MAR 1     1805                        2091    -286   1926
  SINCE JUL 1     7530                        8315    -785   7299

 COOLING
  YESTERDAY          0                           0       0      0
  MONTH TO DATE      0                           0       0      0
  SINCE MAR 1        0                           0       0      0
  SINCE JAN 1        0                           0       0      0
...................................................................

WIND (MPH)
 HIGHEST WIND SPEED    18     HIGHEST WIND DIRECTION    130
 HIGHEST GUST SPEED    23     HIGHEST GUST DIRECTION    130
 AVERAGE WIND SPEED  10.4

WEATHER CONDITIONS
 THE FOLLOWING WEATHER WAS RECORDED YESTERDAY.
  FOG
  RAIN

...................................................................

THE COLD BAY CLIMATE NORMALS FOR TODAY
                           NORMAL    RECORD   YEAR
 MAXIMUM TEMPERATURE (F)     43        50     2010
 MINIMUM TEMPERATURE (F)     33        23     2010

SUNRISE AND SUNSET
 MAY 4 2016..........SUNRISE  7:02 AM      SUNSET 10:35 PM
 MAY 5 2016..........SUNRISE  7:00 AM      SUNSET 10:37 PM

-  INDICATES NEGATIVE NUMBERS.
R  INDICATES RECORD HAS BEEN SET OR TIED.
MM INDICATES DATA IS MISSING.
T  INDICATES TRACE OF PRECIPITATION.

&&
-------------------------------------------------------------------

AMOUNT OF DAYLIGHT TODAY  (HOUR:MIN)........15 HOURS 33 MINUTES
GAIN SINCE YESTERDAY (HOUR:MIN:SEC).........+0:04:01

$$
RCS MAY 16
