245
CDAK48 PACD 290040
CLICDB


CLIMATE REPORT
NATIONAL WEATHER SERVICE ANCHORAGE, AK
439 PM AKDT SUN MAY 28 2017


...................................

...THE COLD BAY CLIMATE SUMMARY FOR MAY 28 2017...
VALID TODAY AS OF 0400 PM LOCAL TIME.

CLIMATE NORMAL PERIOD 1981 TO 2010
CLIMATE RECORD PERIOD 1942 TO 2017


WEATHER ITEM   OBSERVED TIME   RECORD YEAR NORMAL DEPARTURE LAST
                VALUE   (LST)  VALUE       VALUE  FROM      YEAR
                                                  NORMAL
..................................................................
TEMPERATURE (F)
 TODAY
  MAXIMUM         51    214 PM  68    2006  48      3       55
  MINIMUM         33    548 AM  30    1976  37     -4       43
  AVERAGE         42                        43     -1       49

PRECIPITATION (IN)
  TODAY            0.00          1.33 1996   0.09  -0.09     0.01
  MONTH TO DATE    1.88                      2.32  -0.44     1.59
  SINCE MAR 1      2.93                      7.44  -4.51     5.83
  SINCE JAN 1      9.91                     13.58  -3.67    12.31

SNOWFALL (IN)
  TODAY            0.0           T    2012   0.0    0.0     MM
  MONTH TO DATE    0.0                       1.3   -1.3      0.0
  SINCE MAR 1      2.9                      20.9  -18.0      0.0
  SINCE JUL 1     39.5                      73.1  -33.6     38.3
  SNOW DEPTH       0

DEGREE DAYS
 HEATING
  TODAY           23                        22      1       16
  MONTH TO DATE  648                       699    -51      531
  SINCE MAR 1   2703                      2711     -8     2144
  SINCE JUL 1   8263                      8929   -666     7360

 COOLING
  TODAY            0                         0      0        0
  MONTH TO DATE    0                         0      0        0
  SINCE MAR 1      0                         0      0        0
  SINCE JAN 1      0                         0      0        0
..................................................................


WIND (MPH)
  RESULTANT WIND SPEED  10   RESULTANT WIND DIRECTION   N (350)
  HIGHEST WIND SPEED    17   HIGHEST WIND DIRECTION     N (340)
  HIGHEST GUST SPEED    22   HIGHEST GUST DIRECTION    NW (330)
  AVERAGE WIND SPEED    10.4



WEATHER CONDITIONS
 THE FOLLOWING WEATHER WAS RECORDED TODAY.
  NO SIGNIFICANT WEATHER WAS OBSERVED.


RELATIVE HUMIDITY (PERCENT)
 HIGHEST    96
 LOWEST     66
 AVERAGE    81

..........................................................


THE COLD BAY CLIMATE NORMALS FOR TOMORROW
                         NORMAL    RECORD    YEAR
 MAXIMUM TEMPERATURE (F)   48        67      2006
 MINIMUM TEMPERATURE (F)   38        30      1972


SUNRISE AND SUNSET
MAY 28 2017...........SUNRISE   622 AM AKDT  SUNSET  1116 PM AKDT
MAY 29 2017...........SUNRISE   621 AM AKDT  SUNSET  1117 PM AKDT


-  INDICATES NEGATIVE NUMBERS.
R  INDICATES RECORD WAS SET OR TIED.
MM INDICATES DATA IS MISSING.
T  INDICATES TRACE AMOUNT.




$$
