000
CDAK48 PACD 030007
CLICDB

CLIMATE REPORT
NATIONAL WEATHER SERVICE COLD BAY, AK
407 PM AKDT WED SEP 2 2015

...................................
...THE COLD BAY AP CLIMATE SUMMARY FOR SEPTEMBER 2 2015...
VALID TODAY AS OF 2:00 PM LOCAL TIME

CLIMATE NORMAL PERIOD  1981 TO  2010
CLIMATE RECORD PERIOD  1942 TO  2015

WEATHER ITEM   OBSERVED TIME    RECORD YEAR NORMAL DEPARTURE LAST
               VALUE    (LST)   VALUE       VALUE  FROM      YEAR
                                                   NORMAL
...................................................................
TEMPERATURE
TODAY
 MAXIMUM            60  0307 PM    62  1942     55       5     60
 MINIMUM            54  0731 AM    38  1988     46       8     44
 AVERAGE            57                          51       6     52

PRECIPITATION
(INCHES)
 TODAY            0.12           0.61  1974   0.14   -0.02   0.00
 MONTH TO DATE    0.38                        0.27    0.11   0.00
 SINCE SEP 1      0.38                        0.27    0.11   0.00
 SINCE JAN 1     18.44                       23.01   -4.57  18.41

SNOWFALL
(INCHES)
 TODAY              MM            0.0  2014    0.0      MM    0.0
 MONTH TO DATE      MM                         0.0      MM    0.0
 SINCE SEP 1       0.0                         0.0     0.0    0.0
 SINCE JUL 1        MM                         0.0      MM    0.0
 SNOW DEPTH (IN)    MM                                          0

DEGREE DAYS
 HEATING
  TODAY              8                          14      -6     13
  MONTH TO DATE     24                          28      -4     27
  SINCE SEP 1       24                          28      -4     27
  SINCE JUL 1      805                         872     -67    569

 COOLING
  TODAY              0                           0       0      0
  MONTH TO DATE      0                           0       0      0
  SINCE SEP 1        0                           0       0      0
  SINCE JAN 1        0                           0       0      0
...................................................................

WIND (MPH)
 HIGHEST WIND SPEED    30     HIGHEST WIND DIRECTION    150
 HIGHEST GUST SPEED    36     HIGHEST GUST DIRECTION    150
 AVERAGE WIND SPEED    MM

WEATHER CONDITIONS
 THE FOLLOWING WEATHER WAS RECORDED TODAY.
  FOG
  RAIN
...................................................................

THE COLD BAY CLIMATE NORMALS FOR TOMORROW
                        NORMAL    RECORD   YEAR
 MAXIMUM TEMPERATURE      55        62     1970
 MINIMUM TEMPERATURE      46        37     1982

SUNRISE AND SUNSET
 SEP 2 2015..........SUNRISE  7:59 AM      SUNSET  9:42 PM
 SEP 3 2015..........SUNRISE  8:01 AM      SUNSET  9:39 PM

-  INDICATES NEGATIVE NUMBERS.
R  INDICATES RECORD HAS BEEN SET OR TIED.
MM INDICATES DATA IS MISSING.
T  INDICATES TRACE OF PRECIPITATION.

&&
-------------------------------------------------------------------

AMOUNT OF DAYLIGHT TODAY  (HOUR:MIN)........13 HOURS 43 MINUTES
LOSS SINCE YESTERDAY  (HOUR:MIN:SEC)........-0:04:24

$$
DAB SEP 15
