000
CDAK48 PACD 231204
CLICDB

CLIMATE REPORT
NATIONAL WEATHER SERVICE COLD BAY, AK
404 AM AKDT WED JUL 23 2014

...................................
...THE COLD BAY AP CLIMATE SUMMARY FOR JULY 22 2014...

CLIMATE NORMAL PERIOD  1981 TO  2010
CLIMATE RECORD PERIOD  1955 TO  2014

WEATHER ITEM   OBSERVED TIME    RECORD YEAR NORMAL DEPARTURE LAST
               VALUE    (LST)   VALUE       VALUE  FROM      YEAR
                                                   NORMAL
...................................................................
TEMPERATURE
YESTERDAY
 MAXIMUM            62  0418 PM    67  1980     56       6     56
 MINIMUM            52  0649 AM    41  2000     47       5     50
 AVERAGE            57                          52       5     53

PRECIPITATION
(INCHES)
 YESTERDAY        0.12           1.15  1982   0.09    0.03   0.22
 MONTH TO DATE    1.62                        1.69   -0.07   2.84
 SINCE JUN 1      2.67                        4.41   -1.74   5.66
 SINCE JAN 1     14.65                       18.27   -3.62  19.57

SNOWFALL
(INCHES)
 YESTERDAY         0.0            0.0  2014    0.0     0.0    0.0
 MONTH TO DATE     0.0                         0.0     0.0    0.0
 SINCE JUN 1       0.0                         0.0     0.0    0.0
 SINCE JUL 1       0.0                         0.0     0.0    0.0
 SNOW DEPTH (IN)     0                                          0

DEGREE DAYS
 HEATING
  YESTERDAY          8                          13      -5     12
  MONTH TO DATE    204                         321    -117    268
  SINCE JUN 1      649                         883    -234    777
  SINCE JUL 1      204                         321    -117    268

 COOLING
  YESTERDAY          0                           0       0      0
  MONTH TO DATE      0                           0       0      0
  SINCE JUN 1        0                           0       0      0
  SINCE JAN 1        0                           0       0      0
...................................................................

WIND (MPH)
 HIGHEST WIND SPEED    25     HIGHEST WIND DIRECTION    270
 HIGHEST GUST SPEED    30     HIGHEST GUST DIRECTION    270
 AVERAGE WIND SPEED  13.7


WEATHER CONDITIONS
 THE FOLLOWING WEATHER WAS RECORDED YESTERDAY.
  FOG
  RAIN

...................................................................

THE COLD BAY CLIMATE NORMALS FOR TODAY
                           NORMAL    RECORD   YEAR
 MAXIMUM TEMPERATURE (F)     56        66     1977
 MINIMUM TEMPERATURE (F)     47        38     2000

SUNRISE AND SUNSET
 JUL 23 2014..........SUNRISE  6:44 AM      SUNSET 11:11 PM
 JUL 24 2014..........SUNRISE  6:46 AM      SUNSET 11:09 PM

-  INDICATES NEGATIVE NUMBERS.
R  INDICATES RECORD HAS BEEN SET OR TIED.
MM INDICATES DATA IS MISSING.
T  INDICATES TRACE OF PRECIPITATION.

&&
-------------------------------------------------------------------

AMOUNT OF DAYLIGHT TODAY  (HOUR:MIN)........16 HOURS 27 MINUTES
LOSS SINCE YESTERDAY (HOUR:MIN:SEC)....-0:03:14

$$

RCS JUL 14
