000
CDAK48 PACD 061154
CLICDB

CLIMATE REPORT
NATIONAL WEATHER SERVICE COLD BAY, AK
254 AM AKST FRI MAR 6 2015

...................................
...THE COLD BAY AP CLIMATE SUMMARY FOR MARCH 5 2015...

CLIMATE NORMAL PERIOD  1981 TO  2010
CLIMATE RECORD PERIOD  1942 TO  2015

WEATHER ITEM   OBSERVED TIME    RECORD YEAR NORMAL DEPARTURE LAST
               VALUE    (LST)   VALUE       VALUE  FROM      YEAR
                                                   NORMAL
...................................................................
TEMPERATURE
YESTERDAY
 MAXIMUM            40  0407 PM    45  1955     35       5     41
 MINIMUM            29  0909 AM    -2  1994     25       4     30
 AVERAGE            35                          30       5     36

PRECIPITATION
(INCHES)
 YESTERDAY        0.02           0.68  1991   0.09   -0.07      T
 MONTH TO DATE    0.32                        0.49   -0.17      T
 SINCE MAR 1      0.32                        0.49   -0.17   0.00
 SINCE JAN 1      2.83                        6.63   -3.80   8.45

SNOWFALL
(INCHES)
 YESTERDAY         0.2            5.6  2010    0.5    -0.3    0.0
 MONTH TO DATE     0.4                         2.2    -1.8    0.0
 SINCE MAR 1       0.4                         2.2    -1.8    0.0
 SINCE JUL 1       9.1                        54.4   -45.3   29.1
 SNOW DEPTH (IN)     T                                          0

DEGREE DAYS
 HEATING
  YESTERDAY         30                          35      -5     29
  MONTH TO DATE    141                         175     -34    132
  SINCE MAR 1      141                         175     -34    132
  SINCE JUL 1     5514                        6399    -885   5276

 COOLING
  YESTERDAY          0                           0       0      0
  MONTH TO DATE      0                           0       0      0
  SINCE MAR 1        0                           0       0      0
  SINCE JAN 1        0                           0       0      0
...................................................................

WIND (MPH)
 HIGHEST WIND SPEED    23     HIGHEST WIND DIRECTION    310
 HIGHEST GUST SPEED    28     HIGHEST GUST DIRECTION    290
 AVERAGE WIND SPEED  11.5


WEATHER CONDITIONS
 THE FOLLOWING WEATHER WAS RECORDED YESTERDAY.
  FOG
  RAIN
  SNOW

...................................................................

THE COLD BAY CLIMATE NORMALS FOR TODAY
                           NORMAL    RECORD   YEAR
 MAXIMUM TEMPERATURE (F)     35        44     1963
 MINIMUM TEMPERATURE (F)     25        -3     1956

SUNRISE AND SUNSET
 MAR 6 2015..........SUNRISE  8:29 AM      SUNSET  7:37 PM
 MAR 7 2015..........SUNRISE  8:27 AM      SUNSET  7:39 PM

-  INDICATES NEGATIVE NUMBERS.
R  INDICATES RECORD HAS BEEN SET OR TIED.
MM INDICATES DATA IS MISSING.
T  INDICATES TRACE OF PRECIPITATION.

&&
-------------------------------------------------------------------

AMOUNT OF DAYLIGHT TODAY  (HOUR:MIN)........11 HOURS 8 MINUTES
GAIN SINCE YESTERDAY (HOUR:MIN:SEC).........+0:04:31

$$

RCS MAR 15
