000
CDAK48 PACD 101218
CLICDB

CLIMATE REPORT
NATIONAL WEATHER SERVICE COLD BAY, AK
558 AM AKDT THU JUL 10 2014

...................................
...THE COLD BAY AP CLIMATE SUMMARY FOR JULY 9 2014...

CLIMATE NORMAL PERIOD  1981 TO  2010
CLIMATE RECORD PERIOD  1955 TO  2014

WEATHER ITEM   OBSERVED TIME    RECORD YEAR NORMAL DEPARTURE LAST
               VALUE    (LST)   VALUE       VALUE  FROM      YEAR
                                                   NORMAL
...................................................................
TEMPERATURE
YESTERDAY
 MAXIMUM            58  1237 PM    67  1971     55       3     59
 MINIMUM            49  0550 AM    40  1956     46       3     46
 AVERAGE            54                          50       4     53

PRECIPITATION
(INCHES)
 YESTERDAY           T           1.06  1975   0.07   -0.07   0.02
 MONTH TO DATE    0.37                        0.67   -0.30   1.01
 SINCE JUN 1      1.42                        3.39   -1.97   3.83
 SINCE JAN 1     13.40                       17.25   -3.85  17.74

SNOWFALL
(INCHES)
 YESTERDAY         0.0            0.0  2014    0.0     0.0    0.0
 MONTH TO DATE     0.0                         0.0     0.0    0.0
 SINCE JUN 1       0.0                         0.0     0.0    0.0
 SINCE JUL 1       0.0                         0.0     0.0    0.0
 SNOW DEPTH (IN)     0                                          0

DEGREE DAYS
 HEATING
  YESTERDAY         11                          15      -4     12
  MONTH TO DATE     84                         138     -54    137
  SINCE JUN 1      529                         700    -171    646
  SINCE JUL 1       84                         138     -54    137

 COOLING
  YESTERDAY          0                           0       0      0
  MONTH TO DATE      0                           0       0      0
  SINCE JUN 1        0                           0       0      0
  SINCE JAN 1        0                           0       0      0
...................................................................

WIND (MPH)
 HIGHEST WIND SPEED    14     HIGHEST WIND DIRECTION    320
 HIGHEST GUST SPEED    16     HIGHEST GUST DIRECTION    330
 AVERAGE WIND SPEED   7.3

WEATHER CONDITIONS
 THE FOLLOWING WEATHER WAS RECORDED YESTERDAY.
 RAIN
...................................................................

THE COLD BAY CLIMATE NORMALS FOR TODAY
                           NORMAL    RECORD   YEAR
 MAXIMUM TEMPERATURE (F)     55        70     2004
 MINIMUM TEMPERATURE (F)     46        39     1982

SUNRISE AND SUNSET
 JUL 10 2014..........SUNRISE  6:25 AM      SUNSET 11:28 PM
 JUL 11 2014..........SUNRISE  6:26 AM      SUNSET 11:27 PM

-  INDICATES NEGATIVE NUMBERS.
R  INDICATES RECORD HAS BEEN SET OR TIED.
MM INDICATES DATA IS MISSING.
T  INDICATES TRACE OF PRECIPITATION.

&&
-------------------------------------------------------------------

AMOUNT OF DAYLIGHT TODAY  (HOUR:MIN)........17 HOURS 3 MINUTES
LOSS SINCE YESTERDAY (HOUR:MIN:SEC)....-0:02:11

$$
STACY
