000
CDAK48 PAFC 281255
CLICDB

CLIMATE REPORT
NATIONAL WEATHER SERVICE ANCHORAGE, AK
453 AM AKDT WED SEP 28 2016


...................................

...THE COLD BAY CLIMATE SUMMARY FOR SEPTEMBER 27 2016...

CLIMATE NORMAL PERIOD 1981 TO 2010
CLIMATE RECORD PERIOD 1942 TO 2016


WEATHER ITEM   OBSERVED TIME   RECORD YEAR NORMAL DEPARTURE LAST
                VALUE   (LST)  VALUE       VALUE  FROM      YEAR
                                                  NORMAL
..................................................................
TEMPERATURE (F)
 YESTERDAY
  MAXIMUM         56   1213 PM  62    2015  50      6       62
  MINIMUM         39    549 AM  30    1954  40     -1       50
  AVERAGE         48                        45      3       56

PRECIPITATION (IN)
  YESTERDAY        0.00          1.10 1959   0.17  -0.17     0.06
  MONTH TO DATE    3.84                      4.24  -0.40     3.59
  SINCE SEP 1      3.84                      4.24  -0.40     3.59
  SINCE JAN 1     23.13                     26.98  -3.85    21.47

SNOWFALL (IN)
  YESTERDAY        0.0          MM      MM   0.0    0.0      0.0
  MONTH TO DATE    0.0                       0.0    0.0      0.0
  SINCE SEP 1      0.0                       0.0    0.0      0.0
  SINCE JUL 1      0.0                       0.0    0.0      0.0
  SNOW DEPTH       0

DEGREE DAYS
 HEATING
  YESTERDAY       17                        20     -3        9
  MONTH TO DATE  342                       447   -105      320
  SINCE SEP 1    342                       447   -105      320
  SINCE JUL 1    813                      1286   -473     1044

 COOLING
  YESTERDAY        0                         0      0        0
  MONTH TO DATE    0                         0      0        0
  SINCE SEP 1      0                         0      0        0
  SINCE JAN 1      0                         0      0        0
..................................................................


WIND (MPH)
  RESULTANT WIND SPEED   6   RESULTANT WIND DIRECTION   W (280)
  HIGHEST WIND SPEED    16   HIGHEST WIND DIRECTION     W (280)
  HIGHEST GUST SPEED    20   HIGHEST GUST DIRECTION     W (280)
  AVERAGE WIND SPEED     6.4



WEATHER CONDITIONS
 THE FOLLOWING WEATHER WAS RECORDED YESTERDAY.
  NO SIGNIFICANT WEATHER WAS OBSERVED.


RELATIVE HUMIDITY (PERCENT)
 HIGHEST   100
 LOWEST     66
 AVERAGE    83

..........................................................


THE COLD BAY CLIMATE NORMALS FOR TODAY
                         NORMAL    RECORD    YEAR
 MAXIMUM TEMPERATURE (F)   50        56      1983
                                             1954
 MINIMUM TEMPERATURE (F)   40        27      1970


SUNRISE AND SUNSET
SEPTEMBER 28 2016.....SUNRISE   849 AM AKDT  SUNSET   832 PM AKDT
SEPTEMBER 29 2016.....SUNRISE   851 AM AKDT  SUNSET   830 PM AKDT

CIVIL TWILIGHT
SEPTEMBER 28 2016       START   718 AM AKDT     END   822 PM AKDT
SEPTEMBER 29 2016       START   721 AM AKDT     END   819 PM AKDT



-  INDICATES NEGATIVE NUMBERS.
R  INDICATES RECORD WAS SET OR TIED.
MM INDICATES DATA IS MISSING.
T  INDICATES TRACE AMOUNT.




$$
&&
------------------------------------------------------
AMOUNT OF DAYLIGHT TODAY  (HOUR:MIN)........11:43
GAIN/LOSS SINCE YESTERDAY (HOUR:MIN:SEC)....-0:05:39

$$
