000
CDAK48 PACD 271125
CLICDB

CLIMATE REPORT
NATIONAL WEATHER SERVICE COLD BAY, AK
225 AM AKST SAT DEC 27 2014

...................................
...THE COLD BAY AP CLIMATE SUMMARY FOR DECEMBER 26 2014...

CLIMATE NORMAL PERIOD  1981 TO  2010
CLIMATE RECORD PERIOD  1942 TO  2014

WEATHER ITEM   OBSERVED TIME    RECORD YEAR NORMAL DEPARTURE LAST
               VALUE    (LST)   VALUE       VALUE  FROM      YEAR
                                                   NORMAL
...................................................................
TEMPERATURE
YESTERDAY
 MAXIMUM            40  0938 PM    44  1990     35       5     42
 MINIMUM            31  1203 AM     5  1942     25       6     38
 AVERAGE            36                          30       6     40

PRECIPITATION
(INCHES)
 YESTERDAY        0.00           2.44  1978   0.12   -0.12      T
 MONTH TO DATE    1.98                        3.84   -1.86   3.54
 SINCE DEC 1      1.98                        3.84   -1.86   3.54
 SINCE JAN 1     32.87                       41.05   -8.18  45.66

SNOWFALL
(INCHES)
 YESTERDAY         0.0            6.1  2004    0.4    -0.4    0.0
 MONTH TO DATE     2.3                        10.3    -8.0    7.0
 SINCE DEC 1       2.3                        10.3    -8.0    7.0
 SINCE JUL 1       6.2                        22.9   -16.7   10.6
 SNOW DEPTH (IN)     0                                          0

DEGREE DAYS
 HEATING
  YESTERDAY         29                          35      -6     25
  MONTH TO DATE    817                         874     -57    702
  SINCE DEC 1      817                         874     -57    702
  SINCE JUL 1     3329                        3900    -571   3218

 COOLING
  YESTERDAY          0                           0       0      0
  MONTH TO DATE      0                           0       0      0
  SINCE DEC 1        0                           0       0      0
  SINCE JAN 1        0                           0       0      0
...................................................................

WIND (MPH)
 HIGHEST WIND SPEED    44     HIGHEST WIND DIRECTION    160
 HIGHEST GUST SPEED    52     HIGHEST GUST DIRECTION    160
 AVERAGE WIND SPEED  20.6


WEATHER CONDITIONS
 THE FOLLOWING WEATHER WAS RECORDED YESTERDAY.
  NO SIGNIFICANT WEATHER WAS OBSERVED.


...................................................................

THE COLD BAY CLIMATE NORMALS FOR TODAY
                           NORMAL    RECORD   YEAR
 MAXIMUM TEMPERATURE (F)     34        45     2013
 MINIMUM TEMPERATURE (F)     25         2     1986

SUNRISE AND SUNSET
 DEC 27 2014..........SUNRISE 10:18 AM      SUNSET  5:28 PM
 DEC 28 2014..........SUNRISE 10:18 AM      SUNSET  5:28 PM

-  INDICATES NEGATIVE NUMBERS.
R  INDICATES RECORD HAS BEEN SET OR TIED.
MM INDICATES DATA IS MISSING.
T  INDICATES TRACE OF PRECIPITATION.

&&
-------------------------------------------------------------------

AMOUNT OF DAYLIGHT TODAY  (HOUR:MIN)........7 HOURS 10 MINUTES
GAIN SINCE YESTERDAY (HOUR:MIN:SEC).........+0:00:43

$$
JEG DEC 14
