000
CDUS45 KSLC 271227
CLICDC


CLIMATE REPORT
NATIONAL WEATHER SERVICE SALT LAKE CITY UT
627 AM MDT TUE JUN 27 2017


...................................

...THE CEDAR CITY UT CLIMATE SUMMARY FOR JUNE 26 2017...

CLIMATE NORMAL PERIOD 1981 TO 2010
CLIMATE RECORD PERIOD 1928 TO 2017


WEATHER ITEM   OBSERVED TIME   RECORD YEAR NORMAL DEPARTURE LAST
                VALUE   (LST)  VALUE       VALUE  FROM      YEAR
                                                  NORMAL
..................................................................
TEMPERATURE (F)
 YESTERDAY
  MAXIMUM         95    223 PM 101    1970  87      8       96
  MINIMUM         54    538 AM  35    1985  52      2       50
  AVERAGE         75                        69      6       73

PRECIPITATION (IN)
  YESTERDAY        0.00          0.65 1954   0.01  -0.01     0.00
  MONTH TO DATE    0.00                      0.48  -0.48     0.04
  SINCE OCT 1      8.25                      8.63  -0.38     7.98
  SINCE JAN 1      5.42                      5.52  -0.10     4.42

DEGREE DAYS
 HEATING
  YESTERDAY        0                         1     -1        0
  MONTH TO DATE   23                        74    -51        4
  SINCE JUN 1     23                        74    -51        4
  SINCE JUL 1   5447                      6253   -806     5879

 COOLING
  YESTERDAY       10                         5      5        8
  MONTH TO DATE  165                        71     94      186
  SINCE JUN 1    165                        71     94      186
  SINCE JAN 1    170                        79     91      189
..................................................................


WIND (MPH)
  RESULTANT WIND SPEED  10   RESULTANT WIND DIRECTION  SW (210)
  HIGHEST WIND SPEED    31   HIGHEST WIND DIRECTION    SW (220)
  HIGHEST GUST SPEED    42   HIGHEST GUST DIRECTION    SW (230)
  AVERAGE WIND SPEED    11.6



WEATHER CONDITIONS
 THE FOLLOWING WEATHER WAS RECORDED YESTERDAY.
  NO SIGNIFICANT WEATHER WAS OBSERVED.


RELATIVE HUMIDITY (PERCENT)
 HIGHEST    36           500 AM
 LOWEST      5           600 PM
 AVERAGE    21

..........................................................


THE CEDAR CITY UT CLIMATE NORMALS FOR TODAY
                         NORMAL    RECORD    YEAR
 MAXIMUM TEMPERATURE (F)   87       100      2016
 MINIMUM TEMPERATURE (F)   52        40      1965


SUNRISE AND SUNSET
JUNE 27 2017..........SUNRISE   613 AM MDT   SUNSET   858 PM MDT
JUNE 28 2017..........SUNRISE   613 AM MDT   SUNSET   858 PM MDT


-  INDICATES NEGATIVE NUMBERS.
R  INDICATES RECORD WAS SET OR TIED.
MM INDICATES DATA IS MISSING.
T  INDICATES TRACE AMOUNT.




$$
