000
CDUS45 KSLC 011227
CLICDC


CLIMATE REPORT
NATIONAL WEATHER SERVICE SALT LAKE CITY UT
527 AM MST WED MAR 1 2017


...................................

...THE CEDAR CITY UT CLIMATE SUMMARY FOR FEBRUARY 28 2017...

CLIMATE NORMAL PERIOD 1981 TO 2010
CLIMATE RECORD PERIOD 1928 TO 2017


WEATHER ITEM   OBSERVED TIME   RECORD YEAR NORMAL DEPARTURE LAST
                VALUE   (LST)  VALUE       VALUE  FROM      YEAR
                                                  NORMAL
..................................................................
TEMPERATURE (F)
 YESTERDAY
  MAXIMUM         41    416 PM  70    1972  50     -9       61
  MINIMUM         20   1126 PM -16    1962  23     -3       30
  AVERAGE         31                        37     -6       46

PRECIPITATION (IN)
  YESTERDAY        T             0.47 2000   0.04  -0.04     0.00
                                      2000
                                      2015
  MONTH TO DATE    0.64                      1.00  -0.36     0.37
  SINCE OCT 1      4.55                      4.97  -0.42     5.03
  SINCE JAN 1      1.72                      1.86  -0.14     1.47

DEGREE DAYS
 HEATING
  YESTERDAY       34                        28      6       19
  MONTH TO DATE  697                       885   -188      912
  SINCE DEC 1   2924                      3120   -196     3164
  SINCE JUL 1   4021                      4562   -541     4396

 COOLING
  YESTERDAY        0                         0      0        0
  MONTH TO DATE    0                         0      0        0
  SINCE DEC 1      0                         0      0        0
  SINCE JAN 1      0                         0      0        0
..................................................................


WIND (MPH)
  RESULTANT WIND SPEED   4   RESULTANT WIND DIRECTION  NW (310)
  HIGHEST WIND SPEED    17   HIGHEST WIND DIRECTION     W (290)
  HIGHEST GUST SPEED    22   HIGHEST GUST DIRECTION    NW (300)
  AVERAGE WIND SPEED     5.0



WEATHER CONDITIONS
 THE FOLLOWING WEATHER WAS RECORDED YESTERDAY.
  LIGHT SNOW
  FOG


RELATIVE HUMIDITY (PERCENT)
 HIGHEST    96           800 AM
 LOWEST     27           300 PM
 AVERAGE    62

..........................................................


THE CEDAR CITY UT CLIMATE NORMALS FOR TODAY
                         NORMAL    RECORD    YEAR
 MAXIMUM TEMPERATURE (F)   50        70      1986
 MINIMUM TEMPERATURE (F)   24         3      1962


SUNRISE AND SUNSET
MARCH  1 2017.........SUNRISE   703 AM MST   SUNSET   626 PM MST
MARCH  2 2017.........SUNRISE   702 AM MST   SUNSET   627 PM MST


-  INDICATES NEGATIVE NUMBERS.
R  INDICATES RECORD WAS SET OR TIED.
MM INDICATES DATA IS MISSING.
T  INDICATES TRACE AMOUNT.




$$
