000
CDUS45 KSLC 211226
CLICDC


CLIMATE REPORT
NATIONAL WEATHER SERVICE SALT LAKE CITY UT
526 AM MST FRI NOV 21 2014


...................................

...THE CEDAR CITY UT CLIMATE SUMMARY FOR NOVEMBER 20 2014...

CLIMATE NORMAL PERIOD 1981 TO 2010
CLIMATE RECORD PERIOD 1928 TO 2014


WEATHER ITEM   OBSERVED TIME   RECORD YEAR NORMAL DEPARTURE LAST
                VALUE   (LST)  VALUE       VALUE  FROM      YEAR
                                                  NORMAL
..................................................................
TEMPERATURE (F)
 YESTERDAY
  MAXIMUM         55    311 PM  67    2006  50      5       48
  MINIMUM         28    742 AM  -7    1956  22      6       28
  AVERAGE         42                        36      6       38

PRECIPITATION (IN)
  YESTERDAY        0.00          0.18 1990   0.03  -0.03     0.01
  MONTH TO DATE    1.09                      0.65   0.44     0.10
  SINCE OCT 1      1.31                      1.99  -0.68     0.57
  SINCE JAN 1      8.99                     10.19  -1.20    13.61

DEGREE DAYS
 HEATING
  YESTERDAY       23                        29     -6       27
  MONTH TO DATE  519                       507     12      465
  SINCE SEP 1    935                      1117   -182     1216
  SINCE JUL 1    941                      1126   -185     1219

 COOLING
  YESTERDAY        0                         0      0        0
  MONTH TO DATE    0                         0      0        0
  SINCE SEP 1     61                        39     22       35
  SINCE JAN 1    607                       588     19      667
..................................................................


WIND (MPH)
  RESULTANT WIND SPEED   4   RESULTANT WIND DIRECTION   S (180)
  HIGHEST WIND SPEED    13   HIGHEST WIND DIRECTION    SW (210)
  HIGHEST GUST SPEED    17   HIGHEST GUST DIRECTION     S (200)
  AVERAGE WIND SPEED     5.5



WEATHER CONDITIONS
 THE FOLLOWING WEATHER WAS RECORDED YESTERDAY.
  NO SIGNIFICANT WEATHER WAS OBSERVED.


RELATIVE HUMIDITY (PERCENT)
 HIGHEST    63           800 AM
 LOWEST     21          1200 PM
 AVERAGE    42

..........................................................


THE CEDAR CITY UT CLIMATE NORMALS FOR TODAY
                         NORMAL    RECORD    YEAR
 MAXIMUM TEMPERATURE (F)   49        67      1995
 MINIMUM TEMPERATURE (F)   21         3      1956


SUNRISE AND SUNSET
NOVEMBER 21 2014......SUNRISE   719 AM MST   SUNSET   517 PM MST
NOVEMBER 22 2014......SUNRISE   720 AM MST   SUNSET   517 PM MST


-  INDICATES NEGATIVE NUMBERS.
R  INDICATES RECORD WAS SET OR TIED.
MM INDICATES DATA IS MISSING.
T  INDICATES TRACE AMOUNT.




$$
