000
CDUS45 KSLC 010017
CLICDC


CLIMATE REPORT
NATIONAL WEATHER SERVICE SALT LAKE CITY UT
517 PM MST SAT FEB 28 2015


...................................

...THE CEDAR CITY UT CLIMATE SUMMARY FOR FEBRUARY 28 2015...
VALID TODAY AS OF 0500 PM LOCAL TIME.

CLIMATE NORMAL PERIOD 1981 TO 2010
CLIMATE RECORD PERIOD 1928 TO 2015


WEATHER ITEM   OBSERVED TIME   RECORD YEAR NORMAL DEPARTURE LAST
                VALUE   (LST)  VALUE       VALUE  FROM      YEAR
                                                  NORMAL
..................................................................
TEMPERATURE (F)
 TODAY
  MAXIMUM         36    338 AM  70    1972  50    -14       50
  MINIMUM         30   1201 AM -16    1962  23      7       30
  AVERAGE         33                        37     -4       40

PRECIPITATION (IN)
  TODAY            0.47R         0.47 2000   0.04   0.43     0.18
  MONTH TO DATE    1.39                      1.00   0.39     0.50
  SINCE OCT 1      4.05                      4.97  -0.92     2.88
  SINCE JAN 1      1.92                      1.86   0.06     0.94

DEGREE DAYS
 HEATING
  TODAY           32                        28      4       25
  MONTH TO DATE  697                       885   -188      756
  SINCE DEC 1   2645                      3120   -475     3059
  SINCE JUL 1   3836                      4562   -726     4587

 COOLING
  TODAY            0                         0      0        0
  MONTH TO DATE    0                         0      0        0
  SINCE DEC 1      0                         0      0        0
  SINCE JAN 1      0                         0      0        0
..................................................................


WIND (MPH)
  RESULTANT WIND SPEED   4   RESULTANT WIND DIRECTION   S (180)
  HIGHEST WIND SPEED    21   HIGHEST WIND DIRECTION     S (170)
  HIGHEST GUST SPEED    24   HIGHEST GUST DIRECTION     S (170)
  AVERAGE WIND SPEED     6.8



WEATHER CONDITIONS
 THE FOLLOWING WEATHER WAS RECORDED TODAY.
  HEAVY SNOW
  SNOW
  LIGHT SNOW
  FOG
  FOG W/VISIBILITY <= 1/4 MILE


RELATIVE HUMIDITY (PERCENT)
 HIGHEST    96           300 PM
 LOWEST     64           100 AM
 AVERAGE    80

..........................................................


THE CEDAR CITY UT CLIMATE NORMALS FOR TOMORROW
                         NORMAL    RECORD    YEAR
 MAXIMUM TEMPERATURE (F)   50        70      1986
 MINIMUM TEMPERATURE (F)   24         3      1962


SUNRISE AND SUNSET
FEBRUARY 28 2015......SUNRISE   705 AM MST   SUNSET   625 PM MST
MARCH  1 2015.........SUNRISE   704 AM MST   SUNSET   626 PM MST


-  INDICATES NEGATIVE NUMBERS.
R  INDICATES RECORD WAS SET OR TIED.
MM INDICATES DATA IS MISSING.
T  INDICATES TRACE AMOUNT.




$$
