000
CDUS45 KSLC 171226
CLICDC


CLIMATE REPORT
NATIONAL WEATHER SERVICE SALT LAKE CITY UT
625 AM MDT THU AUG 17 2017


...................................

...THE CEDAR CITY UT CLIMATE SUMMARY FOR AUGUST 16 2017...

CLIMATE NORMAL PERIOD 1981 TO 2010
CLIMATE RECORD PERIOD 1928 TO 2017


WEATHER ITEM   OBSERVED TIME   RECORD YEAR NORMAL DEPARTURE LAST
                VALUE   (LST)  VALUE       VALUE  FROM      YEAR
                                                  NORMAL
..................................................................
TEMPERATURE (F)
 YESTERDAY
  MAXIMUM         87    236 PM  97    2002  88     -1       93
  MINIMUM         49    630 AM  45    2009  55     -6       58
                                      1954
  AVERAGE         68                        71     -3       76

PRECIPITATION (IN)
  YESTERDAY        0.00          1.14 1983   0.04  -0.04     0.00
  MONTH TO DATE    0.89                      0.63   0.26     0.88
  SINCE OCT 1     10.39                     10.15   0.24    10.21
  SINCE JAN 1      7.56                      7.04   0.52     6.65

DEGREE DAYS
 HEATING
  YESTERDAY        0                         0      0        0
  MONTH TO DATE    0                         0      0        0
  SINCE JUN 1     23                        79    -56        4
  SINCE JUL 1      0                         3     -3        0

 COOLING
  YESTERDAY        3                         6     -3       11
  MONTH TO DATE  125                       120      5      145
  SINCE JUN 1    672                       465    207      713
  SINCE JAN 1    677                       473    204      716
..................................................................


WIND (MPH)
  RESULTANT WIND SPEED   1   RESULTANT WIND DIRECTION  SE (120)
  HIGHEST WIND SPEED    16   HIGHEST WIND DIRECTION    NE (40)
  HIGHEST GUST SPEED    22   HIGHEST GUST DIRECTION    NE (40)
  AVERAGE WIND SPEED     4.6



WEATHER CONDITIONS
 THE FOLLOWING WEATHER WAS RECORDED YESTERDAY.
  NO SIGNIFICANT WEATHER WAS OBSERVED.


RELATIVE HUMIDITY (PERCENT)
 HIGHEST    61           500 AM
 LOWEST     14           300 PM
 AVERAGE    38

..........................................................


THE CEDAR CITY UT CLIMATE NORMALS FOR TODAY
                         NORMAL    RECORD    YEAR
 MAXIMUM TEMPERATURE (F)   87        97      2002
 MINIMUM TEMPERATURE (F)   55        40      1960


SUNRISE AND SUNSET
AUGUST 17 2017........SUNRISE   650 AM MDT   SUNSET   822 PM MDT
AUGUST 18 2017........SUNRISE   651 AM MDT   SUNSET   821 PM MDT


-  INDICATES NEGATIVE NUMBERS.
R  INDICATES RECORD WAS SET OR TIED.
MM INDICATES DATA IS MISSING.
T  INDICATES TRACE AMOUNT.




$$
