000
CDUS45 KCYS 200729
CLICDR


CLIMATE REPORT
NATIONAL WEATHER SERVICE CHEYENNE WY
129 AM MDT MON OCT 20 2014


...................................

...THE CHADRON NE AIRPORT CLIMATE SUMMARY FOR OCTOBER 19 2014...

CLIMATE NORMAL PERIOD 1981 TO 2010
CLIMATE RECORD PERIOD 1895 TO 2014


WEATHER ITEM   OBSERVED TIME   RECORD YEAR NORMAL DEPARTURE LAST
                VALUE   (LST)  VALUE       VALUE  FROM      YEAR
                                                  NORMAL
..................................................................
TEMPERATURE (F)
 YESTERDAY
  MAXIMUM         74    351 PM  90    1947  63     11       62
  MINIMUM         36    639 AM  12    1925  30      6       34
  AVERAGE         55                        46      9       48

PRECIPITATION (IN)
  YESTERDAY        0.00          0.93 1919   0.05  -0.05     0.00
  MONTH TO DATE    0.36                      0.90  -0.54     3.48
  SINCE JAN 1     18.58                     16.50   2.08    18.53

DEGREE DAYS
 HEATING
  YESTERDAY       10                        19     -9       17
  MONTH TO DATE  231                       288    -57      373
  SINCE SEP 1    381                       469    -88      463
  SINCE JUL 1    395                       499   -104      463

 COOLING
  YESTERDAY        0                         0      0        0
  MONTH TO DATE    0                         0      0        0
  SINCE SEP 1     62                        63     -1      149
  SINCE JAN 1    647                       710    -63      917
..................................................................


WIND (MPH)
  HIGHEST WIND SPEED    10   HIGHEST WIND DIRECTION    SW (230)
  HIGHEST GUST SPEED    11   HIGHEST GUST DIRECTION    SW (230)
  AVERAGE WIND SPEED     3.4


SKY COVER
  AVERAGE SKY COVER 0.0


WEATHER CONDITIONS
 THE FOLLOWING WEATHER WAS RECORDED YESTERDAY.
  NO SIGNIFICANT WEATHER WAS OBSERVED.


RELATIVE HUMIDITY (PERCENT)
 HIGHEST    92           400 AM
 LOWEST     29           200 PM
 AVERAGE    61

..........................................................


THE CHADRON NE AIRPORT CLIMATE NORMALS FOR TODAY
                         NORMAL    RECORD    YEAR
 MAXIMUM TEMPERATURE (F)   62        87      1947
 MINIMUM TEMPERATURE (F)   30        14      1982


SUNRISE AND SUNSET
OCTOBER 20 2014.......SUNRISE   712 AM MDT   SUNSET   602 PM MDT
OCTOBER 21 2014.......SUNRISE   713 AM MDT   SUNSET   600 PM MDT


-  INDICATES NEGATIVE NUMBERS.
R  INDICATES RECORD WAS SET OR TIED.
MM INDICATES DATA IS MISSING.
T  INDICATES TRACE AMOUNT.




$$
