000
CDUS45 KCYS 270735
CLICDR


CLIMATE REPORT
NATIONAL WEATHER SERVICE CHEYENNE WY
134 AM MDT SAT AUG 27 2016


...................................

...THE CHADRON NE AIRPORT CLIMATE SUMMARY FOR AUGUST 26 2016...

CLIMATE NORMAL PERIOD 1981 TO 2010
CLIMATE RECORD PERIOD 1895 TO 2016


WEATHER ITEM   OBSERVED TIME   RECORD YEAR NORMAL DEPARTURE LAST
                VALUE   (LST)  VALUE       VALUE  FROM      YEAR
                                                  NORMAL
..................................................................
TEMPERATURE (F)
 YESTERDAY
  MAXIMUM         75    451 PM 103    2010  87    -12      102
  MINIMUM         54    608 AM  42    1992  53      1       54
                                      1967
                                      1960
  AVERAGE         65                        70     -5       78

PRECIPITATION (IN)
  YESTERDAY        0.68          1.11 1978   0.05   0.63     0.02
  MONTH TO DATE    1.49                      1.31   0.18     0.81
  SINCE JAN 1     12.08                     13.60  -1.52    16.10

DEGREE DAYS
 HEATING
  YESTERDAY        0                         1     -1        0
  MONTH TO DATE   17                        10      7       33
  SINCE JUN 1     30                       101    -71       45
  SINCE JUL 1     17                        20     -3       36

 COOLING
  YESTERDAY        0                         6     -6       13
  MONTH TO DATE  192                       216    -24      197
  SINCE JUN 1    778                       600    178      554
  SINCE JAN 1    786                       620    166      554
..................................................................


WIND (MPH)
  HIGHEST WIND SPEED    28   HIGHEST WIND DIRECTION    NW (300)
  HIGHEST GUST SPEED    36   HIGHEST GUST DIRECTION    NW (300)
  AVERAGE WIND SPEED     6.9


SKY COVER
  AVERAGE SKY COVER 0.6


WEATHER CONDITIONS
 THE FOLLOWING WEATHER WAS RECORDED YESTERDAY.
  THUNDERSTORM
  HEAVY RAIN
  RAIN
  LIGHT RAIN
  FOG
  HAZE


RELATIVE HUMIDITY (PERCENT)
 HIGHEST    93           800 AM
 LOWEST     46           400 PM
 AVERAGE    70

..........................................................


THE CHADRON NE AIRPORT CLIMATE NORMALS FOR TODAY
                         NORMAL    RECORD    YEAR
 MAXIMUM TEMPERATURE (F)   87       106      2010
 MINIMUM TEMPERATURE (F)   52        42      2004


SUNRISE AND SUNSET
AUGUST 27 2016........SUNRISE   612 AM MDT   SUNSET   734 PM MDT
AUGUST 28 2016........SUNRISE   613 AM MDT   SUNSET   733 PM MDT


-  INDICATES NEGATIVE NUMBERS.
R  INDICATES RECORD WAS SET OR TIED.
MM INDICATES DATA IS MISSING.
T  INDICATES TRACE AMOUNT.




$$
