938
CDUS45 KCYS 090747
CLICDR


CLIMATE REPORT
NATIONAL WEATHER SERVICE CHEYENNE WY
1246 AM MST TUE FEB 9 2016


...................................

...THE CHADRON NE AIRPORT CLIMATE SUMMARY FOR FEBRUARY 8 2016...

CLIMATE NORMAL PERIOD 1981 TO 2010
CLIMATE RECORD PERIOD 1895 TO 2016


WEATHER ITEM   OBSERVED TIME   RECORD YEAR NORMAL DEPARTURE LAST
                VALUE   (LST)  VALUE       VALUE  FROM      YEAR
                                                  NORMAL
..................................................................
TEMPERATURE (F)
 YESTERDAY
  MAXIMUM         42    344 PM  72    1954  40      2       62
  MINIMUM         24    334 AM -31    1936  11     13       28
  AVERAGE         33                        26      7       45

PRECIPITATION (IN)
  YESTERDAY        0.00          0.28 1923   0.02  -0.02     0.00
  MONTH TO DATE    0.03                      0.14  -0.11     0.21
  SINCE JAN 1      0.20                      0.50  -0.30     0.57

DEGREE DAYS
 HEATING
  YESTERDAY       32                        39     -7       20
  MONTH TO DATE  303                       317    -14      247
  SINCE DEC 1   2841                      2832      9     2628
  SINCE JUL 1   4221                      4516   -295     4233

 COOLING
  YESTERDAY        0                         0      0        0
  MONTH TO DATE    0                         0      0        0
  SINCE DEC 1      0                         0      0        0
  SINCE JAN 1      0                         0      0        0
..................................................................


WIND (MPH)
  HIGHEST WIND SPEED    26   HIGHEST WIND DIRECTION    NW (300)
  HIGHEST GUST SPEED    34   HIGHEST GUST DIRECTION    NW (300)
  AVERAGE WIND SPEED    13.3


SKY COVER
  AVERAGE SKY COVER 0.7


WEATHER CONDITIONS
 THE FOLLOWING WEATHER WAS RECORDED YESTERDAY.
  NO SIGNIFICANT WEATHER WAS OBSERVED.


RELATIVE HUMIDITY (PERCENT)
 HIGHEST    75          1000 PM
 LOWEST     35          1200 PM
 AVERAGE    55

..........................................................


THE CHADRON NE AIRPORT CLIMATE NORMALS FOR TODAY
                         NORMAL    RECORD    YEAR
 MAXIMUM TEMPERATURE (F)   40        70      2015
 MINIMUM TEMPERATURE (F)   12       -27      1982


SUNRISE AND SUNSET
FEBRUARY  9 2016......SUNRISE   658 AM MST   SUNSET   515 PM MST
FEBRUARY 10 2016......SUNRISE   657 AM MST   SUNSET   517 PM MST


-  INDICATES NEGATIVE NUMBERS.
R  INDICATES RECORD WAS SET OR TIED.
MM INDICATES DATA IS MISSING.
T  INDICATES TRACE AMOUNT.




$$
