000
CDUS45 KCYS 300737
CLICDR


CLIMATE REPORT
NATIONAL WEATHER SERVICE CHEYENNE WY
1236 AM MST FRI JAN 30 2015


...................................

...THE CHADRON NE AIRPORT CLIMATE SUMMARY FOR JANUARY 29 2015...

CLIMATE NORMAL PERIOD 1981 TO 2010
CLIMATE RECORD PERIOD 1895 TO 2015


WEATHER ITEM   OBSERVED TIME   RECORD YEAR NORMAL DEPARTURE LAST
                VALUE   (LST)  VALUE       VALUE  FROM      YEAR
                                                  NORMAL
..................................................................
TEMPERATURE (F)
 YESTERDAY
  MAXIMUM         46    357 PM  66    1931  39      7       53
  MINIMUM         22    644 AM -22    1980  11     11        5
  AVERAGE         34                        25      9       29

PRECIPITATION (IN)
  YESTERDAY        0.00          0.30 1925   0.01  -0.01     0.04
  MONTH TO DATE    0.02                      0.33  -0.31     0.19
  SINCE JAN 1      0.02                      0.33  -0.31     0.19

DEGREE DAYS
 HEATING
  YESTERDAY       31                        40     -9       36
  MONTH TO DATE 1131                      1177    -46     1048
  SINCE DEC 1   2316                      2435   -119     2475
  SINCE JUL 1   3921                      4119   -198     4111

 COOLING
  YESTERDAY        0                         0      0        0
  MONTH TO DATE    0                         0      0        0
  SINCE DEC 1      0                         0      0        0
  SINCE JAN 1      0                         0      0        0
..................................................................


WIND (MPH)
  HIGHEST WIND SPEED    15   HIGHEST WIND DIRECTION    NW (310)
  HIGHEST GUST SPEED    19   HIGHEST GUST DIRECTION    NW (300)
  AVERAGE WIND SPEED     4.3


SKY COVER
  AVERAGE SKY COVER 0.1


WEATHER CONDITIONS
 THE FOLLOWING WEATHER WAS RECORDED YESTERDAY.
  FOG


RELATIVE HUMIDITY (PERCENT)
 HIGHEST    92           100 AM
 LOWEST     31           300 PM
 AVERAGE    62

..........................................................


THE CHADRON NE AIRPORT CLIMATE NORMALS FOR TODAY
                         NORMAL    RECORD    YEAR
 MAXIMUM TEMPERATURE (F)   39        70      1989
 MINIMUM TEMPERATURE (F)   11       -28      1918


SUNRISE AND SUNSET
JANUARY 30 2015.......SUNRISE   709 AM MST   SUNSET   503 PM MST
JANUARY 31 2015.......SUNRISE   708 AM MST   SUNSET   504 PM MST


-  INDICATES NEGATIVE NUMBERS.
R  INDICATES RECORD WAS SET OR TIED.
MM INDICATES DATA IS MISSING.
T  INDICATES TRACE AMOUNT.




$$
