000
CDUS45 KCYS 110729
CLICDR


CLIMATE REPORT
NATIONAL WEATHER SERVICE CHEYENNE WY
128 AM MDT FRI JUL 11 2014


...................................

...THE CHADRON NE AIRPORT CLIMATE SUMMARY FOR JULY 10 2014...

CLIMATE NORMAL PERIOD 1981 TO 2010
CLIMATE RECORD PERIOD 1895 TO 2014


WEATHER ITEM   OBSERVED TIME   RECORD YEAR NORMAL DEPARTURE LAST
                VALUE   (LST)  VALUE       VALUE  FROM      YEAR
                                                  NORMAL
..................................................................
TEMPERATURE (F)
 YESTERDAY
  MAXIMUM         94    350 PM 108    1939  89      5       93
  MINIMUM         59    151 AM  47    1959  57      2       60
  AVERAGE         77                        73      4       77

PRECIPITATION (IN)
  YESTERDAY        0.13          1.30 1984   0.08   0.05     0.08
  MONTH TO DATE    0.13                      0.73  -0.60     1.09
  SINCE JAN 1     11.26                     10.91   0.35     9.93

DEGREE DAYS
 HEATING
  YESTERDAY        0                         0      0        0
  MONTH TO DATE    7                         5      2        0
  SINCE JUN 1     90                        86      4       58
  SINCE JUL 1      7                         5      2        0

 COOLING
  YESTERDAY       12                         8      4       12
  MONTH TO DATE   72                        75     -3       99
  SINCE JUN 1    126                       183    -57      211
  SINCE JAN 1    157                       203    -46      239
..................................................................


WIND (MPH)
  HIGHEST WIND SPEED    29   HIGHEST WIND DIRECTION    SW (230)
  HIGHEST GUST SPEED    36   HIGHEST GUST DIRECTION    SW (230)
  AVERAGE WIND SPEED    10.0


SKY COVER
  AVERAGE SKY COVER 0.3


WEATHER CONDITIONS
 THE FOLLOWING WEATHER WAS RECORDED YESTERDAY.
  RAIN
  LIGHT RAIN
  FOG


RELATIVE HUMIDITY (PERCENT)
 HIGHEST    93           300 AM
 LOWEST     30           300 PM
 AVERAGE    62

..........................................................


THE CHADRON NE AIRPORT CLIMATE NORMALS FOR TODAY
                         NORMAL    RECORD    YEAR
 MAXIMUM TEMPERATURE (F)   89       110      1939
 MINIMUM TEMPERATURE (F)   57        45      1922


SUNRISE AND SUNSET
JULY 11 2014..........SUNRISE   524 AM MDT   SUNSET   831 PM MDT
JULY 12 2014..........SUNRISE   525 AM MDT   SUNSET   831 PM MDT


-  INDICATES NEGATIVE NUMBERS.
R  INDICATES RECORD WAS SET OR TIED.
MM INDICATES DATA IS MISSING.
T  INDICATES TRACE AMOUNT.




$$
