000
CDUS45 KCYS 300735
CLICDR


CLIMATE REPORT
NATIONAL WEATHER SERVICE CHEYENNE WY
134 AM MDT WED JUL 30 2014


...................................

...THE CHADRON NE AIRPORT CLIMATE SUMMARY FOR JULY 29 2014...

CLIMATE NORMAL PERIOD 1981 TO 2010
CLIMATE RECORD PERIOD 1895 TO 2014


WEATHER ITEM   OBSERVED TIME   RECORD YEAR NORMAL DEPARTURE LAST
                VALUE   (LST)  VALUE       VALUE  FROM      YEAR
                                                  NORMAL
..................................................................
TEMPERATURE (F)
 YESTERDAY
  MAXIMUM         78    350 PM 106    2006  91    -13       84
                                      1980
  MINIMUM         56   1157 PM  43    2004  59     -3       58
  AVERAGE         67                        75     -8       71

PRECIPITATION (IN)
  YESTERDAY        0.02          1.12 1923   0.05  -0.03     0.05
  MONTH TO DATE    0.66                      1.99  -1.33     1.70
  SINCE JAN 1     11.79                     12.17  -0.38    10.54

DEGREE DAYS
 HEATING
  YESTERDAY        0                         0      0        0
  MONTH TO DATE   11                         5      6        0
  SINCE JUN 1     94                        86      8       58
  SINCE JUL 1     11                         5      6        0

 COOLING
  YESTERDAY        2                        10     -8        6
  MONTH TO DATE  251                       256     -5      296
  SINCE JUN 1    305                       364    -59      408
  SINCE JAN 1    336                       384    -48      436
..................................................................


WIND (MPH)
  HIGHEST WIND SPEED    22   HIGHEST WIND DIRECTION    NE (40)
  HIGHEST GUST SPEED    27   HIGHEST GUST DIRECTION    NE (30)
  AVERAGE WIND SPEED     8.1


SKY COVER
  AVERAGE SKY COVER 0.4


WEATHER CONDITIONS
 THE FOLLOWING WEATHER WAS RECORDED YESTERDAY.
  THUNDERSTORM
  LIGHT RAIN


RELATIVE HUMIDITY (PERCENT)
 HIGHEST    86          1100 PM
 LOWEST     46           500 PM
 AVERAGE    66

..........................................................


THE CHADRON NE AIRPORT CLIMATE NORMALS FOR TODAY
                         NORMAL    RECORD    YEAR
 MAXIMUM TEMPERATURE (F)   91       105      2006
 MINIMUM TEMPERATURE (F)   59        38      1971


SUNRISE AND SUNSET
JULY 30 2014..........SUNRISE   542 AM MDT   SUNSET   815 PM MDT
JULY 31 2014..........SUNRISE   543 AM MDT   SUNSET   814 PM MDT


-  INDICATES NEGATIVE NUMBERS.
R  INDICATES RECORD WAS SET OR TIED.
MM INDICATES DATA IS MISSING.
T  INDICATES TRACE AMOUNT.




$$
