000
CDUS45 KCYS 242122
CLICDR


CLIMATE REPORT
NATIONAL WEATHER SERVICE CHEYENNE WY
322 PM MDT THU JUL 24 2014


...................................

...THE CHADRON NE AIRPORT CLIMATE SUMMARY FOR JULY 24 2014...
VALID AS OF 0300 PM LOCAL TIME.

CLIMATE NORMAL PERIOD 1981 TO 2010
CLIMATE RECORD PERIOD 1895 TO 2014


WEATHER ITEM   OBSERVED TIME   RECORD YEAR NORMAL DEPARTURE LAST
                VALUE   (LST)  VALUE       VALUE  FROM      YEAR
                                                  NORMAL
..................................................................
TEMPERATURE (F)
 TODAY
  MAXIMUM        108    158 PM 109    2003  91     17       90
                                      1952
  MINIMUM         71    536 AM  52    1962  59     12       57
                                      1956
  AVERAGE         90                        75     15       74

PRECIPITATION (IN)
  TODAY            0.00          0.52 2008   0.07  -0.07     0.00
  MONTH TO DATE    0.64                      1.70  -1.06     1.47
  SINCE JAN 1     11.77                     11.88  -0.11    10.31

DEGREE DAYS
 HEATING
  TODAY            0                         0      0        0
  MONTH TO DATE   11                         5      6        0
  SINCE JUN 1     94                        86      8       58
  SINCE JUL 1     11                         5      6        0

 COOLING
  TODAY           25                        10     15        9
  MONTH TO DATE  220                       206     14      279
  SINCE JUN 1    274                       314    -40      391
  SINCE JAN 1    305                       334    -29      419
..................................................................


WIND (MPH)
  HIGHEST WIND SPEED    25   HIGHEST WIND DIRECTION     S (190)
  HIGHEST GUST SPEED    32   HIGHEST GUST DIRECTION     S (190)
  AVERAGE WIND SPEED    12.6


SKY COVER
  AVERAGE SKY COVER 0.0


WEATHER CONDITIONS
 THE FOLLOWING WEATHER WAS RECORDED TODAY.
  NO SIGNIFICANT WEATHER WAS OBSERVED.


RELATIVE HUMIDITY (PERCENT)
 HIGHEST    79           100 AM
 LOWEST     12           200 PM
 AVERAGE    46

..........................................................


THE CHADRON NE AIRPORT CLIMATE NORMALS FOR TOMORROW
                         NORMAL    RECORD    YEAR
 MAXIMUM TEMPERATURE (F)   91       109      2003
 MINIMUM TEMPERATURE (F)   59        46      1924


SUNRISE AND SUNSET
JULY 24 2014..........SUNRISE   536 AM MDT   SUNSET   822 PM MDT
JULY 25 2014..........SUNRISE   537 AM MDT   SUNSET   821 PM MDT


-  INDICATES NEGATIVE NUMBERS.
R  INDICATES RECORD WAS SET OR TIED.
MM INDICATES DATA IS MISSING.
T  INDICATES TRACE AMOUNT.




$$
