012
CDUS44 KLUB 210626
CLICDS


CLIMATE REPORT
NATIONAL WEATHER SERVICE LUBBOCK, TX
1226 AM CST TUE FEB 21 2017


...................................

...THE CHILDRESS CLIMATE SUMMARY FOR FEBRUARY 20 2017...

CLIMATE NORMAL PERIOD 1981 TO 2010
CLIMATE RECORD PERIOD 1893 TO 2017


WEATHER ITEM   OBSERVED TIME   RECORD YEAR NORMAL DEPARTURE LAST
                VALUE   (LST)  VALUE       VALUE  FROM      YEAR
                                                  NORMAL
..................................................................
TEMPERATURE (F)
 YESTERDAY
  MAXIMUM         73    449 PM  87    1981  59     14       86
  MINIMUM         45   1151 PM   6    1905  33     12       44
  AVERAGE         59                        46     13       65

PRECIPITATION (IN)
  YESTERDAY        0.00          1.97 1997   0.03  -0.03     0.00
  MONTH TO DATE    2.50                      0.73   1.77      T
  SINCE DEC 1      5.51                      2.37   3.14     1.36
  SINCE JAN 1      4.22                      1.46   2.76     0.51

SNOWFALL (IN)
  YESTERDAY        0.0          MM      MM   0.0    0.0      0.0
  MONTH TO DATE    T                         0.9   -0.9      0.0
  SINCE DEC 1      1.5                       5.3   -3.8      6.2
  SINCE JUL 1      1.5                       6.2   -4.7      7.0
  SNOW DEPTH       0

DEGREE DAYS
 HEATING
  YESTERDAY        6                        19    -13        0
  MONTH TO DATE  279                       416   -137      299
  SINCE DEC 1   1604                      1859   -255     1592
  SINCE JUL 1   1871                      2419   -548     2045

 COOLING
  YESTERDAY        0                         0      0        0
  MONTH TO DATE   10                         0     10        2
  SINCE DEC 1     10                         0     10        2
  SINCE JAN 1     10                         0     10        2
..................................................................


WIND (MPH)
  RESULTANT WIND SPEED   5   RESULTANT WIND DIRECTION  NW (310)
  HIGHEST WIND SPEED    24   HIGHEST WIND DIRECTION     N (10)
  HIGHEST GUST SPEED    31   HIGHEST GUST DIRECTION     N (10)
  AVERAGE WIND SPEED     9.6


SKY COVER
  AVERAGE SKY COVER 0.0


WEATHER CONDITIONS
 THE FOLLOWING WEATHER WAS RECORDED YESTERDAY.
  NO SIGNIFICANT WEATHER WAS OBSERVED.


RELATIVE HUMIDITY (PERCENT)
 HIGHEST    77           400 AM
 LOWEST     14           600 PM
 AVERAGE    46

..........................................................


THE CHILDRESS CLIMATE NORMALS FOR TODAY
                         NORMAL    RECORD    YEAR
 MAXIMUM TEMPERATURE (F)   60        88      1996
 MINIMUM TEMPERATURE (F)   34        12      1939


SUNRISE AND SUNSET
FEBRUARY 21 2017......SUNRISE   719 AM CST   SUNSET   630 PM CST
FEBRUARY 22 2017......SUNRISE   718 AM CST   SUNSET   631 PM CST


-  INDICATES NEGATIVE NUMBERS.
R  INDICATES RECORD WAS SET OR TIED.
MM INDICATES DATA IS MISSING.
T  INDICATES TRACE AMOUNT.




$$
