000
CDUS44 KLUB 250625
CLICDS


CLIMATE REPORT
NATIONAL WEATHER SERVICE LUBBOCK, TX
1225 AM CST THU DEC 25 2014


...................................

...THE CHILDRESS CLIMATE SUMMARY FOR DECEMBER 24 2014...

CLIMATE NORMAL PERIOD 1981 TO 2010
CLIMATE RECORD PERIOD 1893 TO 2014


WEATHER ITEM   OBSERVED TIME   RECORD YEAR NORMAL DEPARTURE LAST
                VALUE   (LST)  VALUE       VALUE  FROM      YEAR
                                                  NORMAL
..................................................................
TEMPERATURE (F)
 YESTERDAY
  MAXIMUM         52    506 PM  87    1955  53     -1       58
  MINIMUM         30    805 AM   2    1983  28      2       25
  AVERAGE         41                        41      0       42

PRECIPITATION (IN)
  YESTERDAY        0.00          0.65 1932   0.02  -0.02     0.00
  MONTH TO DATE    0.20                      0.74  -0.54     1.09
  SINCE DEC 1      0.20                      0.74  -0.54     1.09
  SINCE JAN 1     18.55                     23.75  -5.20    16.23

SNOWFALL (IN)
  YESTERDAY        0.0          MM      MM   0.1   -0.1      0.0
  MONTH TO DATE    0.0                       1.3   -1.3      2.3
  SINCE DEC 1      0.0                       1.3   -1.3      2.3
  SINCE JUL 1      2.0                       2.2   -0.2      6.5
  SNOW DEPTH       0

DEGREE DAYS
 HEATING
  YESTERDAY       24                        24      0       23
  MONTH TO DATE  419                       543   -124      603
  SINCE DEC 1    419                       543   -124      603
  SINCE JUL 1    974                      1103   -129     1201

 COOLING
  YESTERDAY        0                         0      0        0
  MONTH TO DATE    0                         0      0        0
  SINCE DEC 1      0                         0      0        0
  SINCE JAN 1   2317                      2207    110     2407
..................................................................


WIND (MPH)
  RESULTANT WIND SPEED   9   RESULTANT WIND DIRECTION  NW (310)
  HIGHEST WIND SPEED    30   HIGHEST WIND DIRECTION     N (360)
  HIGHEST GUST SPEED    33   HIGHEST GUST DIRECTION     N (350)
  AVERAGE WIND SPEED    12.6


SKY COVER
  AVERAGE SKY COVER 0.2


WEATHER CONDITIONS
 THE FOLLOWING WEATHER WAS RECORDED YESTERDAY.
  NO SIGNIFICANT WEATHER WAS OBSERVED.


RELATIVE HUMIDITY (PERCENT)
 HIGHEST    70           200 AM
 LOWEST     19           400 PM
 AVERAGE    45

..........................................................


THE CHILDRESS CLIMATE NORMALS FOR TODAY
                         NORMAL    RECORD    YEAR
 MAXIMUM TEMPERATURE (F)   53        77      1971
 MINIMUM TEMPERATURE (F)   28         3      1983


SUNRISE AND SUNSET
DECEMBER 25 2014......SUNRISE   746 AM CST   SUNSET   537 PM CST
DECEMBER 26 2014......SUNRISE   746 AM CST   SUNSET   538 PM CST


-  INDICATES NEGATIVE NUMBERS.
R  INDICATES RECORD WAS SET OR TIED.
MM INDICATES DATA IS MISSING.
T  INDICATES TRACE AMOUNT.




$$
