000
CDUS44 KLUB 270626
CLICDS


CLIMATE REPORT
NATIONAL WEATHER SERVICE LUBBOCK, TX
1226 AM CST THU NOV 27 2014


...................................

...THE CHILDRESS CLIMATE SUMMARY FOR NOVEMBER 26 2014...

CLIMATE NORMAL PERIOD 1981 TO 2010
CLIMATE RECORD PERIOD 1893 TO 2014


WEATHER ITEM   OBSERVED TIME   RECORD YEAR NORMAL DEPARTURE LAST
                VALUE   (LST)  VALUE       VALUE  FROM      YEAR
                                                  NORMAL
..................................................................
TEMPERATURE (F)
 YESTERDAY
  MAXIMUM         60    330 PM  87    1970  60      0       47
  MINIMUM         36    255 AM  13    1993  34      2       28
  AVERAGE         48                        47      1       38

PRECIPITATION (IN)
  YESTERDAY        0.00          1.10 1935   0.04  -0.04     0.00
  MONTH TO DATE    0.64                      1.10  -0.46     0.62
  SINCE SEP 1      2.59                      5.77  -3.18     1.90
  SINCE JAN 1     18.20                     22.86  -4.66    15.14

SNOWFALL (IN)
  YESTERDAY        0.0          MM      MM   0.0    0.0      0.0
  MONTH TO DATE    0.0                       0.5   -0.5      4.2
  SINCE SEP 1      0.0                       0.7   -0.7      4.2
  SINCE JUL 1      0.0                       0.7   -0.7      4.2
  SNOW DEPTH       0

DEGREE DAYS
 HEATING
  YESTERDAY       17                        18     -1       27
  MONTH TO DATE  454                       333    121      394
  SINCE SEP 1    517                       485     32      520
  SINCE JUL 1    517                       485     32      520

 COOLING
  YESTERDAY        0                         0      0        0
  MONTH TO DATE    0                         7     -7        9
  SINCE SEP 1    457                       376     81      476
  SINCE JAN 1   2316                      2207    109     2407
..................................................................


WIND (MPH)
  RESULTANT WIND SPEED   8   RESULTANT WIND DIRECTION   N (350)
  HIGHEST WIND SPEED    22   HIGHEST WIND DIRECTION     N (10)
  HIGHEST GUST SPEED    26   HIGHEST GUST DIRECTION     N (360)
  AVERAGE WIND SPEED    10.2


SKY COVER
  AVERAGE SKY COVER 0.0


WEATHER CONDITIONS
 THE FOLLOWING WEATHER WAS RECORDED YESTERDAY.
  NO SIGNIFICANT WEATHER WAS OBSERVED.


RELATIVE HUMIDITY (PERCENT)
 HIGHEST    64           800 AM
 LOWEST     23           400 PM
 AVERAGE    44

..........................................................


THE CHILDRESS CLIMATE NORMALS FOR TODAY
                         NORMAL    RECORD    YEAR
 MAXIMUM TEMPERATURE (F)   60        85      1905
 MINIMUM TEMPERATURE (F)   34        15      1976


SUNRISE AND SUNSET
NOVEMBER 27 2014......SUNRISE   726 AM CST   SUNSET   532 PM CST
NOVEMBER 28 2014......SUNRISE   727 AM CST   SUNSET   531 PM CST


-  INDICATES NEGATIVE NUMBERS.
R  INDICATES RECORD WAS SET OR TIED.
MM INDICATES DATA IS MISSING.
T  INDICATES TRACE AMOUNT.




$$
