000
CDUS44 KLUB 300632
CLICDS


CLIMATE REPORT
NATIONAL WEATHER SERVICE LUBBOCK, TX
1231 AM CST FRI JAN 30 2015


...................................

...THE CHILDRESS CLIMATE SUMMARY FOR JANUARY 29 2015...

CLIMATE NORMAL PERIOD 1981 TO 2010
CLIMATE RECORD PERIOD 1893 TO 2015


WEATHER ITEM   OBSERVED TIME   RECORD YEAR NORMAL DEPARTURE LAST
                VALUE   (LST)  VALUE       VALUE  FROM      YEAR
                                                  NORMAL
..................................................................
TEMPERATURE (F)
 YESTERDAY
  MAXIMUM         56        MM  76    1986  56      0       51
  MINIMUM         MM        MM   3    1966  29     MM       16
  AVERAGE         MM                        42     MM       34

PRECIPITATION (IN)
  YESTERDAY        0.00          1.24 1999   0.04  -0.04     0.00
  MONTH TO DATE    0.57                      0.67  -0.10      T
  SINCE DEC 1      0.77                      1.58  -0.81     1.09
  SINCE JAN 1      0.57                      0.67  -0.10      T

SNOWFALL (IN)
  YESTERDAY        0.0          MM      MM   0.1   -0.1      0.0
  MONTH TO DATE    T                         2.5   -2.5       T
  SINCE DEC 1      T                         4.2   -4.2      2.3
  SINCE JUL 1      2.0                       5.1   -3.1      6.5
  SNOW DEPTH       0

DEGREE DAYS
 HEATING
  YESTERDAY       MM                        23     MM       31
  MONTH TO DATE  649                       685    -36      685
  SINCE DEC 1   1279                      1398   -119     1467
  SINCE JUL 1   1834                      1958   -124     2065

 COOLING
  YESTERDAY       MM                         0     MM        0
  MONTH TO DATE    0                         0      0        0
  SINCE DEC 1      0                         0      0        0
  SINCE JAN 1      0                         0      0        0
..................................................................


WIND (MPH)
  RESULTANT WIND SPEED  12   RESULTANT WIND DIRECTION   N (20)
  HIGHEST WIND SPEED    23   HIGHEST WIND DIRECTION     N (20)
  HIGHEST GUST SPEED    31   HIGHEST GUST DIRECTION     N (20)
  AVERAGE WIND SPEED    12.1


SKY COVER
  AVERAGE SKY COVER 0.1


WEATHER CONDITIONS
 THE FOLLOWING WEATHER WAS RECORDED YESTERDAY.
  NO SIGNIFICANT WEATHER WAS OBSERVED.


RELATIVE HUMIDITY (PERCENT)
 HIGHEST    MM
 LOWEST     22           400 PM
 AVERAGE    MM

..........................................................


THE CHILDRESS CLIMATE NORMALS FOR TODAY
                         NORMAL    RECORD    YEAR
 MAXIMUM TEMPERATURE (F)   56        80      1967
 MINIMUM TEMPERATURE (F)   29         5      1966


SUNRISE AND SUNSET
JANUARY 30 2015.......SUNRISE   740 AM CST   SUNSET   609 PM CST
JANUARY 31 2015.......SUNRISE   740 AM CST   SUNSET   610 PM CST


-  INDICATES NEGATIVE NUMBERS.
R  INDICATES RECORD WAS SET OR TIED.
MM INDICATES DATA IS MISSING.
T  INDICATES TRACE AMOUNT.




$$
