000
CDUS44 KLUB 230627
CLICDS


CLIMATE REPORT
NATIONAL WEATHER SERVICE LUBBOCK, TX
1226 AM CST MON JAN 23 2017


...................................

...THE CHILDRESS CLIMATE SUMMARY FOR JANUARY 22 2017...

CLIMATE NORMAL PERIOD 1981 TO 2010
CLIMATE RECORD PERIOD 1893 TO 2017


WEATHER ITEM   OBSERVED TIME   RECORD YEAR NORMAL DEPARTURE LAST
                VALUE   (LST)  VALUE       VALUE  FROM      YEAR
                                                  NORMAL
..................................................................
TEMPERATURE (F)
 YESTERDAY
  MAXIMUM         62    328 PM  84    1967  55      7       50
  MINIMUM         39   1156 PM  -1    1966  28     11       25
  AVERAGE         51                        42      9       38

PRECIPITATION (IN)
  YESTERDAY        T             0.39 1968   0.03  -0.03     0.00
  MONTH TO DATE    1.72                      0.46   1.26     0.51
  SINCE DEC 1      3.01                      1.37   1.64     1.36
  SINCE JAN 1      1.72                      0.46   1.26     0.51

SNOWFALL (IN)
  YESTERDAY        0.0          MM      MM   0.1   -0.1      0.0
  MONTH TO DATE    1.5                       1.9   -0.4      1.2
  SINCE DEC 1      1.5                       3.6   -2.1      6.2
  SINCE JUL 1      1.5                       4.5   -3.0      7.0
  SNOW DEPTH       0

DEGREE DAYS
 HEATING
  YESTERDAY       14                        23     -9       27
  MONTH TO DATE  486                       524    -38      573
  SINCE DEC 1   1173                      1237    -64     1164
  SINCE JUL 1   1440                      1797   -357     1617

 COOLING
  YESTERDAY        0                         0      0        0
  MONTH TO DATE    0                         0      0        0
  SINCE DEC 1      0                         0      0        0
  SINCE JAN 1      0                         0      0        0
..................................................................


WIND (MPH)
  RESULTANT WIND SPEED  17   RESULTANT WIND DIRECTION   N (340)
  HIGHEST WIND SPEED    30   HIGHEST WIND DIRECTION     N (340)
  HIGHEST GUST SPEED    42   HIGHEST GUST DIRECTION    NW (330)
  AVERAGE WIND SPEED    17.3


SKY COVER
  AVERAGE SKY COVER 0.3


WEATHER CONDITIONS
 THE FOLLOWING WEATHER WAS RECORDED YESTERDAY.
  LIGHT RAIN


RELATIVE HUMIDITY (PERCENT)
 HIGHEST    86           300 AM
 LOWEST     29           500 PM
 AVERAGE    58

..........................................................


THE CHILDRESS CLIMATE NORMALS FOR TODAY
                         NORMAL    RECORD    YEAR
 MAXIMUM TEMPERATURE (F)   55        82      1909
 MINIMUM TEMPERATURE (F)   29        -3      1966


SUNRISE AND SUNSET
JANUARY 23 2017.......SUNRISE   744 AM CST   SUNSET   602 PM CST
JANUARY 24 2017.......SUNRISE   744 AM CST   SUNSET   603 PM CST


-  INDICATES NEGATIVE NUMBERS.
R  INDICATES RECORD WAS SET OR TIED.
MM INDICATES DATA IS MISSING.
T  INDICATES TRACE AMOUNT.




$$
