000
CDUS44 KLUB 260625
CLICDS


CLIMATE REPORT
NATIONAL WEATHER SERVICE LUBBOCK, TX
125 AM CDT MON JUN 26 2017


...................................

...THE CHILDRESS CLIMATE SUMMARY FOR JUNE 25 2017...

CLIMATE NORMAL PERIOD 1981 TO 2010
CLIMATE RECORD PERIOD 1893 TO 2017


WEATHER ITEM   OBSERVED TIME   RECORD YEAR NORMAL DEPARTURE LAST
                VALUE   (LST)  VALUE       VALUE  FROM      YEAR
                                                  NORMAL
..................................................................
TEMPERATURE (F)
 YESTERDAY
  MAXIMUM         84    307 PM 112    2011  94    -10       95
                                      1994
  MINIMUM         69    703 AM  55    1958  69      0       71
  AVERAGE         77                        81     -4       83

PRECIPITATION (IN)
  YESTERDAY        T             2.90 1938   0.11  -0.11     0.00
  MONTH TO DATE    2.57                      3.43  -0.86     3.68
  SINCE JUN 1      2.57                      3.43  -0.86     3.68
  SINCE JAN 1     11.84                     12.00  -0.16    15.54

SNOWFALL (IN)
  YESTERDAY        0.0          MM      MM   0.0    0.0      0.0
  MONTH TO DATE    0.0                       0.0    0.0      0.0
  SINCE JUN 1      0.0                       0.0    0.0      0.0
  SINCE JUL 1      1.5                       7.0   -5.5      7.0
  SNOW DEPTH       0

DEGREE DAYS
 HEATING
  YESTERDAY        0                         0      0        0
  MONTH TO DATE    0                         0      0        0
  SINCE JUN 1      0                         0      0        0
  SINCE JUL 1   2328                      3115   -787     2555

 COOLING
  YESTERDAY       12                        16     -4       18
  MONTH TO DATE  393                       338     55      383
  SINCE JUN 1    393                       338     55      383
  SINCE JAN 1    744                       650     94      647
..................................................................


WIND (MPH)
  RESULTANT WIND SPEED   8   RESULTANT WIND DIRECTION  SE (130)
  HIGHEST WIND SPEED    16   HIGHEST WIND DIRECTION    SE (150)
  HIGHEST GUST SPEED    21   HIGHEST GUST DIRECTION    SE (130)
  AVERAGE WIND SPEED     8.5


SKY COVER
  AVERAGE SKY COVER 0.6


WEATHER CONDITIONS
 THE FOLLOWING WEATHER WAS RECORDED YESTERDAY.
  NO SIGNIFICANT WEATHER WAS OBSERVED.


RELATIVE HUMIDITY (PERCENT)
 HIGHEST    84           100 AM
 LOWEST     47           600 PM
 AVERAGE    66

..........................................................


THE CHILDRESS CLIMATE NORMALS FOR TODAY
                         NORMAL    RECORD    YEAR
 MAXIMUM TEMPERATURE (F)   94       117      2011
 MINIMUM TEMPERATURE (F)   69        57      1968
                                             1958
                                             1906


SUNRISE AND SUNSET
JUNE 26 2017..........SUNRISE   631 AM CDT   SUNSET   857 PM CDT
JUNE 27 2017..........SUNRISE   631 AM CDT   SUNSET   858 PM CDT


-  INDICATES NEGATIVE NUMBERS.
R  INDICATES RECORD WAS SET OR TIED.
MM INDICATES DATA IS MISSING.
T  INDICATES TRACE AMOUNT.




$$
