000
CDUS44 KLUB 170627
CLICDS


CLIMATE REPORT
NATIONAL WEATHER SERVICE LUBBOCK, TX
1226 AM CST WED JAN 17 2018


...................................

...THE CHILDRESS CLIMATE SUMMARY FOR JANUARY 16 2018...

CLIMATE NORMAL PERIOD 1981 TO 2010
CLIMATE RECORD PERIOD 1893 TO 2018


WEATHER ITEM   OBSERVED TIME   RECORD YEAR NORMAL DEPARTURE LAST
                VALUE   (LST)  VALUE       VALUE  FROM      YEAR
                                                  NORMAL
..................................................................
TEMPERATURE (F)
 YESTERDAY
  MAXIMUM         30    442 PM  80    1974  55    -25       53
  MINIMUM          7    738 AM   3    1930  28    -21       33
  AVERAGE         19                        41    -22       43

PRECIPITATION (IN)
  YESTERDAY        0.00          0.39 1946   0.03  -0.03     0.03
  MONTH TO DATE    T                         0.31  -0.31     1.54
  SINCE DEC 1      0.03                      1.22  -1.19     2.83
  SINCE JAN 1      T                         0.31  -0.31     1.54

SNOWFALL (IN)
  YESTERDAY        0.0          MM      MM   0.1   -0.1      0.0
  MONTH TO DATE    0.0                       1.3   -1.3      1.5
  SINCE DEC 1      1.0                       3.0   -2.0      1.5
  SINCE JUL 1      1.0                       3.9   -2.9      1.5
  SNOW DEPTH       0

DEGREE DAYS
 HEATING
  YESTERDAY       46                        24     22       22
  MONTH TO DATE  462                       384     78      401
  SINCE DEC 1   1148                      1097     51     1088
  SINCE JUL 1   1585                      1657    -72     1355

 COOLING
  YESTERDAY        0                         0      0        0
  MONTH TO DATE    0                         0      0        0
  SINCE DEC 1      0                         0      0        0
  SINCE JAN 1      0                         0      0        0
..................................................................


WIND (MPH)
  RESULTANT WIND SPEED   7   RESULTANT WIND DIRECTION   N (10)
  HIGHEST WIND SPEED    20   HIGHEST WIND DIRECTION     N (10)
  HIGHEST GUST SPEED    23   HIGHEST GUST DIRECTION     N (10)
  AVERAGE WIND SPEED     8.3


SKY COVER
  AVERAGE SKY COVER 0.0


WEATHER CONDITIONS
 THE FOLLOWING WEATHER WAS RECORDED YESTERDAY.
  NO SIGNIFICANT WEATHER WAS OBSERVED.


RELATIVE HUMIDITY (PERCENT)
 HIGHEST    63           800 AM
 LOWEST     15           300 PM
 AVERAGE    39

..........................................................


THE CHILDRESS CLIMATE NORMALS FOR TODAY
                         NORMAL    RECORD    YEAR
 MAXIMUM TEMPERATURE (F)   55        82      1894
 MINIMUM TEMPERATURE (F)   28       -13      1930


SUNRISE AND SUNSET
JANUARY 17 2018.......SUNRISE   747 AM CST   SUNSET   556 PM CST
JANUARY 18 2018.......SUNRISE   746 AM CST   SUNSET   557 PM CST


-  INDICATES NEGATIVE NUMBERS.
R  INDICATES RECORD WAS SET OR TIED.
MM INDICATES DATA IS MISSING.
T  INDICATES TRACE AMOUNT.




$$
