000
CDUS46 KEKA 290027
CLICEC


CLIMATE REPORT
NATIONAL WEATHER SERVICE EUREKA CA
527 PM PDT WED JUN 28 2017


...................................

...THE CRESCENT CITY CA CLIMATE SUMMARY FOR JUNE 28 2017...
VALID TODAY AS OF 0500 PM LOCAL TIME.

CLIMATE NORMAL PERIOD 1981 TO 2010
CLIMATE RECORD PERIOD 1894 TO 2017


WEATHER ITEM   OBSERVED TIME   RECORD YEAR NORMAL DEPARTURE LAST
                VALUE   (LST)  VALUE       VALUE  FROM      YEAR
                                                  NORMAL
..................................................................
TEMPERATURE (F)
 TODAY
  MAXIMUM         61    257 PM  77    2003  61      0       61
  MINIMUM         53    825 AM  42    1998  50      3       53
  AVERAGE         57                        55      2       57

PRECIPITATION (IN)
  TODAY            0.00          0.76 2011   0.06  -0.06     0.00
  MONTH TO DATE    1.64                      1.63   0.01     0.28
  SINCE OCT 1     94.29                     62.07  32.22    66.43
  SINCE JAN 1     49.19                     36.83  12.36    31.75

SNOWFALL (IN)
  TODAY            0.0          MM      MM  MM     MM        0.0
  MONTH TO DATE    0.0                      MM     MM        0.0
  SINCE JUN 1      0.0                      MM     MM        0.0
  SINCE JUL 1      0.0                      MM     MM        0.0
  SNOW DEPTH       0

..................................................................


WIND (MPH)
  HIGHEST WIND SPEED    16   HIGHEST WIND DIRECTION    NW (330)
  HIGHEST GUST SPEED    23   HIGHEST GUST DIRECTION    NW (330)
  AVERAGE WIND SPEED     7.0


SKY COVER
  AVERAGE SKY COVER 0.7


WEATHER CONDITIONS
 THE FOLLOWING WEATHER WAS RECORDED TODAY.
  FOG


RELATIVE HUMIDITY (PERCENT)
 HIGHEST   100
 LOWEST     78
 AVERAGE    89

..........................................................


THE CRESCENT CITY CA CLIMATE NORMALS FOR TOMORROW
                         NORMAL    RECORD    YEAR
 MAXIMUM TEMPERATURE (F)   61        73      2013
 MINIMUM TEMPERATURE (F)   50        40      1949


SUNRISE AND SUNSET
JUNE 28 2017..........SUNRISE   445 AM PST   SUNSET   756 PM PST
JUNE 29 2017..........SUNRISE   445 AM PST   SUNSET   756 PM PST


-  INDICATES NEGATIVE NUMBERS.
R  INDICATES RECORD WAS SET OR TIED.
MM INDICATES DATA IS MISSING.
T  INDICATES TRACE AMOUNT.




$$
