000
CDUS46 KEKA 290021
CLICEC


CLIMATE REPORT
NATIONAL WEATHER SERVICE EUREKA CA
521 PM PDT WED SEP 28 2016


...................................

...THE CRESCENT CITY CA CLIMATE SUMMARY FOR SEPTEMBER 28 2016...
VALID TODAY AS OF 0500 PM LOCAL TIME.

CLIMATE NORMAL PERIOD 1981 TO 2010
CLIMATE RECORD PERIOD 1894 TO 2016


WEATHER ITEM   OBSERVED TIME   RECORD YEAR NORMAL DEPARTURE LAST
                VALUE   (LST)  VALUE       VALUE  FROM      YEAR
                                                  NORMAL
..................................................................
TEMPERATURE (F)
 TODAY
  MAXIMUM         55    343 PM  88    1966  61     -6       62
  MINIMUM         53   1029 AM  40    1972  48      5       45
  AVERAGE         54                        54      0       54

PRECIPITATION (IN)
  TODAY            0.00          3.32 1977   0.05  -0.05     0.00
  MONTH TO DATE    T                         0.82  -0.82     0.90
  SINCE OCT 1     67.46                     63.92   3.54    43.83
  SINCE JAN 1     32.78                     38.68  -5.90    23.00

SNOWFALL (IN)
  TODAY            0.0          MM      MM  MM     MM        0.0
  MONTH TO DATE    0.0                      MM     MM        0.0
  SINCE SEP 1      0.0                      MM     MM        0.0
  SINCE JUL 1      0.0                      MM     MM        0.0
  SNOW DEPTH       0

..................................................................


WIND (MPH)
  HIGHEST WIND SPEED    14   HIGHEST WIND DIRECTION     S (180)
  HIGHEST GUST SPEED    17   HIGHEST GUST DIRECTION     S (160)
  AVERAGE WIND SPEED     4.1


SKY COVER
  AVERAGE SKY COVER 1.0


WEATHER CONDITIONS
 THE FOLLOWING WEATHER WAS RECORDED TODAY.
  FOG


RELATIVE HUMIDITY (PERCENT)
 HIGHEST   100
 LOWEST     86
 AVERAGE    93

..........................................................


THE CRESCENT CITY CA CLIMATE NORMALS FOR TOMORROW
                         NORMAL    RECORD    YEAR
 MAXIMUM TEMPERATURE (F)   61        85      1966
 MINIMUM TEMPERATURE (F)   48        39      1965


SUNRISE AND SUNSET
SEPTEMBER 28 2016.....SUNRISE   711 AM PDT   SUNSET   703 PM PDT
SEPTEMBER 29 2016.....SUNRISE   712 AM PDT   SUNSET   701 PM PDT


-  INDICATES NEGATIVE NUMBERS.
R  INDICATES RECORD WAS SET OR TIED.
MM INDICATES DATA IS MISSING.
T  INDICATES TRACE AMOUNT.




$$
