000
CDUS46 KEKA 031211
CLICEC


CLIMATE REPORT
NATIONAL WEATHER SERVICE EUREKA CA
410 AM PST TUE MAR 3 2015


...................................

...THE CRESCENT CITY CA CLIMATE SUMMARY FOR MARCH 2 2015...

CLIMATE NORMAL PERIOD 1981 TO 2010
CLIMATE RECORD PERIOD 1894 TO 2015


WEATHER ITEM   OBSERVED TIME   RECORD YEAR NORMAL DEPARTURE LAST
                VALUE   (LST)  VALUE       VALUE  FROM      YEAR
                                                  NORMAL
..................................................................
TEMPERATURE (F)
 YESTERDAY
  MAXIMUM         54    219 PM  70    1965  54      0       55
  MINIMUM         43   1159 PM  29    1953  42      1       52
  AVERAGE         49                        48      1       54

PRECIPITATION (IN)
  YESTERDAY        T             6.55 1972   0.25  -0.25     0.54
  MONTH TO DATE    T                         0.50  -0.50     0.57
  SINCE OCT 1     30.49                     45.01 -14.52    16.15
  SINCE JAN 1      9.66                     19.77 -10.11    12.21

SNOWFALL (IN)
  YESTERDAY       MM            MM      MM  MM     MM        0.0
  MONTH TO DATE    0.0                      MM     MM        0.0
  SINCE MAR 1      0.0                      MM     MM        0.0
  SINCE JUL 1      0.0                      MM     MM        0.0
  SNOW DEPTH       0

DEGREE DAYS
 HEATING
  YESTERDAY       16                        17     -1       11
  MONTH TO DATE   31                        34     -3       22
  SINCE MAR 1     31                        34     -3       22
  SINCE JUL 1   2252                      3207   -955     3188

 COOLING
  YESTERDAY        0                         0      0        0
  MONTH TO DATE    0                         0      0        0
  SINCE MAR 1      0                         0      0        0
  SINCE JAN 1      0                         0      0        0
..................................................................


WIND (MPH)
  HIGHEST WIND SPEED    28   HIGHEST WIND DIRECTION    NW (330)
  HIGHEST GUST SPEED    42   HIGHEST GUST DIRECTION    NW (330)
  AVERAGE WIND SPEED    15.0


SKY COVER
  AVERAGE SKY COVER 0.3


WEATHER CONDITIONS
 THE FOLLOWING WEATHER WAS RECORDED YESTERDAY.
  NO SIGNIFICANT WEATHER WAS OBSERVED.


RELATIVE HUMIDITY (PERCENT)
 HIGHEST    86
 LOWEST     63
 AVERAGE    75

..........................................................


THE CRESCENT CITY CA CLIMATE NORMALS FOR TODAY
                         NORMAL    RECORD    YEAR
 MAXIMUM TEMPERATURE (F)   54        69      1965
 MINIMUM TEMPERATURE (F)   42        29      1951


SUNRISE AND SUNSET
MARCH  3 2015.........SUNRISE   649 AM PST   SUNSET   610 PM PST
MARCH  4 2015.........SUNRISE   647 AM PST   SUNSET   611 PM PST


-  INDICATES NEGATIVE NUMBERS.
R  INDICATES RECORD WAS SET OR TIED.
MM INDICATES DATA IS MISSING.
T  INDICATES TRACE AMOUNT.




$$
