000
CDUS46 KEKA 241215
CLICEC


CLIMATE REPORT
NATIONAL WEATHER SERVICE EUREKA CA
515 AM PDT SUN MAY 24 2015


...................................

...THE CRESCENT CITY CA CLIMATE SUMMARY FOR MAY 23 2015...

CLIMATE NORMAL PERIOD 1981 TO 2010
CLIMATE RECORD PERIOD 1894 TO 2015


WEATHER ITEM   OBSERVED TIME   RECORD YEAR NORMAL DEPARTURE LAST
                VALUE   (LST)  VALUE       VALUE  FROM      YEAR
                                                  NORMAL
..................................................................
TEMPERATURE (F)
 YESTERDAY
  MAXIMUM         59    111 PM  71    1992  59      0       60
  MINIMUM         50    925 PM  37    2002  47      3       51
  AVERAGE         55                        53      2       56

PRECIPITATION (IN)
  YESTERDAY        0.00          1.02 1989   0.08  -0.08     0.01
  MONTH TO DATE    T                         2.34  -2.34     1.49
  SINCE OCT 1     41.20                     59.91 -18.71    26.70
  SINCE JAN 1     20.37                     34.67 -14.30    22.76

SNOWFALL (IN)
  YESTERDAY        0.0          MM      MM  MM     MM        0.0
  MONTH TO DATE    0.0                      MM     MM        0.0
  SINCE MAR 1      0.0                      MM     MM        0.0
  SINCE JUL 1      0.0                      MM     MM        0.0
  SNOW DEPTH       0

DEGREE DAYS
 HEATING
  YESTERDAY       10                        12     -2        9
  MONTH TO DATE  291                       301    -10      246
  SINCE MAR 1   1167                      1285   -118     1105
  SINCE JUL 1   3388                      4458  -1070     4271

 COOLING
  YESTERDAY        0                         0      0        0
  MONTH TO DATE    0                         0      0        0
  SINCE MAR 1      0                         0      0        0
  SINCE JAN 1      0                         0      0        0
..................................................................


WIND (MPH)
  HIGHEST WIND SPEED    23   HIGHEST WIND DIRECTION     N (340)
  HIGHEST GUST SPEED    32   HIGHEST GUST DIRECTION    NW (330)
  AVERAGE WIND SPEED    10.5


SKY COVER
  AVERAGE SKY COVER 0.4


WEATHER CONDITIONS
 THE FOLLOWING WEATHER WAS RECORDED YESTERDAY.
  FOG


RELATIVE HUMIDITY (PERCENT)
 HIGHEST   100
 LOWEST     80
 AVERAGE    90

..........................................................


THE CRESCENT CITY CA CLIMATE NORMALS FOR TODAY
                         NORMAL    RECORD    YEAR
 MAXIMUM TEMPERATURE (F)   59        81      1982
 MINIMUM TEMPERATURE (F)   48        38      1962


SUNRISE AND SUNSET
MAY 24 2015...........SUNRISE   549 AM PDT   SUNSET   839 PM PDT
MAY 25 2015...........SUNRISE   549 AM PDT   SUNSET   839 PM PDT


-  INDICATES NEGATIVE NUMBERS.
R  INDICATES RECORD WAS SET OR TIED.
MM INDICATES DATA IS MISSING.
T  INDICATES TRACE AMOUNT.




$$
