000
CDUS46 KEKA 211210
CLICEC


CLIMATE REPORT
NATIONAL WEATHER SERVICE EUREKA CA
509 AM PDT SAT OCT 21 2017


...................................

...THE CRESCENT CITY CA CLIMATE SUMMARY FOR OCTOBER 20 2017...

CLIMATE NORMAL PERIOD 1981 TO 2010
CLIMATE RECORD PERIOD 1894 TO 2017


WEATHER ITEM   OBSERVED TIME   RECORD YEAR NORMAL DEPARTURE LAST
                VALUE   (LST)  VALUE       VALUE  FROM      YEAR
                                                  NORMAL
..................................................................
TEMPERATURE (F)
 YESTERDAY
  MAXIMUM         56    312 PM  83    1998  60     -4       65
  MINIMUM         48    918 PM  35    1996  46      2       51
  AVERAGE         52                        53     -1       58

PRECIPITATION (IN)
  YESTERDAY        0.01          2.12 2000   0.16  -0.15     0.00
  MONTH TO DATE    1.50                      2.01  -0.51    10.02
  SINCE OCT 1      1.50                      2.01  -0.51    10.02
  SINCE JAN 1     51.98                     40.80  11.18    42.80

SNOWFALL (IN)
  YESTERDAY       MM            MM      MM  MM     MM        0.0
  MONTH TO DATE    0.0                      MM     MM        0.0
  SINCE SEP 1      0.0                      MM     MM        0.0
  SINCE JUL 1      0.0                      MM     MM        0.0
  SNOW DEPTH       0

DEGREE DAYS
 HEATING
  YESTERDAY       13                        12      1        7
  MONTH TO DATE  244                       225     19      171
  SINCE SEP 1    449                       509    -60      404
  SINCE JUL 1    947                      1029    -82      902

 COOLING
  YESTERDAY        0                         0      0        0
  MONTH TO DATE    0                         0      0        0
  SINCE SEP 1      6                         0      6        0
  SINCE JAN 1      6                         0      6        0
..................................................................


WIND (MPH)
  HIGHEST WIND SPEED    18   HIGHEST WIND DIRECTION     S (160)
  HIGHEST GUST SPEED    23   HIGHEST GUST DIRECTION     S (160)
  AVERAGE WIND SPEED    12.0


SKY COVER
  AVERAGE SKY COVER 0.8


WEATHER CONDITIONS
 THE FOLLOWING WEATHER WAS RECORDED YESTERDAY.
  LIGHT RAIN
  FOG


RELATIVE HUMIDITY (PERCENT)
 HIGHEST    93
 LOWEST     77
 AVERAGE    85

..........................................................


THE CRESCENT CITY CA CLIMATE NORMALS FOR TODAY
                         NORMAL    RECORD    YEAR
 MAXIMUM TEMPERATURE (F)   60        78      1998
 MINIMUM TEMPERATURE (F)   46        35      1949


SUNRISE AND SUNSET
OCTOBER 21 2017.......SUNRISE   736 AM PDT   SUNSET   626 PM PDT
OCTOBER 22 2017.......SUNRISE   738 AM PDT   SUNSET   624 PM PDT


-  INDICATES NEGATIVE NUMBERS.
R  INDICATES RECORD WAS SET OR TIED.
MM INDICATES DATA IS MISSING.
T  INDICATES TRACE AMOUNT.




$$
