000
CDUS46 KEKA 191211
CLICEC


CLIMATE REPORT
NATIONAL WEATHER SERVICE EUREKA CA
409 AM PST SUN FEB 19 2017


...................................

...THE CRESCENT CITY CA CLIMATE SUMMARY FOR FEBRUARY 18 2017...

CLIMATE NORMAL PERIOD 1981 TO 2010
CLIMATE RECORD PERIOD 1894 TO 2017


WEATHER ITEM   OBSERVED TIME   RECORD YEAR NORMAL DEPARTURE LAST
                VALUE   (LST)  VALUE       VALUE  FROM      YEAR
                                                  NORMAL
..................................................................
TEMPERATURE (F)
 YESTERDAY
  MAXIMUM         53   1249 PM  70    1977  53      0       54
  MINIMUM         45    840 PM  31    1956  42      3       47
  AVERAGE         49                        48      1       51

PRECIPITATION (IN)
  YESTERDAY        0.13          2.81 1983   0.30  -0.17     0.80
  MONTH TO DATE   10.66                      5.88   4.78     2.30
  SINCE OCT 1     67.98                     41.51  26.47    51.41
  SINCE JAN 1     22.88                     16.27   6.61    16.73

SNOWFALL (IN)
  YESTERDAY       MM            MM      MM  MM     MM        0.0
  MONTH TO DATE    0.0                      MM     MM        0.0
  SINCE DEC 1      0.0                      MM     MM        0.0
  SINCE JUL 1      0.0                      MM     MM        0.0
  SNOW DEPTH       0

DEGREE DAYS
 HEATING
  YESTERDAY       16                        17     -1       14
  MONTH TO DATE  236                       320    -84      223
  SINCE DEC 1   1428                      1389     39     1151
  SINCE JUL 1   2761                      3006   -245     2320

 COOLING
  YESTERDAY        0                         0      0        0
  MONTH TO DATE    0                         0      0        0
  SINCE DEC 1      0                         0      0        0
  SINCE JAN 1      0                         0      0        0
..................................................................


WIND (MPH)
  HIGHEST WIND SPEED    29   HIGHEST WIND DIRECTION     S (180)
  HIGHEST GUST SPEED    36   HIGHEST GUST DIRECTION     S (170)
  AVERAGE WIND SPEED    17.1


SKY COVER
  AVERAGE SKY COVER 1.0


WEATHER CONDITIONS
 THE FOLLOWING WEATHER WAS RECORDED YESTERDAY.
  LIGHT RAIN
  FOG
  HAZE


RELATIVE HUMIDITY (PERCENT)
 HIGHEST   100
 LOWEST     66
 AVERAGE    83

..........................................................


THE CRESCENT CITY CA CLIMATE NORMALS FOR TODAY
                         NORMAL    RECORD    YEAR
 MAXIMUM TEMPERATURE (F)   53        67      1995
 MINIMUM TEMPERATURE (F)   42        30      1990


SUNRISE AND SUNSET
FEBRUARY 19 2017......SUNRISE   706 AM PST   SUNSET   556 PM PST
FEBRUARY 20 2017......SUNRISE   705 AM PST   SUNSET   557 PM PST


-  INDICATES NEGATIVE NUMBERS.
R  INDICATES RECORD WAS SET OR TIED.
MM INDICATES DATA IS MISSING.
T  INDICATES TRACE AMOUNT.




$$
