000
CDUS45 KGJT 240730
CLICEZ


CLIMATE REPORT
NATIONAL WEATHER SERVICE GRAND JUNCTION CO
1228 AM MST FRI FEB 24 2017


...................................

...THE CORTEZ CO CLIMATE SUMMARY FOR FEBRUARY 23 2017...

CLIMATE NORMAL PERIOD 1981 TO 2010
CLIMATE RECORD PERIOD 9999 TO 9999


WEATHER ITEM   OBSERVED TIME   RECORD YEAR NORMAL DEPARTURE LAST
                VALUE   (LST)  VALUE       VALUE  FROM      YEAR
                                                  NORMAL
..................................................................
TEMPERATURE (F)
 YESTERDAY
  MAXIMUM         44   1237 AM  MM      MM  48     -4       41
  MINIMUM         21   1148 PM  MM      MM  20      1       22
  AVERAGE         33                        34     -1       32

PRECIPITATION (IN)
  YESTERDAY        0.02         MM      MM   0.03  -0.01     0.01
  MONTH TO DATE    0.38                      0.73  -0.35     0.43
  SINCE DEC 1      4.36                      2.61   1.75     2.34
  SINCE JAN 1      2.60                      1.74   0.86     1.56

SNOWFALL (IN)
  YESTERDAY       MM            MM      MM  MM     MM       MM
  MONTH TO DATE   MM                        MM     MM       MM
  SINCE DEC 1     MM                        MM     MM       MM
  SINCE JUL 1     MM                        MM     MM       MM
  SNOW DEPTH      MM

DEGREE DAYS
 HEATING
  YESTERDAY       32                        31      1       33
  MONTH TO DATE  553                       772   -219      735
  SINCE DEC 1   2704                      3052   -348     3221
  SINCE JUL 1   3938                      4577   -639     4426

 COOLING
  YESTERDAY        0                         0      0        0
  MONTH TO DATE    0                         0      0        0
  SINCE DEC 1      0                         0      0        0
  SINCE JAN 1      0                         0      0        0
..................................................................


WIND (MPH)
  HIGHEST WIND SPEED    28   HIGHEST WIND DIRECTION     W (270)
  HIGHEST GUST SPEED    35   HIGHEST GUST DIRECTION     W (280)
  AVERAGE WIND SPEED    12.7


SKY COVER
  POSSIBLE SUNSHINE  MM
  AVERAGE SKY COVER 0.5


WEATHER CONDITIONS
 THE FOLLOWING WEATHER WAS RECORDED YESTERDAY.
  LIGHT RAIN
  LIGHT SNOW
  FOG


RELATIVE HUMIDITY (PERCENT)
 HIGHEST    96           500 AM
 LOWEST     19           200 PM
 AVERAGE    58

..........................................................


THE CORTEZ CO CLIMATE NORMALS FOR TODAY
                         NORMAL    RECORD    YEAR
 MAXIMUM TEMPERATURE (F)   48        MM        MM
 MINIMUM TEMPERATURE (F)   20        MM        MM


SUNRISE AND SUNSET
FEBRUARY 24 2017......SUNRISE   652 AM MST   SUNSET   604 PM MST
FEBRUARY 25 2017......SUNRISE   651 AM MST   SUNSET   605 PM MST


-  INDICATES NEGATIVE NUMBERS.
R  INDICATES RECORD WAS SET OR TIED.
MM INDICATES DATA IS MISSING.
T  INDICATES TRACE AMOUNT.




$$
