000
CDUS43 KPAH 282129
CLICGI


CLIMATE REPORT
NATIONAL WEATHER SERVICE PADUCAH KY
428 PM CDT WED JUN 28 2017


...................................

...THE CAPE GIRARDEAU MO CLIMATE SUMMARY FOR JUNE 28 2017...
VALID TODAY AS OF 0400 PM LOCAL TIME.

CLIMATE NORMAL PERIOD 1981 TO 2010
CLIMATE RECORD PERIOD 1960 TO 2017


WEATHER ITEM   OBSERVED TIME   RECORD YEAR NORMAL DEPARTURE LAST
                VALUE   (LST)  VALUE       VALUE  FROM      YEAR
                                                  NORMAL
..................................................................
TEMPERATURE (F)
 TODAY
  MAXIMUM         85    119 PM 103    2012  89     -4       92
  MINIMUM         60    141 AM  55    1974  67     -7       65
  AVERAGE         73                        78     -5

PRECIPITATION (IN)
  TODAY            0.00          3.63 1989   0.12  -0.12     0.16
  MONTH TO DATE    2.95                      3.35  -0.40     1.28
  SINCE JUN 1      2.95                      3.35  -0.40     1.28
  SINCE JAN 1     22.17                     24.45  -2.28    24.56

DEGREE DAYS
 HEATING
  TODAY            0                         0      0        0
  MONTH TO DATE    0                         1     -1        0
  SINCE JUN 1      0                         1     -1        0
  SINCE JUL 1   3430                      4387   -957     3571

 COOLING
  TODAY            8                        13     -5       14
  MONTH TO DATE  283                       284     -1      394
  SINCE JUN 1    283                       284     -1      394
  SINCE JAN 1    458                       436     22      515
..................................................................


WIND (MPH)
  HIGHEST WIND SPEED    17   HIGHEST WIND DIRECTION     S (200)
  HIGHEST GUST SPEED    23   HIGHEST GUST DIRECTION    SW (210)
  AVERAGE WIND SPEED     7.6


SKY COVER
  AVERAGE SKY COVER 0.0


WEATHER CONDITIONS
 THE FOLLOWING WEATHER WAS RECORDED TODAY.
  NO SIGNIFICANT WEATHER WAS OBSERVED.


RELATIVE HUMIDITY (PERCENT)
 HIGHEST    84
 LOWEST     48
 AVERAGE    66

..........................................................


THE CAPE GIRARDEAU MO CLIMATE NORMALS FOR TOMORROW
                         NORMAL
 MAXIMUM TEMPERATURE (F)   89
 MINIMUM TEMPERATURE (F)   67


SUNRISE AND SUNSET
JUNE 28 2017..........SUNRISE   541 AM CDT   SUNSET   823 PM CDT
JUNE 29 2017..........SUNRISE   541 AM CDT   SUNSET   823 PM CDT


-  INDICATES NEGATIVE NUMBERS.
R  INDICATES RECORD WAS SET OR TIED.
MM INDICATES DATA IS MISSING.
T  INDICATES TRACE AMOUNT.




$$
