000
CDUS43 KPAH 010628
CLICGI


CLIMATE REPORT
NATIONAL WEATHER SERVICE PADUCAH KY
127 AM CDT MON SEP 1 2014

...................................

...THE CAPE GIRARDEAU MO CLIMATE SUMMARY FOR AUGUST 31 2014...

CLIMATE NORMAL PERIOD 1981 TO 2010
CLIMATE RECORD PERIOD 1960 TO 2014

WEATHER ITEM   OBSERVED TIME   RECORD YEAR NORMAL DEPARTURE LAST
                VALUE   (LST)  VALUE       VALUE  FROM      YEAR
                                                  NORMAL
..................................................................
TEMPERATURE (F)
 YESTERDAY
  MAXIMUM         84    429 PM  98    1995  87     -3       95
  MINIMUM         73    637 AM  49    2009  63     10       74
  AVERAGE         79                        75      4

PRECIPITATION (IN)
  YESTERDAY        0.00          1.12 2001   0.10  -0.10     0.00
  MONTH TO DATE    3.49                      3.02   0.47     3.53
  SINCE JUN 1     13.91                      9.95   3.96    12.06
  SINCE JAN 1     32.30                     31.05   1.25    28.23

DEGREE DAYS
 HEATING
  YESTERDAY        0                         0      0        0
  MONTH TO DATE    0                         0      0        1
  SINCE JUN 1      0                         5     -5        1
  SINCE JUL 1      0                         1     -1        1

 COOLING
  YESTERDAY       14                        10      4       20
  MONTH TO DATE  394                       374     20      337
  SINCE JUN 1   1028                      1108    -80     1010
  SINCE JAN 1   1239                      1260    -21     1181
..................................................................

WIND (MPH)
  HIGHEST WIND SPEED    12   HIGHEST WIND DIRECTION     S (190)
  HIGHEST GUST SPEED    16   HIGHEST GUST DIRECTION    SW (210)
  AVERAGE WIND SPEED     6.0

SKY COVER
  AVERAGE SKY COVER 0.7

WEATHER CONDITIONS
 THE FOLLOWING WEATHER WAS RECORDED YESTERDAY.
  NO SIGNIFICANT WEATHER WAS OBSERVED.

RELATIVE HUMIDITY (PERCENT)
 HIGHEST    93
 LOWEST     69
 AVERAGE    81
..........................................................

THE CAPE GIRARDEAU MO CLIMATE NORMALS FOR TODAY
                         NORMAL    RECORD    YEAR
 MAXIMUM TEMPERATURE (F)   86        97      2011
 MINIMUM TEMPERATURE (F)   62        49      1967

SUNRISE AND SUNSET
SEPTEMBER  1 2014.....SUNRISE   629 AM CDT   SUNSET   727 PM CDT
SEPTEMBER  2 2014.....SUNRISE   630 AM CDT   SUNSET   726 PM CDT

-  INDICATES NEGATIVE NUMBERS.
R  INDICATES RECORD WAS SET OR TIED.
MM INDICATES DATA IS MISSING.
T  INDICATES TRACE AMOUNT.

$$
