000
CDUS43 KPAH 220635
CLICGI


CLIMATE REPORT
NATIONAL WEATHER SERVICE PADUCAH KY
131 AM CDT WED OCT 22 2014


...................................

...THE CAPE GIRARDEAU MO CLIMATE SUMMARY FOR OCTOBER 21 2014...

CLIMATE NORMAL PERIOD 1981 TO 2010
CLIMATE RECORD PERIOD 1960 TO 2014


WEATHER ITEM   OBSERVED TIME   RECORD YEAR NORMAL DEPARTURE LAST
                VALUE   (LST)  VALUE       VALUE  FROM      YEAR
                                                  NORMAL
..................................................................
TEMPERATURE (F)
 YESTERDAY
  MAXIMUM         72    205 PM  87    1963  69      3       67
  MINIMUM         40    602 AM  26    1976  44     -4       40
  AVERAGE         56                        56      0

PRECIPITATION (IN)
  YESTERDAY        0.00          1.25 1983   0.13  -0.13     0.00
  MONTH TO DATE    3.93                      2.51   1.42     2.55
  SINCE SEP 1      5.98                      5.79   0.19     2.99
  SINCE JAN 1     38.28                     36.84   1.44    31.22

DEGREE DAYS
 HEATING
  YESTERDAY        9                         9      0       11
  MONTH TO DATE  108                       147    -39      107
  SINCE SEP 1    154                       195    -41      117
  SINCE JUL 1    154                       196    -42      118

 COOLING
  YESTERDAY        0                         1     -1        0
  MONTH TO DATE   27                        28     -1       44
  SINCE SEP 1    172                       190    -18      256
  SINCE JAN 1   1411                      1450    -39     1437
..................................................................


WIND (MPH)
  HIGHEST WIND SPEED    15   HIGHEST WIND DIRECTION     N (350)
  HIGHEST GUST SPEED    21   HIGHEST GUST DIRECTION     N (10)
  AVERAGE WIND SPEED     5.6


SKY COVER
  AVERAGE SKY COVER 0.0


WEATHER CONDITIONS
 THE FOLLOWING WEATHER WAS RECORDED YESTERDAY.
  FOG
  FOG W/VISIBILITY <= 1/4 MILE


RELATIVE HUMIDITY (PERCENT)
 HIGHEST   100
 LOWEST     38
 AVERAGE    69

..........................................................


THE CAPE GIRARDEAU MO CLIMATE NORMALS FOR TODAY
                         NORMAL    RECORD    YEAR
 MAXIMUM TEMPERATURE (F)   69        85      1963
 MINIMUM TEMPERATURE (F)   43        28      1982


SUNRISE AND SUNSET
OCTOBER 22 2014.......SUNRISE   713 AM CDT   SUNSET   612 PM CDT
OCTOBER 23 2014.......SUNRISE   714 AM CDT   SUNSET   611 PM CDT


-  INDICATES NEGATIVE NUMBERS.
R  INDICATES RECORD WAS SET OR TIED.
MM INDICATES DATA IS MISSING.
T  INDICATES TRACE AMOUNT.




$$
