000
CDUS43 KPAH 300632
CLICGI


CLIMATE REPORT
NATIONAL WEATHER SERVICE PADUCAH KY
130 AM CDT FRI SEP 30 2016

...................................

...THE CAPE GIRARDEAU MO CLIMATE SUMMARY FOR SEPTEMBER 29 2016...

CLIMATE NORMAL PERIOD 1981 TO 2010
CLIMATE RECORD PERIOD 1960 TO 2016

WEATHER ITEM   OBSERVED TIME   RECORD YEAR NORMAL DEPARTURE LAST
                VALUE   (LST)  VALUE       VALUE  FROM      YEAR
                                                  NORMAL
..................................................................
TEMPERATURE (F)
 YESTERDAY
  MAXIMUM         69    206 PM  95    1998  76     -7       77
  MINIMUM         48    611 AM  35    2003  51     -3       68
  AVERAGE         59                        63     -4

PRECIPITATION (IN)
  YESTERDAY        0.02          0.70 1972   0.10  -0.08     0.14
  MONTH TO DATE    5.03                      3.17   1.86     1.65
  SINCE SEP 1      5.03                      3.17   1.86     1.65
  SINCE JAN 1     41.73                     34.22   7.51    45.20

DEGREE DAYS
 HEATING
  YESTERDAY        6                         4      2        0
  MONTH TO DATE   16                        41    -25       14
  SINCE SEP 1     16                        41    -25       14
  SINCE JUL 1     16                        42    -26       14

 COOLING
  YESTERDAY        0                         3     -3        8
  MONTH TO DATE  257                       161     96      186
  SINCE SEP 1    257                       161     96      186
  SINCE JAN 1   1700                      1421    279     1515
..................................................................

WIND (MPH)
  HIGHEST WIND SPEED    18   HIGHEST WIND DIRECTION    NW (330)
  HIGHEST GUST SPEED    26   HIGHEST GUST DIRECTION     N (340)
  AVERAGE WIND SPEED     6.9

SKY COVER
  AVERAGE SKY COVER 0.6

WEATHER CONDITIONS
 THE FOLLOWING WEATHER WAS RECORDED YESTERDAY.
  LIGHT RAIN
  FOG

RELATIVE HUMIDITY (PERCENT)
 HIGHEST   100
 LOWEST     59
 AVERAGE    80
..........................................................

THE CAPE GIRARDEAU MO CLIMATE NORMALS FOR TODAY
                         NORMAL    RECORD    YEAR
 MAXIMUM TEMPERATURE (F)   76        95      1971
 MINIMUM TEMPERATURE (F)   50        33      1999

SUNRISE AND SUNSET
SEPTEMBER 30 2016.....SUNRISE   653 AM CDT   SUNSET   642 PM CDT
OCTOBER  1 2016.......SUNRISE   654 AM CDT   SUNSET   641 PM CDT

-  INDICATES NEGATIVE NUMBERS.
R  INDICATES RECORD WAS SET OR TIED.
MM INDICATES DATA IS MISSING.
T  INDICATES TRACE AMOUNT.

$$
