000
CDUS43 KPAH 100629
CLICGI


CLIMATE REPORT
NATIONAL WEATHER SERVICE PADUCAH KY
1227 AM CST WED FEB 10 2016


...................................

...THE CAPE GIRARDEAU MO CLIMATE SUMMARY FOR FEBRUARY 9 2016...

CLIMATE NORMAL PERIOD 1981 TO 2010
CLIMATE RECORD PERIOD 1960 TO 2016


WEATHER ITEM   OBSERVED TIME   RECORD YEAR NORMAL DEPARTURE LAST
                VALUE   (LST)  VALUE       VALUE  FROM      YEAR
                                                  NORMAL
..................................................................
TEMPERATURE (F)
 YESTERDAY
  MAXIMUM         28   1248 AM  69    2009  46    -18       47
  MINIMUM         17   1127 PM  -2    1979  27    -10       32
  AVERAGE         23                        36    -13

PRECIPITATION (IN)
  YESTERDAY        0.01          2.16 1965   0.12  -0.11     0.00
  MONTH TO DATE    0.04                      1.11  -1.07     0.73
  SINCE DEC 1      4.09                      8.83  -4.74     8.31
  SINCE JAN 1      1.70                      4.58  -2.88     5.50

DEGREE DAYS
 HEATING
  YESTERDAY       42                        29     13       25
  MONTH TO DATE  222                       267    -45      253
  SINCE DEC 1   1737                      2154   -417     1966
  SINCE JUL 1   2387                      3005   -618     2962

 COOLING
  YESTERDAY        0                         0      0        0
  MONTH TO DATE    0                         0      0        0
  SINCE DEC 1      2                         0      2        0
  SINCE JAN 1      0                         0      0        0
..................................................................


WIND (MPH)
  HIGHEST WIND SPEED    28   HIGHEST WIND DIRECTION    NW (320)
  HIGHEST GUST SPEED    35   HIGHEST GUST DIRECTION    NW (330)
  AVERAGE WIND SPEED    11.4


SKY COVER
  AVERAGE SKY COVER 0.9


WEATHER CONDITIONS
 THE FOLLOWING WEATHER WAS RECORDED YESTERDAY.
  SNOW
  LIGHT SNOW
  FOG


RELATIVE HUMIDITY (PERCENT)
 HIGHEST    84
 LOWEST     55
 AVERAGE    70

..........................................................


THE CAPE GIRARDEAU MO CLIMATE NORMALS FOR TODAY
                         NORMAL    RECORD    YEAR
 MAXIMUM TEMPERATURE (F)   46        68      1996
 MINIMUM TEMPERATURE (F)   27        -3      2011


SUNRISE AND SUNSET
FEBRUARY 10 2016......SUNRISE   653 AM CST   SUNSET   532 PM CST
FEBRUARY 11 2016......SUNRISE   652 AM CST   SUNSET   533 PM CST


-  INDICATES NEGATIVE NUMBERS.
R  INDICATES RECORD WAS SET OR TIED.
MM INDICATES DATA IS MISSING.
T  INDICATES TRACE AMOUNT.




$$
