000
CDUS44 KMRX 020944
CLICHA

CLIMATE REPORT
NATIONAL WEATHER SERVICE MORRISTOWN TN
443 AM EST MON MAR 2 2015


...................................

...THE CHATTANOOGA  ASOS CLIMATE SUMMARY FOR MARCH 1 2015...

CLIMATE NORMAL PERIOD 1981 TO 2010
CLIMATE RECORD PERIOD 1879 TO 2015


WEATHER ITEM   OBSERVED TIME   RECORD YEAR NORMAL DEPARTURE LAST
                VALUE   (LST)  VALUE       VALUE  FROM      YEAR
                                                  NORMAL
..................................................................
TEMPERATURE (F)
 YESTERDAY
  MAXIMUM         50    319 PM  79    1997  59     -9       56
                                      1951
  MINIMUM         42    732 AM  17    1914  37      5       43
  AVERAGE         46                        48     -2       50

PRECIPITATION (IN)
  YESTERDAY        0.04          3.55 1922   0.17  -0.13      T
  MONTH TO DATE    0.04                      0.17  -0.13      T
  SINCE MAR 1      0.04                      0.17  -0.13      T
  SINCE JAN 1      7.03                      9.92  -2.89     7.59

SNOWFALL (IN)
  YESTERDAY        0.0                       0.1   -0.1      0.0
  MONTH TO DATE    0.0                       0.1   -0.1      0.0
  SINCE MAR 1      0.0                       0.1   -0.1      0.0
  SINCE JUL 1      9.5                       2.7    6.8      8.4
  SNOW DEPTH       0

DEGREE DAYS
 HEATING
  YESTERDAY       19                        17      2       15
  MONTH TO DATE   19                        17      2       15
  SINCE MAR 1     19                        17      2       15
  SINCE JUL 1   2852                      2639    213     2809

 COOLING
  YESTERDAY        0                         0      0        0
  MONTH TO DATE    0                         0      0        0
  SINCE MAR 1      0                         0      0        0
  SINCE JAN 1      0                         0      0        0
..................................................................


WIND (MPH)
  HIGHEST WIND SPEED    18   HIGHEST WIND DIRECTION     S (170)
  HIGHEST GUST SPEED    26   HIGHEST GUST DIRECTION     S (180)
  AVERAGE WIND SPEED     6.2


SKY COVER
  POSSIBLE SUNSHINE  MM
  AVERAGE SKY COVER 1.0


WEATHER CONDITIONS
 THE FOLLOWING WEATHER WAS RECORDED YESTERDAY.
  LIGHT RAIN
  FOG
  HAZE


RELATIVE HUMIDITY (PERCENT)
 HIGHEST    93           900 PM
 LOWEST     49          1200 AM
 AVERAGE    71

..........................................................


THE CHATTANOOGA  ASOS CLIMATE NORMALS FOR TODAY
                         NORMAL    RECORD    YEAR
 MAXIMUM TEMPERATURE (F)   59        81      1951
 MINIMUM TEMPERATURE (F)   38        14      1980


SUNRISE AND SUNSET
MARCH  2 2015.........SUNRISE   709 AM EST   SUNSET   637 PM EST
MARCH  3 2015.........SUNRISE   708 AM EST   SUNSET   638 PM EST


-  INDICATES NEGATIVE NUMBERS.
R  INDICATES RECORD WAS SET OR TIED.
MM INDICATES DATA IS MISSING.
T  INDICATES TRACE AMOUNT.


$$
