000
CDUS44 KMRX 050902
CLICHA


CLIMATE REPORT
NATIONAL WEATHER SERVICE MORRISTOWN TN
501 AM EDT SAT SEP 5 2015


...................................

...THE CHATTANOOGA  ASOS CLIMATE SUMMARY FOR SEPTEMBER 4 2015...

CLIMATE NORMAL PERIOD 1981 TO 2010
CLIMATE RECORD PERIOD 1879 TO 2015


WEATHER ITEM   OBSERVED TIME   RECORD YEAR NORMAL DEPARTURE LAST
                VALUE   (LST)  VALUE       VALUE  FROM      YEAR
                                                  NORMAL
..................................................................
TEMPERATURE (F)
 YESTERDAY
  MAXIMUM         93    308 PM 102    1954  87      6       88
                                      1925
  MINIMUM         70    638 AM  51    1952  66      4       73
  AVERAGE         82                        76      6       81

PRECIPITATION (IN)
  YESTERDAY        0.00          2.99 1986   0.11  -0.11     0.00
  MONTH TO DATE    0.00                      0.47  -0.47     0.95
  SINCE SEP 1      0.00                      0.47  -0.47     0.95
  SINCE JAN 1     40.68                     35.73   4.95    29.60

DEGREE DAYS
 HEATING
  YESTERDAY        0                         0      0        0
  MONTH TO DATE    0                         0      0        0
  SINCE SEP 1      0                         0      0        0
  SINCE JUL 1      0                         0      0        0

 COOLING
  YESTERDAY       17                        11      6       16
  MONTH TO DATE   64                        47     17       65
  SINCE SEP 1     64                        47     17       65
  SINCE JAN 1   1711                      1497    214     1566
..................................................................


WIND (MPH)
  HIGHEST WIND SPEED    13   HIGHEST WIND DIRECTION     N (10)
  HIGHEST GUST SPEED    18   HIGHEST GUST DIRECTION     N (360)
  AVERAGE WIND SPEED     4.4


SKY COVER
  POSSIBLE SUNSHINE  MM
  AVERAGE SKY COVER 0.3


WEATHER CONDITIONS
 THE FOLLOWING WEATHER WAS RECORDED YESTERDAY.
  FOG


RELATIVE HUMIDITY (PERCENT)
 HIGHEST    93           100 AM
 LOWEST     44           400 PM
 AVERAGE    69

..........................................................


THE CHATTANOOGA  ASOS CLIMATE NORMALS FOR TODAY
                         NORMAL    RECORD    YEAR
 MAXIMUM TEMPERATURE (F)   87       104      1925
 MINIMUM TEMPERATURE (F)   66        52      1997
                                             1952


SUNRISE AND SUNSET
SEPTEMBER  5 2015.....SUNRISE   716 AM EDT   SUNSET   802 PM EDT
SEPTEMBER  6 2015.....SUNRISE   717 AM EDT   SUNSET   801 PM EDT


-  INDICATES NEGATIVE NUMBERS.
R  INDICATES RECORD WAS SET OR TIED.
MM INDICATES DATA IS MISSING.
T  INDICATES TRACE AMOUNT.




$$
