000
CDUS44 KMRX 270812
CLICHA

CLIMATE REPORT
NATIONAL WEATHER SERVICE MORRISTOWN TN
411 AM EDT WED MAY 27 2015


...................................

...THE CHATTANOOGA CLIMATE SUMMARY FOR MAY 26 2015...

CLIMATE NORMAL PERIOD 1981 TO 2010
CLIMATE RECORD PERIOD 1879 TO 2015


WEATHER ITEM   OBSERVED TIME   RECORD YEAR NORMAL DEPARTURE LAST
                VALUE   (LST)  VALUE       VALUE  FROM      YEAR
                                                  NORMAL
..................................................................
TEMPERATURE (F)
 YESTERDAY
  MAXIMUM         82   1249 PM  94    1962  82      0       87
                                      1953
  MINIMUM         67   1159 PM  40    1979  60      7       65
  AVERAGE         75                        71      4       76

PRECIPITATION (IN)
  YESTERDAY        0.32          1.64 1974   0.13   0.19     0.02
  MONTH TO DATE    2.09                      3.47  -1.38     1.82
  SINCE MAR 1     15.57                     12.44   3.13     9.67
  SINCE JAN 1     22.56                     22.19   0.37    17.26

SNOWFALL (IN)
  YESTERDAY        0.0                       0.0    0.0      0.0
  MONTH TO DATE    0.0                       0.0    0.0      0.0
  SINCE MAR 1      0.0                       1.3   -1.3       T
  SINCE JUL 1      9.5                       3.9    5.6      8.4
  SNOW DEPTH       0

DEGREE DAYS
 HEATING
  YESTERDAY        0                         0      0        0
  MONTH TO DATE   13                        38    -25       47
  SINCE MAR 1    428                       616   -188      602
  SINCE JUL 1   3261                      3238     23     3396

 COOLING
  YESTERDAY       10                         7      3       11
  MONTH TO DATE  175                       112     63      157
  SINCE MAR 1    222                       158     64      195
  SINCE JAN 1    222                       158     64      195
..................................................................


WIND (MPH)
  HIGHEST WIND SPEED    15   HIGHEST WIND DIRECTION     S (190)
  HIGHEST GUST SPEED    23   HIGHEST GUST DIRECTION    SE (140)
  AVERAGE WIND SPEED     4.9


SKY COVER
  POSSIBLE SUNSHINE  MM
  AVERAGE SKY COVER 0.9


WEATHER CONDITIONS
 THE FOLLOWING WEATHER WAS RECORDED YESTERDAY.
  THUNDERSTORM
  HEAVY RAIN
  LIGHT RAIN
  FOG
  HAZE


RELATIVE HUMIDITY (PERCENT)
 HIGHEST   100          1200 AM
 LOWEST     69          1200 PM
 AVERAGE    85

..........................................................


THE CHATTANOOGA CLIMATE NORMALS FOR TODAY
                         NORMAL    RECORD    YEAR
 MAXIMUM TEMPERATURE (F)   83        95      1911
 MINIMUM TEMPERATURE (F)   61        41      1961


SUNRISE AND SUNSET
MAY 27 2015...........SUNRISE   630 AM EDT   SUNSET   846 PM EDT
MAY 28 2015...........SUNRISE   630 AM EDT   SUNSET   847 PM EDT


-  INDICATES NEGATIVE NUMBERS.
R  INDICATES RECORD WAS SET OR TIED.
MM INDICATES DATA IS MISSING.
T  INDICATES TRACE AMOUNT.




$$
