000
CDUS44 KMRX 281041
CLICHA

CLIMATE REPORT
NATIONAL WEATHER SERVICE MORRISTOWN TN
541 AM EST SUN DEC 28 2014


...................................

...THE CHATTANOOGA CLIMATE SUMMARY FOR DECEMBER 27 2014...

CLIMATE NORMAL PERIOD 1981 TO 2010
CLIMATE RECORD PERIOD 1879 TO 2014


WEATHER ITEM   OBSERVED TIME   RECORD YEAR NORMAL DEPARTURE LAST
                VALUE   (LST)  VALUE       VALUE  FROM      YEAR
                                                  NORMAL
..................................................................
TEMPERATURE (F)
 YESTERDAY
  MAXIMUM         57    450 PM  72    1982  50      7       54
                                      1889
  MINIMUM         38    404 AM   7    1925  32      6       26
  AVERAGE         48                        41      7       40

PRECIPITATION (IN)
  YESTERDAY        0.04          2.18 1932   0.15  -0.11     0.00
  MONTH TO DATE    3.81                      4.32  -0.51     6.61
  SINCE DEC 1      3.81                      4.32  -0.51     6.61
  SINCE JAN 1     44.69                     51.90  -7.21    67.40

SNOWFALL (IN)
  YESTERDAY        0.0                       0.0   -0.0      0.0
  MONTH TO DATE    0.0                       0.2   -0.2      0.0
  SINCE DEC 1      0.0                       0.2   -0.2      0.0
  SINCE JUL 1      T                         0.2   -0.2       T
  SNOW DEPTH       0

DEGREE DAYS
 HEATING
  YESTERDAY       17                        24     -7       25
  MONTH TO DATE  508                       598    -90      518
  SINCE DEC 1    508                       598    -90      518
  SINCE JUL 1   1184                      1187     -3     1149

 COOLING
  YESTERDAY        0                         0      0        0
  MONTH TO DATE    0                         0      0        4
  SINCE DEC 1      0                         0      0        4
  SINCE JAN 1   1910                      1741    169     1756
..................................................................


WIND (MPH)
  HIGHEST WIND SPEED    10   HIGHEST WIND DIRECTION     S (200)
  HIGHEST GUST SPEED    12   HIGHEST GUST DIRECTION     S (200)
  AVERAGE WIND SPEED     2.4


SKY COVER
  POSSIBLE SUNSHINE  MM
  AVERAGE SKY COVER  MM


WEATHER CONDITIONS
 THE FOLLOWING WEATHER WAS RECORDED YESTERDAY.
  LIGHT RAIN
  FOG


RELATIVE HUMIDITY (PERCENT)
 HIGHEST    93           100 AM
 LOWEST     55           400 PM
 AVERAGE    74

..........................................................


THE CHATTANOOGA CLIMATE NORMALS FOR TODAY
                         NORMAL    RECORD    YEAR
 MAXIMUM TEMPERATURE (F)   50        73      1889
 MINIMUM TEMPERATURE (F)   31         4      1925


SUNRISE AND SUNSET
DECEMBER 28 2014......SUNRISE   748 AM EST   SUNSET   537 PM EST
DECEMBER 29 2014......SUNRISE   748 AM EST   SUNSET   538 PM EST


-  INDICATES NEGATIVE NUMBERS.
R  INDICATES RECORD WAS SET OR TIED.
MM INDICATES DATA IS MISSING.
T  INDICATES TRACE AMOUNT.




$$
