000
CDUS44 KMRX 310823
CLICHA

MEMCLICHA 000
TTAA00 KMRX 310822


CLIMATE REPORT
NATIONAL WEATHER SERVICE MORRISTOWN TN
422 AM EDT SUN AUG 31 2014


...................................

...THE CHATTANOOGA CLIMATE SUMMARY FOR AUGUST 30 2014...

CLIMATE NORMAL PERIOD 1981 TO 2010
CLIMATE RECORD PERIOD 1879 TO 2014


WEATHER ITEM   OBSERVED TIME   RECORD YEAR NORMAL DEPARTURE LAST
                VALUE   (LST)  VALUE       VALUE  FROM      YEAR
                                                  NORMAL
..................................................................
TEMPERATURE (F)
 YESTERDAY
  MAXIMUM         90    235 PM  98    1993  88      2       90
  MINIMUM         70    610 AM  53    1992  67      3       74
  AVERAGE         80                        78      2       82

PRECIPITATION (IN)
  YESTERDAY        0.74          1.39 1955   0.10   0.64     0.04
  MONTH TO DATE    3.63                      3.38   0.25     6.57
  SINCE JUN 1     11.19                     12.34  -1.15    19.53
  SINCE JAN 1     28.48                     35.16  -6.68    54.20

SNOWFALL (IN)
  YESTERDAY        0.0                       0.0    0.0      0.0
  MONTH TO DATE    0.0                       0.0    0.0      0.0
  SINCE JUN 1      0.0                       0.0    0.0      0.0
  SINCE JUL 1      0.0                       0.0    0.0      0.0
  SNOW DEPTH       0

DEGREE DAYS
 HEATING
  YESTERDAY        0                         0      0        0
  MONTH TO DATE    0                         0      0        0
  SINCE JUN 1      0                         2     -2        0
  SINCE JUL 1      0                         0      0        0

 COOLING
  YESTERDAY       15                        13      2       17
  MONTH TO DATE  435                       434      1      393
  SINCE JUN 1   1231                      1242    -11     1197
  SINCE JAN 1   1489                      1438     51     1373
..................................................................


WIND (MPH)
  HIGHEST WIND SPEED    23   HIGHEST WIND DIRECTION    SE (130)
  HIGHEST GUST SPEED    31   HIGHEST GUST DIRECTION    SE (140)
  AVERAGE WIND SPEED     4.0


SKY COVER
  POSSIBLE SUNSHINE  MM
  AVERAGE SKY COVER  MM


WEATHER CONDITIONS
 THE FOLLOWING WEATHER WAS RECORDED YESTERDAY.
  THUNDERSTORM
  HEAVY RAIN
  RAIN
  LIGHT RAIN
  FOG


RELATIVE HUMIDITY (PERCENT)
 HIGHEST    90           600 AM
 LOWEST     47           300 PM
 AVERAGE    69

..........................................................


THE CHATTANOOGA CLIMATE NORMALS FOR TODAY
                         NORMAL    RECORD    YEAR
 MAXIMUM TEMPERATURE (F)   88        99      1993
 MINIMUM TEMPERATURE (F)   67        50      1946


SUNRISE AND SUNSET
AUGUST 31 2014........SUNRISE   713 AM EDT   SUNSET   809 PM EDT
SEPTEMBER  1 2014.....SUNRISE   713 AM EDT   SUNSET   807 PM EDT


-  INDICATES NEGATIVE NUMBERS.
R  INDICATES RECORD WAS SET OR TIED.
MM INDICATES DATA IS MISSING.
T  INDICATES TRACE AMOUNT.




$$
