149
CDUS44 KMRX 280851
CLICHA


CLIMATE REPORT
NATIONAL WEATHER SERVICE MORRISTOWN TN
451 AM EDT TUE MAR 28 2017


...................................

...THE CHATTANOOGA  ASOS CLIMATE SUMMARY FOR MARCH 27 2017...

CLIMATE NORMAL PERIOD 1981 TO 2010
CLIMATE RECORD PERIOD 1879 TO 2017


WEATHER ITEM   OBSERVED TIME   RECORD YEAR NORMAL DEPARTURE LAST
                VALUE   (LST)  VALUE       VALUE  FROM      YEAR
                                                  NORMAL
..................................................................
TEMPERATURE (F)
 YESTERDAY
  MAXIMUM         78    327 PM  86    1910  67     11       67
  MINIMUM         53    540 AM  17    1955  43     10       58
  AVERAGE         66                        55     11       63

PRECIPITATION (IN)
  YESTERDAY        1.13          6.19 1994   0.16   0.97     0.13
  MONTH TO DATE    3.97                      4.34  -0.37     2.52
  SINCE MAR 1      3.97                      4.34  -0.37     2.52
  SINCE JAN 1     12.40                     14.09  -1.69    13.26

SNOWFALL (IN)
  YESTERDAY        0.0                       0.1   -0.1      0.0
  MONTH TO DATE    T                         1.2   -1.2       T
  SINCE MAR 1      T                         1.2   -1.2       T
  SINCE JUL 1      0.3                       3.8   -3.5      0.5
  SNOW DEPTH       0

DEGREE DAYS
 HEATING
  YESTERDAY        0                        10    -10        2
  MONTH TO DATE  326                       365    -39      221
  SINCE MAR 1    326                       365    -39      221
  SINCE JUL 1   2137                      2987   -850     2306

 COOLING
  YESTERDAY        1                         0      1        0
  MONTH TO DATE   12                         0     12       12
  SINCE MAR 1     12                         0     12       12
  SINCE JAN 1     12                         0     12       12
..................................................................


WIND (MPH)
  HIGHEST WIND SPEED    24   HIGHEST WIND DIRECTION     S (200)
  HIGHEST GUST SPEED    30   HIGHEST GUST DIRECTION     S (200)
  AVERAGE WIND SPEED     4.7


SKY COVER
  POSSIBLE SUNSHINE  MM
  AVERAGE SKY COVER 0.7


WEATHER CONDITIONS
 THE FOLLOWING WEATHER WAS RECORDED YESTERDAY.
  THUNDERSTORM
  HEAVY RAIN
  RAIN
  LIGHT RAIN
  FOG


RELATIVE HUMIDITY (PERCENT)
 HIGHEST    93           200 AM
 LOWEST     47           300 PM
 AVERAGE    70

..........................................................


THE CHATTANOOGA  ASOS CLIMATE NORMALS FOR TODAY
                         NORMAL    RECORD    YEAR
 MAXIMUM TEMPERATURE (F)   68        87      1907
 MINIMUM TEMPERATURE (F)   44        25      1894


SUNRISE AND SUNSET
MARCH 28 2017.........SUNRISE   733 AM EDT   SUNSET   759 PM EDT
MARCH 29 2017.........SUNRISE   731 AM EDT   SUNSET   800 PM EDT


-  INDICATES NEGATIVE NUMBERS.
R  INDICATES RECORD WAS SET OR TIED.
MM INDICATES DATA IS MISSING.
T  INDICATES TRACE AMOUNT.




$$
