000
CDUS41 KLWX 310523
CLICHO


CLIMATE REPORT
NATIONAL WEATHER SERVICE BALTIMORE MD/WASHINGTON DC
122 AM EDT TUE MAY 31 2016


...................................

...THE CHARLOTTESVILLE VA CLIMATE SUMMARY FOR MAY 30 2016...

CLIMATE NORMAL PERIOD 1981 TO 2010
CLIMATE RECORD PERIOD 1889 TO 2016


WEATHER ITEM   OBSERVED TIME   RECORD YEAR NORMAL DEPARTURE LAST
                VALUE   (LST)  VALUE       VALUE  FROM      YEAR
                                                  NORMAL
..................................................................
TEMPERATURE (F)
 YESTERDAY
  MAXIMUM         84    349 PM  MM      MM  78      6       88
  MINIMUM         62    248 AM  MM      MM  56      6       66
  AVERAGE         73                        67      6       77

PRECIPITATION (IN)
  YESTERDAY        0.51                      0.15   0.36     0.00
  MONTH TO DATE    5.53                      3.83   1.70     1.67
  SINCE MAR 1     10.39                     10.85  -0.46     9.85
  SINCE JAN 1     16.51                     16.32   0.19    12.51

DEGREE DAYS
 HEATING
  YESTERDAY        0                         2     -2        0
  MONTH TO DATE  119                       120     -1       43
  SINCE MAR 1    722                      1020   -298      893
  SINCE JUL 1   3480                      4432   -952     4408

 COOLING
  YESTERDAY        8                         4      4       12
  MONTH TO DATE   76                        61     15      157
  SINCE MAR 1    103                        82     21      165
  SINCE JAN 1    103                        82     21      165
..................................................................


WIND (MPH)
  HIGHEST WIND SPEED    13   HIGHEST WIND DIRECTION    NW (320)
  HIGHEST GUST SPEED    16   HIGHEST GUST DIRECTION    NW (320)
  AVERAGE WIND SPEED     2.6


SKY COVER
  POSSIBLE SUNSHINE  MM
  AVERAGE SKY COVER 0.5


WEATHER CONDITIONS
 THE FOLLOWING WEATHER WAS RECORDED YESTERDAY.
  THUNDERSTORM
  HEAVY RAIN
  RAIN
  LIGHT RAIN
  FOG


RELATIVE HUMIDITY (PERCENT)
 HIGHEST    93           200 AM
 LOWEST     54          1100 AM
 AVERAGE    74

..........................................................


THE CHARLOTTESVILLE VA CLIMATE NORMALS FOR TODAY
                         NORMAL    RECORD    YEAR
 MAXIMUM TEMPERATURE (F)   79        MM        MM
 MINIMUM TEMPERATURE (F)   56        MM        MM


SUNRISE AND SUNSET
MAY 31 2016...........SUNRISE   553 AM EDT   SUNSET   831 PM EDT
JUNE  1 2016..........SUNRISE   552 AM EDT   SUNSET   831 PM EDT


-  INDICATES NEGATIVE NUMBERS.
R  INDICATES RECORD WAS SET OR TIED.
MM INDICATES DATA IS MISSING.
T  INDICATES TRACE AMOUNT.




$$
