000
CDUS41 KLWX 230521
CLICHO


CLIMATE REPORT
NATIONAL WEATHER SERVICE BALTIMORE MD/WASHINGTON DC
121 AM EDT WED APR 23 2014


...................................

...THE CHARLOTTESVILLE VA CLIMATE SUMMARY FOR APRIL 22 2014...

CLIMATE NORMAL PERIOD 1981 TO 2010
CLIMATE RECORD PERIOD 1889 TO 2014


WEATHER ITEM   OBSERVED TIME   RECORD YEAR NORMAL DEPARTURE LAST
                VALUE   (LST)  VALUE       VALUE  FROM      YEAR
                                                  NORMAL
..................................................................
TEMPERATURE (F)
 YESTERDAY
  MAXIMUM         76    411 PM  MM      MM  69      7       58
  MINIMUM         50    603 AM  MM      MM  45      5       32
  AVERAGE         63                        57      6       45

PRECIPITATION (IN)
  YESTERDAY        0.01                      0.12  -0.11     0.00
  MONTH TO DATE    2.21                      2.50  -0.29     2.56
  SINCE MAR 1      4.70                      6.16  -1.46     5.38
  SINCE JAN 1      9.79                     11.63  -1.84    11.82

DEGREE DAYS
 HEATING
  YESTERDAY        2                         9     -7       20
  MONTH TO DATE  221                       248    -27      200
  SINCE MAR 1    948                       840    108      934
  SINCE JUL 1   4457                      4252    205     3991

 COOLING
  YESTERDAY        0                         1     -1        0
  MONTH TO DATE    9                        14     -5       44
  SINCE MAR 1      9                        16     -7       44
  SINCE JAN 1      9                        16     -7       44
..................................................................


WIND (MPH)
  HIGHEST WIND SPEED    14   HIGHEST WIND DIRECTION     W (280)
  HIGHEST GUST SPEED    19   HIGHEST GUST DIRECTION    NW (330)
  AVERAGE WIND SPEED     5.6


SKY COVER
  POSSIBLE SUNSHINE  MM
  AVERAGE SKY COVER 0.4


WEATHER CONDITIONS
 THE FOLLOWING WEATHER WAS RECORDED YESTERDAY.
  LIGHT RAIN


RELATIVE HUMIDITY (PERCENT)
 HIGHEST    67           800 PM
 LOWEST     31          1200 AM
 AVERAGE    49

..........................................................


THE CHARLOTTESVILLE VA CLIMATE NORMALS FOR TODAY
                         NORMAL    RECORD    YEAR
 MAXIMUM TEMPERATURE (F)   70        MM        MM
 MINIMUM TEMPERATURE (F)   45        MM        MM


SUNRISE AND SUNSET
APRIL 23 2014.........SUNRISE   627 AM EDT   SUNSET   757 PM EDT
APRIL 24 2014.........SUNRISE   626 AM EDT   SUNSET   758 PM EDT


-  INDICATES NEGATIVE NUMBERS.
R  INDICATES RECORD WAS SET OR TIED.
MM INDICATES DATA IS MISSING.
T  INDICATES TRACE AMOUNT.




$$
