000
CDUS41 KLWX 190524
CLICHO


CLIMATE REPORT
NATIONAL WEATHER SERVICE BALTIMORE MD/WASHINGTON DC
123 AM EDT SAT AUG 19 2017


...................................

...THE CHARLOTTESVILLE VA CLIMATE SUMMARY FOR AUGUST 18 2017...

CLIMATE NORMAL PERIOD 1981 TO 2010
CLIMATE RECORD PERIOD 1998 TO 2017


WEATHER ITEM   OBSERVED TIME   RECORD YEAR NORMAL DEPARTURE LAST
                VALUE   (LST)  VALUE       VALUE  FROM      YEAR
                                                  NORMAL
..................................................................
TEMPERATURE (F)
 YESTERDAY
  MAXIMUM         93    344 PM  MM      MM  85      8       90
  MINIMUM         76    658 AM  MM      MM  63     13       72
  AVERAGE         85                        74     11       81

PRECIPITATION (IN)
  YESTERDAY        0.02                      0.11  -0.09      T
  MONTH TO DATE    1.86                      2.37  -0.51     2.28
  SINCE JUN 1      8.47                     10.42  -1.95     9.03
  SINCE JAN 1     26.02                     26.89  -0.87    25.54

DEGREE DAYS
 HEATING
  YESTERDAY        0                         0      0        0
  MONTH TO DATE    0                         0      0        0
  SINCE JUN 1      1                        12    -11        0
  SINCE JUL 1      0                         1     -1        0

 COOLING
  YESTERDAY       20                         9     11       16
  MONTH TO DATE  216                       174     42      274
  SINCE JUN 1    981                       718    263     1047
  SINCE JAN 1   1191                       804    387     1160
..................................................................


WIND (MPH)
  HIGHEST WIND SPEED    14   HIGHEST WIND DIRECTION     W (290)
  HIGHEST GUST SPEED    19   HIGHEST GUST DIRECTION     W (280)
  AVERAGE WIND SPEED     3.3


SKY COVER
  POSSIBLE SUNSHINE  MM
  AVERAGE SKY COVER 0.6


WEATHER CONDITIONS
 THE FOLLOWING WEATHER WAS RECORDED YESTERDAY.
  THUNDERSTORM
  RAIN
  LIGHT RAIN
  FOG
  FOG W/VISIBILITY <= 1/4 MILE


RELATIVE HUMIDITY (PERCENT)
 HIGHEST   100           400 AM
 LOWEST     56          1200 PM
 AVERAGE    78

..........................................................


THE CHARLOTTESVILLE VA CLIMATE NORMALS FOR TODAY
                         NORMAL    RECORD    YEAR
 MAXIMUM TEMPERATURE (F)   85        MM        MM
 MINIMUM TEMPERATURE (F)   63        MM        MM


SUNRISE AND SUNSET
AUGUST 19 2017........SUNRISE   632 AM EDT   SUNSET   802 PM EDT
AUGUST 20 2017........SUNRISE   633 AM EDT   SUNSET   800 PM EDT


-  INDICATES NEGATIVE NUMBERS.
R  INDICATES RECORD WAS SET OR TIED.
MM INDICATES DATA IS MISSING.
T  INDICATES TRACE AMOUNT.




$$
