000
CDUS41 KLWX 230540
CLICHO


CLIMATE REPORT
NATIONAL WEATHER SERVICE BALTIMORE MD/WASHINGTON DC
140 AM EDT TUE MAY 23 2017


...................................

...THE CHARLOTTESVILLE VA CLIMATE SUMMARY FOR MAY 22 2017...

CLIMATE NORMAL PERIOD 1981 TO 2010
CLIMATE RECORD PERIOD 1889 TO 2017


WEATHER ITEM   OBSERVED TIME   RECORD YEAR NORMAL DEPARTURE LAST
                VALUE   (LST)  VALUE       VALUE  FROM      YEAR
                                                  NORMAL
..................................................................
TEMPERATURE (F)
 YESTERDAY
  MAXIMUM         79    335 PM  MM      MM  76      3       63
  MINIMUM         60    529 AM  MM      MM  53      7       54
  AVERAGE         70                        65      5       59

PRECIPITATION (IN)
  YESTERDAY        0.55                      0.14   0.41     0.20
  MONTH TO DATE    5.50                      2.64   2.86     4.68
  SINCE MAR 1     11.03                      9.66   1.37     9.54
  SINCE JAN 1     14.27                     15.13  -0.86    15.66

DEGREE DAYS
 HEATING
  YESTERDAY        0                         3     -3        6
  MONTH TO DATE   84                       103    -19      117
  SINCE MAR 1    712                      1003   -291      720
  SINCE JUL 1   3085                      4415  -1330     3478

 COOLING
  YESTERDAY        5                         2      3        0
  MONTH TO DATE   75                        35     40       16
  SINCE MAR 1    172                        56    116       43
  SINCE JAN 1    173                        56    117       43
..................................................................


WIND (MPH)
  HIGHEST WIND SPEED    10   HIGHEST WIND DIRECTION    SE (120)
  HIGHEST GUST SPEED    14   HIGHEST GUST DIRECTION    SE (130)
  AVERAGE WIND SPEED     3.3


SKY COVER
  POSSIBLE SUNSHINE  MM
  AVERAGE SKY COVER 0.9


WEATHER CONDITIONS
 THE FOLLOWING WEATHER WAS RECORDED YESTERDAY.
  HEAVY RAIN
  RAIN
  LIGHT RAIN
  FOG


RELATIVE HUMIDITY (PERCENT)
 HIGHEST    97           400 AM
 LOWEST     69           100 PM
 AVERAGE    83

..........................................................


THE CHARLOTTESVILLE VA CLIMATE NORMALS FOR TODAY
                         NORMAL    RECORD    YEAR
 MAXIMUM TEMPERATURE (F)   76        MM        MM
 MINIMUM TEMPERATURE (F)   54        MM        MM


SUNRISE AND SUNSET
MAY 23 2017...........SUNRISE   557 AM EDT   SUNSET   825 PM EDT
MAY 24 2017...........SUNRISE   556 AM EDT   SUNSET   825 PM EDT


-  INDICATES NEGATIVE NUMBERS.
R  INDICATES RECORD WAS SET OR TIED.
MM INDICATES DATA IS MISSING.
T  INDICATES TRACE AMOUNT.




$$
