000
CDUS42 KCHS 220526
CLICHS


CLIMATE REPORT
NATIONAL WEATHER SERVICE CHARLESTON SC
126 AM EDT TUE JUL 22 2014


...................................

...THE NORTH CHARLESTON SC CLIMATE SUMMARY FOR JULY 21 2014...

CLIMATE NORMAL PERIOD 1981 TO 2010
CLIMATE RECORD PERIOD 1938 TO 2014


WEATHER ITEM   OBSERVED TIME   RECORD YEAR NORMAL DEPARTURE LAST
                VALUE   (LST)  VALUE       VALUE  FROM      YEAR
                                                  NORMAL
..................................................................
TEMPERATURE (F)
 YESTERDAY
  MAXIMUM         88    135 PM 101    1986  91     -3       87
                                      1977
  MINIMUM         76    245 AM  64    1957  73      3       73
  AVERAGE         82                        82      0       80

PRECIPITATION (IN)
  YESTERDAY        T             2.07 1969   0.21  -0.21     0.35
  MONTH TO DATE    4.64                      4.46   0.18     3.65
  SINCE JUN 1      8.23                     10.11  -1.88    16.97
  SINCE JAN 1     25.48                     26.42  -0.94    40.41

DEGREE DAYS
 HEATING
  YESTERDAY        0                         0      0        0
  MONTH TO DATE    0                         0      0        0
  SINCE JUN 1      0                         1     -1        0
  SINCE JUL 1      0                         0      0        0

 COOLING
  YESTERDAY       17                        17      0       15
  MONTH TO DATE  375                       354     21      353
  SINCE JUN 1    893                       775    118      817
  SINCE JAN 1   1403                      1137    266     1164
..................................................................


WIND (MPH)
  HIGHEST WIND SPEED    12   HIGHEST WIND DIRECTION     E (90)
  HIGHEST GUST SPEED    39   HIGHEST GUST DIRECTION    NE (60)
  AVERAGE WIND SPEED     4.5


SKY COVER
  POSSIBLE SUNSHINE  MM
  AVERAGE SKY COVER 0.8


WEATHER CONDITIONS
 THE FOLLOWING WEATHER WAS RECORDED YESTERDAY.
  THUNDERSTORM
  LIGHT RAIN


RELATIVE HUMIDITY (PERCENT)
 HIGHEST    94           200 AM
 LOWEST     55           100 PM
 AVERAGE    75

..........................................................


THE NORTH CHARLESTON SC CLIMATE NORMALS FOR TODAY
                         NORMAL    RECORD    YEAR
 MAXIMUM TEMPERATURE (F)   91       101      1977
 MINIMUM TEMPERATURE (F)   73        64      1974
                                             1965


SUNRISE AND SUNSET
JULY 22 2014..........SUNRISE   627 AM EDT   SUNSET   826 PM EDT
JULY 23 2014..........SUNRISE   628 AM EDT   SUNSET   825 PM EDT


-  INDICATES NEGATIVE NUMBERS.
R  INDICATES RECORD WAS SET OR TIED.
MM INDICATES DATA IS MISSING.
T  INDICATES TRACE AMOUNT.




$$
