000
CDUS42 KCHS 220617
CLICHS


CLIMATE REPORT
NATIONAL WEATHER SERVICE CHARLESTON SC
117 AM EST WED NOV 22 2017


...................................

...THE NORTH CHARLESTON SC CLIMATE SUMMARY FOR NOVEMBER 21 2017...

CLIMATE NORMAL PERIOD 1981 TO 2010
CLIMATE RECORD PERIOD 1938 TO 2017


WEATHER ITEM   OBSERVED TIME   RECORD YEAR NORMAL DEPARTURE LAST
                VALUE   (LST)  VALUE       VALUE  FROM      YEAR
                                                  NORMAL
..................................................................
TEMPERATURE (F)
 YESTERDAY
  MAXIMUM         73   1247 PM  83    1973  68      5       65
  MINIMUM         42    249 AM  24    1951  46     -4       33
  AVERAGE         58                        57      1       49

PRECIPITATION (IN)
  YESTERDAY        0.16          2.59 2005   0.08   0.08     0.00
  MONTH TO DATE    1.33                      1.71  -0.38     0.11
  SINCE SEP 1     11.65                     11.56   0.09    22.86
  SINCE JAN 1     50.09                     47.20   2.89    54.85

SNOWFALL (IN)
  YESTERDAY        0.0                       0.0    0.0
  SINCE SEP 1      0.0                       0.0    0.0
  SINCE JUL 1      T                         0.0    0.0

DEGREE DAYS
 HEATING
  YESTERDAY        7                         9     -2       16
  MONTH TO DATE  146                       135     11      147
  SINCE SEP 1    204                       204      0      163
  SINCE JUL 1    204                       204      0      163

 COOLING
  YESTERDAY        0                         1     -1        0
  MONTH TO DATE   32                        26      6       22
  SINCE SEP 1    637                       485    152      658
  SINCE JAN 1   2679                      2290    389     2933
..................................................................


WIND (MPH)
  HIGHEST WIND SPEED    12   HIGHEST WIND DIRECTION     E (110)
  HIGHEST GUST SPEED    18   HIGHEST GUST DIRECTION     E (70)
  AVERAGE WIND SPEED     5.6


SKY COVER
  POSSIBLE SUNSHINE  MM
  AVERAGE SKY COVER 0.7


WEATHER CONDITIONS
 THE FOLLOWING WEATHER WAS RECORDED YESTERDAY.
  LIGHT RAIN
  FOG


RELATIVE HUMIDITY (PERCENT)
 HIGHEST    96           200 AM
 LOWEST     61          1200 PM
 AVERAGE    79

..........................................................


THE NORTH CHARLESTON SC CLIMATE NORMALS FOR TODAY
                         NORMAL    RECORD    YEAR
 MAXIMUM TEMPERATURE (F)   68        83      1942
 MINIMUM TEMPERATURE (F)   46        24      2000


SUNRISE AND SUNSET
NOVEMBER 22 2017......SUNRISE   657 AM EST   SUNSET   515 PM EST
NOVEMBER 23 2017......SUNRISE   658 AM EST   SUNSET   515 PM EST


-  INDICATES NEGATIVE NUMBERS.
R  INDICATES RECORD WAS SET OR TIED.
MM INDICATES DATA IS MISSING.
T  INDICATES TRACE AMOUNT.




$$
