000
CDUS42 KCHS 240607
CLICHS


CLIMATE REPORT
NATIONAL WEATHER SERVICE CHARLESTON SC
207 AM EDT FRI MAR 24 2017


...................................

...THE NORTH CHARLESTON SC CLIMATE SUMMARY FOR MARCH 23 2017...

CLIMATE NORMAL PERIOD 1981 TO 2010
CLIMATE RECORD PERIOD 1938 TO 2017


WEATHER ITEM   OBSERVED TIME   RECORD YEAR NORMAL DEPARTURE LAST
                VALUE   (LST)  VALUE       VALUE  FROM      YEAR
                                                  NORMAL
..................................................................
TEMPERATURE (F)
 YESTERDAY
  MAXIMUM         65    318 PM  87    1995  71     -6       76
  MINIMUM         46    645 AM  29    1986  48     -2       47
  AVERAGE         56                        60     -4       62

PRECIPITATION (IN)
  YESTERDAY        0.00          2.10 1944   0.11  -0.11     0.00
  MONTH TO DATE    0.84                      2.73  -1.89     0.85
  SINCE MAR 1      0.84                      2.73  -1.89     0.85
  SINCE JAN 1      5.02                      9.40  -4.38     9.14

SNOWFALL (IN)
  YESTERDAY        0.0                       0.0    0.0
  SINCE MAR 1      0.0                       0.0    0.0
  SINCE JUL 1      T                         0.5   -0.5

DEGREE DAYS
 HEATING
  YESTERDAY        9                         6      3        3
  MONTH TO DATE  230                       196     34      102
  SINCE MAR 1    230                       196     34      102
  SINCE JUL 1   1198                      1832   -634     1279

 COOLING
  YESTERDAY        0                         1     -1        0
  MONTH TO DATE   20                        21     -1       71
  SINCE MAR 1     20                        21     -1       71
  SINCE JAN 1     55                        28     27       79
..................................................................


WIND (MPH)
  HIGHEST WIND SPEED    20   HIGHEST WIND DIRECTION     E (100)
  HIGHEST GUST SPEED    26   HIGHEST GUST DIRECTION     E (90)
  AVERAGE WIND SPEED    12.7


SKY COVER
  POSSIBLE SUNSHINE  MM
  AVERAGE SKY COVER 0.1


WEATHER CONDITIONS
 THE FOLLOWING WEATHER WAS RECORDED YESTERDAY.
  NO SIGNIFICANT WEATHER WAS OBSERVED.


RELATIVE HUMIDITY (PERCENT)
 HIGHEST    74          1100 PM
 LOWEST     31           300 PM
 AVERAGE    53

..........................................................


THE NORTH CHARLESTON SC CLIMATE NORMALS FOR TODAY
                         NORMAL    RECORD    YEAR
 MAXIMUM TEMPERATURE (F)   72        86      1945
 MINIMUM TEMPERATURE (F)   48        31      1968
                                             1960
                                             1943


SUNRISE AND SUNSET
MARCH 24 2017.........SUNRISE   718 AM EDT   SUNSET   735 PM EDT
MARCH 25 2017.........SUNRISE   717 AM EDT   SUNSET   736 PM EDT


-  INDICATES NEGATIVE NUMBERS.
R  INDICATES RECORD WAS SET OR TIED.
MM INDICATES DATA IS MISSING.
T  INDICATES TRACE AMOUNT.




$$
