000
CDUS42 KCHS 310548
CLICHS


CLIMATE REPORT
NATIONAL WEATHER SERVICE CHARLESTON SC
1248 AM EST SAT JAN 31 2015


...................................

...THE NORTH CHARLESTON SC CLIMATE SUMMARY FOR JANUARY 30 2015...

CLIMATE NORMAL PERIOD 1981 TO 2010
CLIMATE RECORD PERIOD 1938 TO 2015


WEATHER ITEM   OBSERVED TIME   RECORD YEAR NORMAL DEPARTURE LAST
                VALUE   (LST)  VALUE       VALUE  FROM      YEAR
                                                  NORMAL
..................................................................
TEMPERATURE (F)
 YESTERDAY
  MAXIMUM         59    218 PM  80    2002  60     -1       34
                                      1950
  MINIMUM         38   1024 PM  11    1966  38      0       27
  AVERAGE         49                        49      0       31

PRECIPITATION (IN)
  YESTERDAY        T             1.77 1960   0.12  -0.12      T
  MONTH TO DATE    3.53                      3.59  -0.06     2.67
  SINCE DEC 1      6.93                      6.70   0.23     4.82
  SINCE JAN 1      3.53                      3.59  -0.06     2.67

SNOWFALL (IN)
  YESTERDAY        0.0                       0.0    0.0
  SINCE DEC 1      T                         0.3   -0.3
  SINCE JUL 1      T                         0.3   -0.3

DEGREE DAYS
 HEATING
  YESTERDAY       16                        16      0       34
  MONTH TO DATE  479                       504    -25      580
  SINCE DEC 1    837                       950   -113      875
  SINCE JUL 1   1175                      1242    -67     1180

 COOLING
  YESTERDAY        0                         0      0        0
  MONTH TO DATE    4                         0      4        2
  SINCE DEC 1      4                         7     -3       36
  SINCE JAN 1      4                         0      4        2
..................................................................


WIND (MPH)
  HIGHEST WIND SPEED    25   HIGHEST WIND DIRECTION    NW (330)
  HIGHEST GUST SPEED    32   HIGHEST GUST DIRECTION    NW (320)
  AVERAGE WIND SPEED    11.7


SKY COVER
  POSSIBLE SUNSHINE  MM
  AVERAGE SKY COVER 0.3


WEATHER CONDITIONS
 THE FOLLOWING WEATHER WAS RECORDED YESTERDAY.
  LIGHT RAIN


RELATIVE HUMIDITY (PERCENT)
 HIGHEST    86          1200 AM
 LOWEST     28           300 PM
 AVERAGE    57

..........................................................


THE NORTH CHARLESTON SC CLIMATE NORMALS FOR TODAY
                         NORMAL    RECORD    YEAR
 MAXIMUM TEMPERATURE (F)   60        81      1975
 MINIMUM TEMPERATURE (F)   38        15      1966


SUNRISE AND SUNSET
JANUARY 31 2015.......SUNRISE   716 AM EST   SUNSET   551 PM EST
FEBRUARY  1 2015......SUNRISE   715 AM EST   SUNSET   552 PM EST


-  INDICATES NEGATIVE NUMBERS.
R  INDICATES RECORD WAS SET OR TIED.
MM INDICATES DATA IS MISSING.
T  INDICATES TRACE AMOUNT.




$$
