000
CDUS42 KCHS 200534
CLICHS

CLIMATE REPORT
NATIONAL WEATHER SERVICE CHARLESTON SC
131 AM EDT SUN APR 20 2014

...................................

...THE NORTH CHARLESTON SC CLIMATE SUMMARY FOR APRIL 19 2014...

CLIMATE NORMAL PERIOD 1981 TO 2010
CLIMATE RECORD PERIOD 1938 TO 2014


WEATHER ITEM   OBSERVED TIME   RECORD YEAR NORMAL DEPARTURE LAST
                VALUE   (LST)  VALUE       VALUE  FROM      YEAR
                                                  NORMAL
..................................................................
TEMPERATURE (F)
 YESTERDAY
  MAXIMUM         63   1245 PM  91    1995  77    -14       82
  MINIMUM         54   1159 PM  35    1983  54      0       64
  AVERAGE         59                        66     -7       73

PRECIPITATION (IN)
  YESTERDAY        0.71          0.77 1988   0.10   0.61     0.47
  MONTH TO DATE    4.65                      1.86   2.79     4.04
  SINCE MAR 1      9.58                      5.57   4.01     8.11
  SINCE JAN 1     14.43                     12.24   2.19    18.93

SNOWFALL (IN)
  YESTERDAY        0.0                       0.0    0.0
  SINCE MAR 1      0.0                       0.0    0.0
  SINCE JUL 1      T                         0.5   -0.5

DEGREE DAYS
 HEATING
  YESTERDAY        6                         2      4        0
  MONTH TO DATE   34                        70    -36       46
  SINCE MAR 1    348                       309     39      426
  SINCE JUL 1   1871                      1945    -74     1811

 COOLING
  YESTERDAY        0                         3     -3        8
  MONTH TO DATE   63                        43     20       63
  SINCE MAR 1     72                        70      2       73
  SINCE JAN 1     82                        77      5       94
..................................................................


WIND (MPH)
  HIGHEST WIND SPEED    18   HIGHEST WIND DIRECTION     N (10)
  HIGHEST GUST SPEED    26   HIGHEST GUST DIRECTION     E (70)
  AVERAGE WIND SPEED    10.8


SKY COVER
  POSSIBLE SUNSHINE  MM
  AVERAGE SKY COVER 1.0


WEATHER CONDITIONS
 THE FOLLOWING WEATHER WAS RECORDED YESTERDAY.
  HEAVY RAIN
  LIGHT RAIN
  FOG


RELATIVE HUMIDITY (PERCENT)
 HIGHEST    93           600 AM
 LOWEST     84          1200 PM
 AVERAGE    89

..........................................................


THE NORTH CHARLESTON SC CLIMATE NORMALS FOR TODAY
                         NORMAL    RECORD    YEAR
 MAXIMUM TEMPERATURE (F)   77        95      2002
 MINIMUM TEMPERATURE (F)   54        31      1983


SUNRISE AND SUNSET
APRIL 20 2014.........SUNRISE   645 AM EDT   SUNSET   754 PM EDT
APRIL 21 2014.........SUNRISE   643 AM EDT   SUNSET   755 PM EDT


-  INDICATES NEGATIVE NUMBERS.
R  INDICATES RECORD WAS SET OR TIED.
MM INDICATES DATA IS MISSING.
T  INDICATES TRACE AMOUNT.

$$
