000
CDUS43 KDVN 240925
CLICID


CLIMATE REPORT
NATIONAL WEATHER SERVICE QUAD CITIES IA IL
424 AM CDT THU JUL 24 2014


...................................

...THE CEDAR RAPIDS IA CLIMATE SUMMARY FOR JULY 23 2014...

CLIMATE NORMAL PERIOD 1981 TO 2010
CLIMATE RECORD PERIOD 1891 TO 2014


WEATHER ITEM   OBSERVED TIME   RECORD YEAR NORMAL DEPARTURE LAST
                VALUE   (LST)  VALUE       VALUE  FROM      YEAR
                                                  NORMAL
..................................................................
TEMPERATURE (F)
 YESTERDAY
  MAXIMUM         81    247 PM 104    1901  83     -2       79
  MINIMUM         60   1153 PM  44    1925  63     -3       61
  AVERAGE         71                        73     -2       70

PRECIPITATION (IN)
  YESTERDAY        0.00         MM      MM   0.13  -0.13     0.00
  MONTH TO DATE    3.05                      3.43  -0.38     1.28
  SINCE JUN 1     16.34                      8.35   7.99     7.60
  SINCE JAN 1     27.58                     19.79   7.79    27.79

DEGREE DAYS
 HEATING
  YESTERDAY        0                         0      0        0
  MONTH TO DATE   19                         0     19        0
  SINCE JUN 1     24                        29     -5       28
  SINCE JUL 1     19                         0     19        0

 COOLING
  YESTERDAY        6                         8     -2        5
  MONTH TO DATE  106                       184    -78      219
  SINCE JUN 1    289                       350    -61      391
  SINCE JAN 1    369                       399    -30      465
..................................................................


WIND (MPH)
  HIGHEST WIND SPEED    15   HIGHEST WIND DIRECTION     E (70)
  HIGHEST GUST SPEED    21   HIGHEST GUST DIRECTION    NE (50)
  AVERAGE WIND SPEED     7.9


SKY COVER
  POSSIBLE SUNSHINE  MM
  AVERAGE SKY COVER 0.1


WEATHER CONDITIONS
 THE FOLLOWING WEATHER WAS RECORDED YESTERDAY.
  NO SIGNIFICANT WEATHER WAS OBSERVED.


RELATIVE HUMIDITY (PERCENT)
 HIGHEST    87           300 AM
 LOWEST     42          1200 PM
 AVERAGE    65

..........................................................


THE CEDAR RAPIDS IA CLIMATE NORMALS FOR TODAY
                         NORMAL    RECORD    YEAR
 MAXIMUM TEMPERATURE (F)   83       107      1901
 MINIMUM TEMPERATURE (F)   62        50      1927


SUNRISE AND SUNSET
JULY 24 2014..........SUNRISE   553 AM CDT   SUNSET   833 PM CDT
JULY 25 2014..........SUNRISE   554 AM CDT   SUNSET   832 PM CDT


-  INDICATES NEGATIVE NUMBERS.
R  INDICATES RECORD WAS SET OR TIED.
MM INDICATES DATA IS MISSING.
T  INDICATES TRACE AMOUNT.




$$
