000
CDUS43 KDVN 291007
CLICID


CLIMATE REPORT
NATIONAL WEATHER SERVICE QUAD CITIES IA IL
406 AM CST THU JAN 29 2015


...................................

...THE CEDAR RAPIDS IA CLIMATE SUMMARY FOR JANUARY 28 2015...

CLIMATE NORMAL PERIOD 1981 TO 2010
CLIMATE RECORD PERIOD 1891 TO 2015


WEATHER ITEM   OBSERVED TIME   RECORD YEAR NORMAL DEPARTURE LAST
                VALUE   (LST)  VALUE       VALUE  FROM      YEAR
                                                  NORMAL
..................................................................
TEMPERATURE (F)
 YESTERDAY
  MAXIMUM         39    316 PM  54    1914  29     10       11
  MINIMUM         25    307 AM -23    1902  11     14      -13
  AVERAGE         32                        20     12       -1

PRECIPITATION (IN)
  YESTERDAY        0.00         MM      MM   0.03  -0.03     0.00
  MONTH TO DATE    0.48                      0.82  -0.34     0.43
  SINCE DEC 1      1.13                      2.24  -1.11     1.11
  SINCE JAN 1      0.48                      0.82  -0.34     0.43

DEGREE DAYS
 HEATING
  YESTERDAY       33                        45    -12       66
  MONTH TO DATE 1228                      1277    -49     1476
  SINCE DEC 1   2275                      2570   -295     2951
  SINCE JUL 1   3936                      4016    -80     4394

 COOLING
  YESTERDAY        0                         0      0        0
  MONTH TO DATE    0                         0      0        0
  SINCE DEC 1      0                         0      0        0
  SINCE JAN 1      0                         0      0        0
..................................................................


WIND (MPH)
  HIGHEST WIND SPEED    21   HIGHEST WIND DIRECTION    SE (140)
  HIGHEST GUST SPEED    29   HIGHEST GUST DIRECTION    SE (140)
  AVERAGE WIND SPEED    12.7


SKY COVER
  POSSIBLE SUNSHINE  MM
  AVERAGE SKY COVER 0.4


WEATHER CONDITIONS
 THE FOLLOWING WEATHER WAS RECORDED YESTERDAY.
  FOG
  HAZE


RELATIVE HUMIDITY (PERCENT)
 HIGHEST   100           500 AM
 LOWEST     75          1100 AM
 AVERAGE    88

..........................................................


THE CEDAR RAPIDS IA CLIMATE NORMALS FOR TODAY
                         NORMAL    RECORD    YEAR
 MAXIMUM TEMPERATURE (F)   29        58      2013
 MINIMUM TEMPERATURE (F)   11       -24      1966


SUNRISE AND SUNSET
JANUARY 29 2015.......SUNRISE   722 AM CST   SUNSET   518 PM CST
JANUARY 30 2015.......SUNRISE   721 AM CST   SUNSET   519 PM CST


-  INDICATES NEGATIVE NUMBERS.
R  INDICATES RECORD WAS SET OR TIED.
MM INDICATES DATA IS MISSING.
T  INDICATES TRACE AMOUNT.




$$
