000
CDUS43 KDVN 200918
CLICID


CLIMATE REPORT
NATIONAL WEATHER SERVICE QUAD CITIES IA IL
417 AM CDT MON OCT 20 2014


...................................

...THE CEDAR RAPIDS IA CLIMATE SUMMARY FOR OCTOBER 19 2014...

CLIMATE NORMAL PERIOD 1981 TO 2010
CLIMATE RECORD PERIOD 1891 TO 2014


WEATHER ITEM   OBSERVED TIME   RECORD YEAR NORMAL DEPARTURE LAST
                VALUE   (LST)  VALUE       VALUE  FROM      YEAR
                                                  NORMAL
..................................................................
TEMPERATURE (F)
 YESTERDAY
  MAXIMUM         63    351 PM  84    1924  61      2       52
  MINIMUM         32    451 AM  19    1972  39     -7       35
  AVERAGE         48                        50     -2       44

PRECIPITATION (IN)
  YESTERDAY        0.00         MM      MM   0.08  -0.08      T
  MONTH TO DATE    2.57                      1.64   0.93     2.25
  SINCE SEP 1      6.12                      4.80   1.32     4.44
  SINCE JAN 1     36.60                     30.10   6.50    33.84

DEGREE DAYS
 HEATING
  YESTERDAY       17                        16      1       21
  MONTH TO DATE  270                       240     30      171
  SINCE SEP 1    411                       378     33      251
  SINCE JUL 1    430                       397     33      270

 COOLING
  YESTERDAY        0                         0      0        0
  MONTH TO DATE    0                         8     -8       19
  SINCE SEP 1     53                        80    -27      164
  SINCE JAN 1    670                       748    -78      884
..................................................................


WIND (MPH)
  HIGHEST WIND SPEED    20   HIGHEST WIND DIRECTION    SW (210)
  HIGHEST GUST SPEED    26   HIGHEST GUST DIRECTION     S (190)
  AVERAGE WIND SPEED     9.9


SKY COVER
  POSSIBLE SUNSHINE  MM
  AVERAGE SKY COVER 0.0


WEATHER CONDITIONS
 THE FOLLOWING WEATHER WAS RECORDED YESTERDAY.
  FOG
  FOG W/VISIBILITY <= 1/4 MILE


RELATIVE HUMIDITY (PERCENT)
 HIGHEST   100          1200 AM
 LOWEST     48           400 PM
 AVERAGE    74

..........................................................


THE CEDAR RAPIDS IA CLIMATE NORMALS FOR TODAY
                         NORMAL    RECORD    YEAR
 MAXIMUM TEMPERATURE (F)   60        84      1953
 MINIMUM TEMPERATURE (F)   38        19      1930


SUNRISE AND SUNSET
OCTOBER 20 2014.......SUNRISE   725 AM CDT   SUNSET   618 PM CDT
OCTOBER 21 2014.......SUNRISE   726 AM CDT   SUNSET   616 PM CDT


-  INDICATES NEGATIVE NUMBERS.
R  INDICATES RECORD WAS SET OR TIED.
MM INDICATES DATA IS MISSING.
T  INDICATES TRACE AMOUNT.




$$
