000
CDUS43 KDVN 271026
CLICID


CLIMATE REPORT
NATIONAL WEATHER SERVICE QUAD CITIES IA IL
424 AM CST THU NOV 27 2014


...................................

...THE CEDAR RAPIDS IA CLIMATE SUMMARY FOR NOVEMBER 26 2014...

CLIMATE NORMAL PERIOD 1981 TO 2010
CLIMATE RECORD PERIOD 1891 TO 2014


WEATHER ITEM   OBSERVED TIME   RECORD YEAR NORMAL DEPARTURE LAST
                VALUE   (LST)  VALUE       VALUE  FROM      YEAR
                                                  NORMAL
..................................................................
TEMPERATURE (F)
 YESTERDAY
  MAXIMUM         30    316 PM  69    1914  40    -10       30
  MINIMUM         19    134 AM -11    1977  22     -3       12
  AVERAGE         25                        31     -6       21

PRECIPITATION (IN)
  YESTERDAY        T            MM      MM   0.07  -0.07     0.00
  MONTH TO DATE    1.29                      1.84  -0.55     2.58
  SINCE SEP 1      7.41                      7.62  -0.21     7.73
  SINCE JAN 1     37.89                     32.92   4.97    37.13

DEGREE DAYS
 HEATING
  YESTERDAY       40                        34      6       44
  MONTH TO DATE  891                       696    195      754
  SINCE SEP 1   1485                      1287    198     1262
  SINCE JUL 1   1504                      1306    198     1281

 COOLING
  YESTERDAY        0                         0      0        0
  MONTH TO DATE    0                         0      0        0
  SINCE SEP 1     53                        80    -27      164
  SINCE JAN 1    670                       748    -78      884
..................................................................


WIND (MPH)
  HIGHEST WIND SPEED    20   HIGHEST WIND DIRECTION     E (90)
  HIGHEST GUST SPEED    23   HIGHEST GUST DIRECTION     E (80)
  AVERAGE WIND SPEED    10.8


SKY COVER
  POSSIBLE SUNSHINE  MM
  AVERAGE SKY COVER 0.8


WEATHER CONDITIONS
 THE FOLLOWING WEATHER WAS RECORDED YESTERDAY.
  LIGHT SNOW
  FOG
  HAZE


RELATIVE HUMIDITY (PERCENT)
 HIGHEST    96           500 AM
 LOWEST     84          1200 AM
 AVERAGE    90

..........................................................


THE CEDAR RAPIDS IA CLIMATE NORMALS FOR TODAY
                         NORMAL    RECORD    YEAR
 MAXIMUM TEMPERATURE (F)   40        69      1909
 MINIMUM TEMPERATURE (F)   22        -5      1898


SUNRISE AND SUNSET
NOVEMBER 27 2014......SUNRISE   711 AM CST   SUNSET   438 PM CST
NOVEMBER 28 2014......SUNRISE   712 AM CST   SUNSET   438 PM CST


-  INDICATES NEGATIVE NUMBERS.
R  INDICATES RECORD WAS SET OR TIED.
MM INDICATES DATA IS MISSING.
T  INDICATES TRACE AMOUNT.




$$
