000
CDUS43 KDVN 171015
CLICID


CLIMATE REPORT
NATIONAL WEATHER SERVICE QUAD CITIES IA IL
413 AM CST FRI NOV 17 2017


...................................

...THE CEDAR RAPIDS IA CLIMATE SUMMARY FOR NOVEMBER 16 2017...

CLIMATE NORMAL PERIOD 1981 TO 2010
CLIMATE RECORD PERIOD 1891 TO 2017


WEATHER ITEM   OBSERVED TIME   RECORD YEAR NORMAL DEPARTURE LAST
                VALUE   (LST)  VALUE       VALUE  FROM      YEAR
                                                  NORMAL
..................................................................
TEMPERATURE (F)
 YESTERDAY
  MAXIMUM         37    316 PM  75    1931  46     -9       61
  MINIMUM         21    355 AM   0    1959  28     -7       31
  AVERAGE         29                        37     -8       46

PRECIPITATION (IN)
  YESTERDAY        0.00         MM      MM   0.07  -0.07     0.00
  MONTH TO DATE    0.42                      1.16  -0.74     1.12
  SINCE SEP 1      5.29                      6.94  -1.65    10.81
  SINCE JAN 1     25.31                     32.24  -6.93    39.34

DEGREE DAYS
 HEATING
  YESTERDAY       36                        28      8       19
  MONTH TO DATE  464                       384     80      231
  SINCE SEP 1    873                       975   -102      546
  SINCE JUL 1    884                       994   -110      550

 COOLING
  YESTERDAY        0                         0      0        0
  MONTH TO DATE    0                         0      0        0
  SINCE SEP 1    148                        80     68      159
  SINCE JAN 1    747                       748     -1      970
..................................................................


WIND (MPH)
  HIGHEST WIND SPEED    22   HIGHEST WIND DIRECTION    SE (140)
  HIGHEST GUST SPEED    26   HIGHEST GUST DIRECTION    SE (140)
  AVERAGE WIND SPEED     9.2


SKY COVER
  POSSIBLE SUNSHINE  MM
  AVERAGE SKY COVER 0.4


WEATHER CONDITIONS
 THE FOLLOWING WEATHER WAS RECORDED YESTERDAY.
  FOG
  HAZE


RELATIVE HUMIDITY (PERCENT)
 HIGHEST    96           500 AM
 LOWEST     70           200 PM
 AVERAGE    83

..........................................................


THE CEDAR RAPIDS IA CLIMATE NORMALS FOR TODAY
                         NORMAL    RECORD    YEAR
 MAXIMUM TEMPERATURE (F)   46        73      2016
                                             1941
 MINIMUM TEMPERATURE (F)   27        -8      1959


SUNRISE AND SUNSET
NOVEMBER 17 2017......SUNRISE   659 AM CST   SUNSET   444 PM CST
NOVEMBER 18 2017......SUNRISE   700 AM CST   SUNSET   443 PM CST


-  INDICATES NEGATIVE NUMBERS.
R  INDICATES RECORD WAS SET OR TIED.
MM INDICATES DATA IS MISSING.
T  INDICATES TRACE AMOUNT.




$$
