000
CDUS43 KDVN 012132
CLICID


CLIMATE REPORT
NATIONAL WEATHER SERVICE QUAD CITIES IA IL
431 PM CDT WED JUL 1 2015


...................................

...THE CEDAR RAPIDS IA CLIMATE SUMMARY FOR JULY 1 2015...
VALID TODAY AS OF 0400 PM LOCAL TIME.

CLIMATE NORMAL PERIOD 1981 TO 2010
CLIMATE RECORD PERIOD 1891 TO 2015


WEATHER ITEM   OBSERVED TIME   RECORD YEAR NORMAL DEPARTURE LAST
                VALUE   (LST)  VALUE       VALUE  FROM      YEAR
                                                  NORMAL
..................................................................
TEMPERATURE (F)
 TODAY
  MAXIMUM         73    311 PM 102    1931  83    -10       77
  MINIMUM         59    511 AM  43    1924  62     -3       60
  AVERAGE         66                        73     -7       69

PRECIPITATION (IN)
  TODAY            0.00         MM      MM   0.15  -0.15     0.06
  MONTH TO DATE    0.00                      0.15  -0.15     0.06
  SINCE JUN 1      8.85                      5.07   3.78    13.35
  SINCE JAN 1     18.05                     16.51   1.54    24.59

DEGREE DAYS
 HEATING
  TODAY            0                         0      0        0
  MONTH TO DATE    0                         0      0        0
  SINCE JUN 1      9                        29    -20        5
  SINCE JUL 1      0                         0      0        0

 COOLING
  TODAY            1                         8     -7        4
  MONTH TO DATE    1                         8     -7        4
  SINCE JUN 1    146                       174    -28      187
  SINCE JAN 1    196                       223    -27      267
..................................................................


WIND (MPH)
  HIGHEST WIND SPEED    14   HIGHEST WIND DIRECTION     E (80)
  HIGHEST GUST SPEED    17   HIGHEST GUST DIRECTION    NE (50)
  AVERAGE WIND SPEED     8.5


SKY COVER
  POSSIBLE SUNSHINE  MM
  AVERAGE SKY COVER 0.1


WEATHER CONDITIONS
 THE FOLLOWING WEATHER WAS RECORDED TODAY.
  NO SIGNIFICANT WEATHER WAS OBSERVED.


RELATIVE HUMIDITY (PERCENT)
 HIGHEST    93           500 AM
 LOWEST     66           200 PM
 AVERAGE    80

..........................................................


THE CEDAR RAPIDS IA CLIMATE NORMALS FOR TOMORROW
                         NORMAL    RECORD    YEAR
 MAXIMUM TEMPERATURE (F)   84       105      1911
 MINIMUM TEMPERATURE (F)   62        42      1924


SUNRISE AND SUNSET
JULY  1 2015..........SUNRISE   535 AM CDT   SUNSET   846 PM CDT
JULY  2 2015..........SUNRISE   536 AM CDT   SUNSET   846 PM CDT


-  INDICATES NEGATIVE NUMBERS.
R  INDICATES RECORD WAS SET OR TIED.
MM INDICATES DATA IS MISSING.
T  INDICATES TRACE AMOUNT.




$$
