000
CDUS43 KDVN 012124
CLICID


CLIMATE REPORT
NATIONAL WEATHER SERVICE QUAD CITIES IA IL
422 PM CDT FRI AUG 1 2014


...................................

...THE CEDAR RAPIDS IA CLIMATE SUMMARY FOR AUGUST 1 2014...
VALID TODAY AS OF 0400 PM LOCAL TIME.

CLIMATE NORMAL PERIOD 1981 TO 2010
CLIMATE RECORD PERIOD 1891 TO 2014


WEATHER ITEM   OBSERVED TIME   RECORD YEAR NORMAL DEPARTURE LAST
                VALUE   (LST)  VALUE       VALUE  FROM      YEAR
                                                  NORMAL
..................................................................
TEMPERATURE (F)
 TODAY
  MAXIMUM         83   1255 PM 101    1987  83      0       82
  MINIMUM         57    511 AM  48    1895  62     -5       57
  AVERAGE         70                        72     -2       70

PRECIPITATION (IN)
  TODAY            0.00         MM      MM   0.14  -0.14     0.00
  MONTH TO DATE    0.00                      0.14  -0.14     0.00
  SINCE JUN 1     16.86                      9.52   7.34     9.10
  SINCE JAN 1     28.10                     20.96   7.14    29.29

DEGREE DAYS
 HEATING
  TODAY            0                         0      0        0
  MONTH TO DATE    0                         0      0        0
  SINCE JUN 1     24                        33     -9       41
  SINCE JUL 1     19                         4     15       13

 COOLING
  TODAY            5                         8     -3        5
  MONTH TO DATE    5                         8     -3        5
  SINCE JUN 1    322                       426   -104      411
  SINCE JAN 1    402                       475    -73      485
..................................................................


WIND (MPH)
  HIGHEST WIND SPEED     8   HIGHEST WIND DIRECTION     S (190)
  HIGHEST GUST SPEED    10   HIGHEST GUST DIRECTION     S (160)
  AVERAGE WIND SPEED     1.9


SKY COVER
  POSSIBLE SUNSHINE  MM
  AVERAGE SKY COVER 0.2


WEATHER CONDITIONS
 THE FOLLOWING WEATHER WAS RECORDED TODAY.
  FOG


RELATIVE HUMIDITY (PERCENT)
 HIGHEST   100           300 AM
 LOWEST     47           100 PM
 AVERAGE    74

..........................................................


THE CEDAR RAPIDS IA CLIMATE NORMALS FOR TOMORROW
                         NORMAL    RECORD    YEAR
 MAXIMUM TEMPERATURE (F)   83        99      1988
 MINIMUM TEMPERATURE (F)   62        49      1927


SUNRISE AND SUNSET
AUGUST  1 2014........SUNRISE   601 AM CDT   SUNSET   825 PM CDT
AUGUST  2 2014........SUNRISE   602 AM CDT   SUNSET   824 PM CDT


-  INDICATES NEGATIVE NUMBERS.
R  INDICATES RECORD WAS SET OR TIED.
MM INDICATES DATA IS MISSING.
T  INDICATES TRACE AMOUNT.




$$
