000
CDUS43 KDVN 051012
CLICID


CLIMATE REPORT
NATIONAL WEATHER SERVICE QUAD CITIES IA IL
412 AM CST MON DEC 5 2016


...................................

...THE CEDAR RAPIDS IA CLIMATE SUMMARY FOR DECEMBER 4 2016...

CLIMATE NORMAL PERIOD 1981 TO 2010
CLIMATE RECORD PERIOD 1891 TO 2016


WEATHER ITEM   OBSERVED TIME   RECORD YEAR NORMAL DEPARTURE LAST
                VALUE   (LST)  VALUE       VALUE  FROM      YEAR
                                                  NORMAL
..................................................................
TEMPERATURE (F)
 YESTERDAY
  MAXIMUM         34   1159 PM  69    1998  36     -2       49
  MINIMUM         31    848 AM  -5    2005  19     12       24
                                      1991
  AVERAGE         33                        27      6       37

PRECIPITATION (IN)
  YESTERDAY        0.47         MM      MM   0.06   0.41     0.00
  MONTH TO DATE    0.47                      0.24   0.23     0.03
  SINCE DEC 1      0.47                      0.24   0.23     0.03
  SINCE JAN 1     41.06                     33.43   7.63    38.68

DEGREE DAYS
 HEATING
  YESTERDAY       32                        38     -6       28
  MONTH TO DATE  122                       148    -26      122
  SINCE DEC 1    122                       148    -26      122
  SINCE JUL 1   1039                      1594   -555     1153

 COOLING
  YESTERDAY        0                         0      0        0
  MONTH TO DATE    0                         0      0        0
  SINCE DEC 1      0                         0      0        0
  SINCE JAN 1    970                       748    222      712
..................................................................


WIND (MPH)
  HIGHEST WIND SPEED    14   HIGHEST WIND DIRECTION    SW (220)
  HIGHEST GUST SPEED    17   HIGHEST GUST DIRECTION    SE (130)
  AVERAGE WIND SPEED     8.1


SKY COVER
  POSSIBLE SUNSHINE  MM
  AVERAGE SKY COVER 1.0


WEATHER CONDITIONS
 THE FOLLOWING WEATHER WAS RECORDED YESTERDAY.
  HEAVY SNOW
  SNOW
  LIGHT SNOW
  FOG
  FOG W/VISIBILITY <= 1/4 MILE


RELATIVE HUMIDITY (PERCENT)
 HIGHEST   100           500 AM
 LOWEST     89           100 AM
 AVERAGE    95

..........................................................


THE CEDAR RAPIDS IA CLIMATE NORMALS FOR TODAY
                         NORMAL    RECORD    YEAR
 MAXIMUM TEMPERATURE (F)   36        67      2001
                                             1975
 MINIMUM TEMPERATURE (F)   18        -9      2005


SUNRISE AND SUNSET
DECEMBER  5 2016......SUNRISE   719 AM CST   SUNSET   436 PM CST
DECEMBER  6 2016......SUNRISE   720 AM CST   SUNSET   436 PM CST


-  INDICATES NEGATIVE NUMBERS.
R  INDICATES RECORD WAS SET OR TIED.
MM INDICATES DATA IS MISSING.
T  INDICATES TRACE AMOUNT.




$$
