000
CDUS43 KDVN 242119
CLICID


CLIMATE REPORT
NATIONAL WEATHER SERVICE QUAD CITIES IA IL
418 PM CDT SAT JUN 24 2017


...................................

...THE CEDAR RAPIDS IA CLIMATE SUMMARY FOR JUNE 24 2017...
VALID TODAY AS OF 0400 PM LOCAL TIME.

CLIMATE NORMAL PERIOD 1981 TO 2010
CLIMATE RECORD PERIOD 1891 TO 2017


WEATHER ITEM   OBSERVED TIME   RECORD YEAR NORMAL DEPARTURE LAST
                VALUE   (LST)  VALUE       VALUE  FROM      YEAR
                                                  NORMAL
..................................................................
TEMPERATURE (F)
 TODAY
  MAXIMUM         73    254 PM 100    1931  82     -9       82
  MINIMUM         52    437 AM  46    1936  61     -9       59
  AVERAGE         63                        72     -9       71

PRECIPITATION (IN)
  TODAY            0.00         MM      MM   0.18  -0.18     0.00
  MONTH TO DATE    2.16                      3.86  -1.70     6.82
  SINCE JUN 1      2.16                      3.86  -1.70     6.82
  SINCE JAN 1     14.54                     15.30  -0.76    15.48

DEGREE DAYS
 HEATING
  TODAY            2                         0      2        0
  MONTH TO DATE    4                        29    -25        4
  SINCE JUN 1      4                        29    -25        4
  SINCE JUL 1   5738                      6866  -1128     5653

 COOLING
  TODAY            0                         7     -7        6
  MONTH TO DATE  188                       121     67      195
  SINCE JUN 1    188                       121     67      195
  SINCE JAN 1    226                       170     56      255
..................................................................


WIND (MPH)
  HIGHEST WIND SPEED    24   HIGHEST WIND DIRECTION    NW (320)
  HIGHEST GUST SPEED    34   HIGHEST GUST DIRECTION     W (290)
  AVERAGE WIND SPEED    14.2


SKY COVER
  POSSIBLE SUNSHINE  MM
  AVERAGE SKY COVER 0.1


WEATHER CONDITIONS
 THE FOLLOWING WEATHER WAS RECORDED TODAY.
  NO SIGNIFICANT WEATHER WAS OBSERVED.


RELATIVE HUMIDITY (PERCENT)
 HIGHEST   100           400 AM
 LOWEST     35           200 PM
 AVERAGE    68

..........................................................


THE CEDAR RAPIDS IA CLIMATE NORMALS FOR TOMORROW
                         NORMAL    RECORD    YEAR
 MAXIMUM TEMPERATURE (F)   83       102      1931
 MINIMUM TEMPERATURE (F)   61        43      2004


SUNRISE AND SUNSET
JUNE 24 2017..........SUNRISE   533 AM CDT   SUNSET   846 PM CDT
JUNE 25 2017..........SUNRISE   533 AM CDT   SUNSET   846 PM CDT


-  INDICATES NEGATIVE NUMBERS.
R  INDICATES RECORD WAS SET OR TIED.
MM INDICATES DATA IS MISSING.
T  INDICATES TRACE AMOUNT.




$$
