000
CDUS41 KCLE 250528
CLICLE


CLIMATE REPORT
NATIONAL WEATHER SERVICE CLEVELAND OH
1227 AM EST THU DEC 25 2014


...................................

...THE CLEVELAND OH CLIMATE SUMMARY FOR DECEMBER 24 2014...

CLIMATE NORMAL PERIOD 1981 TO 2010
CLIMATE RECORD PERIOD 1871 TO 2014


WEATHER ITEM   OBSERVED TIME   RECORD YEAR NORMAL DEPARTURE LAST
                VALUE   (LST)  VALUE       VALUE  FROM      YEAR
                                                  NORMAL
..................................................................
TEMPERATURE (F)
 YESTERDAY
  MAXIMUM         59    627 PM  65    1964  36     23       28
                                      1932
  MINIMUM         40   1159 PM -10    1983  24     16       16
  AVERAGE         50                        30     20       22

PRECIPITATION (IN)
  YESTERDAY        0.15                      0.10   0.05     0.03
  MONTH TO DATE    1.67                      2.41  -0.74     3.79
  SINCE DEC 1      1.67                      2.41  -0.74     3.79
  SINCE JAN 1     43.77                     38.45   5.32    41.54

SNOWFALL (IN)
  YESTERDAY        0.0                       0.5   -0.5      0.8
  MONTH TO DATE    0.9                      10.3   -9.4     12.7
  SINCE DEC 1      0.9                      10.3   -9.4     12.7
  SINCE JUL 1     20.3                      14.8    5.5     17.4
  SNOW DEPTH       0

DEGREE DAYS
 HEATING
  YESTERDAY       15                        35    -20       43
  MONTH TO DATE  687                       760    -73      774
  SINCE DEC 1    687                       760    -73      774
  SINCE JUL 1   2021                      1855    166     1923

 COOLING
  YESTERDAY        0                         0      0        0
  MONTH TO DATE    0                         0      0        0
  SINCE DEC 1      0                         0      0        0
  SINCE JAN 1    657                       817   -160      889
..................................................................


WIND (MPH)
  HIGHEST WIND SPEED    43   HIGHEST WIND DIRECTION     S (200)
  HIGHEST GUST SPEED    54   HIGHEST GUST DIRECTION    SW (210)
  AVERAGE WIND SPEED    13.4


SKY COVER
  POSSIBLE SUNSHINE  MM
  AVERAGE SKY COVER 1.0


WEATHER CONDITIONS
 THE FOLLOWING WEATHER WAS RECORDED YESTERDAY.
  HEAVY RAIN
  LIGHT RAIN
  FOG


RELATIVE HUMIDITY (PERCENT)
 HIGHEST   100           900 AM
 LOWEST     79          1000 PM
 AVERAGE    90

..........................................................


THE CLEVELAND OH CLIMATE NORMALS FOR TODAY
                         NORMAL    RECORD    YEAR
 MAXIMUM TEMPERATURE (F)   36        66      1982
 MINIMUM TEMPERATURE (F)   24       -10      1983


SUNRISE AND SUNSET
DECEMBER 25 2014......SUNRISE   752 AM EST   SUNSET   503 PM EST
DECEMBER 26 2014......SUNRISE   752 AM EST   SUNSET   504 PM EST


-  INDICATES NEGATIVE NUMBERS.
R  INDICATES RECORD WAS SET OR TIED.
MM INDICATES DATA IS MISSING.
T  INDICATES TRACE AMOUNT.




$$
