000
CDUS41 KCLE 232116
CLICLE


CLIMATE REPORT
NATIONAL WEATHER SERVICE CLEVELAND OH
515 PM EDT WED APR 23 2014


...................................

...THE CLEVELAND OH CLIMATE SUMMARY FOR APRIL 23 2014...
VALID TODAY AS OF 0500 PM LOCAL TIME.

CLIMATE NORMAL PERIOD 1981 TO 2010
CLIMATE RECORD PERIOD 1871 TO 2014


WEATHER ITEM   OBSERVED TIME   RECORD YEAR NORMAL DEPARTURE LAST
                VALUE   (LST)  VALUE       VALUE  FROM      YEAR
                                                  NORMAL
..................................................................
TEMPERATURE (F)
 TODAY
  MAXIMUM         50    359 PM  86    1985  62    -12       72
  MINIMUM         40    922 AM  27    1994  43     -3       45
                                      1986
                                      1875
  AVERAGE         45                        52     -7       59

PRECIPITATION (IN)
  TODAY            0.00                      0.11  -0.11     0.02
  MONTH TO DATE    3.56                      2.75   0.81     2.48
  SINCE MAR 1      5.76                      5.68   0.08     4.73
  SINCE JAN 1     10.79                     10.74   0.05     9.20

SNOWFALL (IN)
  TODAY            0.0                       0.0    0.0      0.0
  MONTH TO DATE    1.3                       3.1   -1.8      0.3
  SINCE MAR 1     16.4                      15.7    0.7     11.0
  SINCE JUL 1     86.1                      67.9   18.2     51.7
  SNOW DEPTH       0

DEGREE DAYS
 HEATING
  TODAY           20                        13      7        6
  MONTH TO DATE  334                       387    -53      388
  SINCE MAR 1   1343                      1213    130     1348
  SINCE JUL 1   6024                      5430    594     5527

 COOLING
  TODAY            0                         1     -1        0
  MONTH TO DATE    6                         3      3        2
  SINCE MAR 1      6                         4      2        2
  SINCE JAN 1      6                         4      2        2
..................................................................


WIND (MPH)
  HIGHEST WIND SPEED    21   HIGHEST WIND DIRECTION    NW (330)
  HIGHEST GUST SPEED    26   HIGHEST GUST DIRECTION    NW (320)


SKY COVER
  POSSIBLE SUNSHINE  MM
  AVERAGE SKY COVER 0.9


WEATHER CONDITIONS
 THE FOLLOWING WEATHER WAS RECORDED TODAY.
  NO SIGNIFICANT WEATHER WAS OBSERVED.


RELATIVE HUMIDITY (PERCENT)
 HIGHEST    67           100 AM
 LOWEST     42           400 PM
 AVERAGE    55

..........................................................


THE CLEVELAND OH CLIMATE NORMALS FOR TOMORROW
                         NORMAL    RECORD    YEAR
 MAXIMUM TEMPERATURE (F)   63        88      1925
 MINIMUM TEMPERATURE (F)   43        28      2003
                                             1930
                                             1883


SUNRISE AND SUNSET
APRIL 23 2014.........SUNRISE   636 AM EDT   SUNSET   816 PM EDT
APRIL 24 2014.........SUNRISE   634 AM EDT   SUNSET   817 PM EDT


-  INDICATES NEGATIVE NUMBERS.
R  INDICATES RECORD WAS SET OR TIED.
MM INDICATES DATA IS MISSING.
T  INDICATES TRACE AMOUNT.




$$
