000
CDUS41 KCLE 280526
CLICLE


CLIMATE REPORT
NATIONAL WEATHER SERVICE CLEVELAND OH
125 AM EDT MON JUL 28 2014


...................................

...THE CLEVELAND OH CLIMATE SUMMARY FOR JULY 27 2014...

CLIMATE NORMAL PERIOD 1981 TO 2010
CLIMATE RECORD PERIOD 1871 TO 2014


WEATHER ITEM   OBSERVED TIME   RECORD YEAR NORMAL DEPARTURE LAST
                VALUE   (LST)  VALUE       VALUE  FROM      YEAR
                                                  NORMAL
..................................................................
TEMPERATURE (F)
 YESTERDAY
  MAXIMUM         83    207 PM 103    1941  82      1       74
  MINIMUM         63   1150 PM  47    1946  64     -1       66
  AVERAGE         73                        73      0       70

PRECIPITATION (IN)
  YESTERDAY        0.91                      0.12   0.79     0.20
  MONTH TO DATE    3.31                      3.00   0.31     4.86
  SINCE JUN 1      9.57                      6.43   3.14    12.76
  SINCE JAN 1     25.84                     21.57   4.27    25.35

SNOWFALL (IN)
  YESTERDAY        0.0                       0.0    0.0      0.0
  MONTH TO DATE    0.0                       0.0    0.0      0.0
  SINCE JUN 1      0.0                       0.0    0.0      0.0
  SINCE JUL 1      0.0                       0.0    0.0      0.0
  SNOW DEPTH       0

DEGREE DAYS
 HEATING
  YESTERDAY        0                         0      0        0
  MONTH TO DATE    9                         0      9        1
  SINCE JUN 1     29                        42    -13       40
  SINCE JUL 1      9                         0      9        1

 COOLING
  YESTERDAY        8                         8      0        5
  MONTH TO DATE  148                       236    -88      277
  SINCE JUN 1    330                       404    -74      441
  SINCE JAN 1    396                       463    -67      555
..................................................................


WIND (MPH)
  HIGHEST WIND SPEED    29   HIGHEST WIND DIRECTION    NW (330)
  HIGHEST GUST SPEED    37   HIGHEST GUST DIRECTION    NW (330)
  AVERAGE WIND SPEED     7.5


SKY COVER
  POSSIBLE SUNSHINE  MM
  AVERAGE SKY COVER 0.9


WEATHER CONDITIONS
 THE FOLLOWING WEATHER WAS RECORDED YESTERDAY.
  THUNDERSTORM
  HEAVY RAIN
  RAIN
  LIGHT RAIN
  FOG
  HAZE


RELATIVE HUMIDITY (PERCENT)
 HIGHEST    93           100 AM
 LOWEST     67          1000 AM
 AVERAGE    80

..........................................................


THE CLEVELAND OH CLIMATE NORMALS FOR TODAY
                         NORMAL    RECORD    YEAR
 MAXIMUM TEMPERATURE (F)   82        96      1993
 MINIMUM TEMPERATURE (F)   64        52      1977


SUNRISE AND SUNSET
JULY 28 2014..........SUNRISE   618 AM EDT   SUNSET   849 PM EDT
JULY 29 2014..........SUNRISE   619 AM EDT   SUNSET   848 PM EDT


-  INDICATES NEGATIVE NUMBERS.
R  INDICATES RECORD WAS SET OR TIED.
MM INDICATES DATA IS MISSING.
T  INDICATES TRACE AMOUNT.




$$
