000
CDUS44 KHGX 260820
CLICLL


CLIMATE REPORT
NATIONAL WEATHER SERVICE HOUSTON/GALVESTON TX
219 AM CST WED NOV 26 2014


...................................

...THE COLLEGE STATION CLIMATE SUMMARY FOR NOVEMBER 25 2014...

CLIMATE NORMAL PERIOD 1981 TO 2010
CLIMATE RECORD PERIOD 1902 TO 2014


WEATHER ITEM   OBSERVED TIME   RECORD YEAR NORMAL DEPARTURE LAST
                VALUE   (LST)  VALUE       VALUE  FROM      YEAR
                                                  NORMAL
..................................................................
TEMPERATURE (F)
 YESTERDAY
  MAXIMUM         65    400 PM  86    1981  68     -3       40
  MINIMUM         40    429 AM  24    1938  47     -7       37
  AVERAGE         53                        57     -4       39

PRECIPITATION (IN)
  YESTERDAY        0.00          1.37 1986   0.10  -0.10     1.33
  MONTH TO DATE    5.89                      2.69   3.20     4.56
  SINCE SEP 1     14.27                     10.78   3.49    18.85
  SINCE JAN 1     37.04                     36.30   0.74    38.58

SNOWFALL (IN)
  YESTERDAY        0.0
  MONTH TO DATE    0.0
  SINCE JUL 1      0.0

DEGREE DAYS
 HEATING
  YESTERDAY       12                         9      3       26
  MONTH TO DATE  266                       139    127      185
  SINCE SEP 1    269                       176     93      204
  SINCE JUL 1    269                       176     93      204

 COOLING
  YESTERDAY        0                         1     -1        0
  MONTH TO DATE   12                        55    -43       35
  SINCE SEP 1    718                       721     -3      791
  SINCE JAN 1   2925                      3067   -142     3268
..................................................................


WIND (MPH)
  HIGHEST WIND SPEED    13   HIGHEST WIND DIRECTION     W (290)
  HIGHEST GUST SPEED    18   HIGHEST GUST DIRECTION    NW (330)
  AVERAGE WIND SPEED     3.5


SKY COVER
  AVERAGE SKY COVER 0.0


WEATHER CONDITIONS
 THE FOLLOWING WEATHER WAS RECORDED YESTERDAY.
  HAZE


RELATIVE HUMIDITY (PERCENT)
 HIGHEST    79           500 AM
 LOWEST     22           200 PM
 AVERAGE    51

..........................................................


THE COLLEGE STATION CLIMATE NORMALS FOR TODAY
                         NORMAL    RECORD    YEAR
 MAXIMUM TEMPERATURE (F)   67        86      1965
 MINIMUM TEMPERATURE (F)   47        27      1993


SUNRISE AND SUNSET
NOVEMBER 26 2014......SUNRISE   701 AM CST   SUNSET   525 PM CST
NOVEMBER 27 2014......SUNRISE   702 AM CST   SUNSET   524 PM CST


-  INDICATES NEGATIVE NUMBERS.
R  INDICATES RECORD WAS SET OR TIED.
MM INDICATES DATA IS MISSING.
T  INDICATES TRACE AMOUNT.




$$
