000
CDUS44 KHGX 312120
CLICLL


CLIMATE REPORT
NATIONAL WEATHER SERVICE HOUSTON/GALVESTON TX
419 PM CDT WED AUG 31 2016


...................................

...THE COLLEGE STATION CLIMATE SUMMARY FOR AUGUST 31 2016...
VALID TODAY AS OF 400 PM LOCAL TIME.

CLIMATE NORMAL PERIOD 1981 TO 2010
CLIMATE RECORD PERIOD 1902 TO 2016


WEATHER ITEM   OBSERVED TIME   RECORD YEAR NORMAL DEPARTURE LAST
                VALUE   (LST)  VALUE       VALUE  FROM      YEAR
                                                  NORMAL
..................................................................
TEMPERATURE (F)
 TODAY
  MAXIMUM         94    224 PM 109    2000  95     -1       91
  MINIMUM         75    626 AM  60    1915  73      2       72
  AVERAGE         85                        84      1       82

PRECIPITATION (IN)
  TODAY            0.00          1.48 2003   0.11  -0.11     0.00
  MONTH TO DATE    8.92                      2.68   6.24     1.36
  SINCE JUN 1     11.74                      9.27   2.47     6.88
  SINCE JAN 1     37.14                     25.52  11.62    34.65

SNOWFALL (IN)
  TODAY            0.0
  MONTH TO DATE    0.0
  SINCE JUL 1      0.0

DEGREE DAYS
 HEATING
  TODAY            0                         0      0        0
  MONTH TO DATE    0                         0      0        0
  SINCE JUN 1      0                         0      0        0
  SINCE JUL 1      0                         0      0        0

 COOLING
  TODAY           20                        19      1       17
  MONTH TO DATE  604                       631    -27      654
  SINCE JUN 1   1818                      1758     60     1789
  SINCE JAN 1   2374                      2346     28     2360
..................................................................


WIND (MPH)
  HIGHEST WIND SPEED    15   HIGHEST WIND DIRECTION     N (20)
  HIGHEST GUST SPEED    20   HIGHEST GUST DIRECTION    NE (40)
  AVERAGE WIND SPEED     5.8


SKY COVER
  AVERAGE SKY COVER 0.2


WEATHER CONDITIONS
 THE FOLLOWING WEATHER WAS RECORDED TODAY.
  THUNDERSTORM
  FOG


RELATIVE HUMIDITY (PERCENT)
 HIGHEST   100           200 AM
 LOWEST     49           300 PM
 AVERAGE    75

..........................................................


THE COLLEGE STATION CLIMATE NORMALS FOR TOMORROW
                         NORMAL    RECORD    YEAR
 MAXIMUM TEMPERATURE (F)   95       108      2000
 MINIMUM TEMPERATURE (F)   73        58      1915


SUNRISE AND SUNSET
AUGUST 31 2016........SUNRISE   702 AM CDT   SUNSET   749 PM CDT
SEPTEMBER  1 2016.....SUNRISE   702 AM CDT   SUNSET   748 PM CDT


-  INDICATES NEGATIVE NUMBERS.
R  INDICATES RECORD WAS SET OR TIED.
MM INDICATES DATA IS MISSING.
T  INDICATES TRACE AMOUNT.




$$
