000
CDUS44 KHGX 310735
CLICLL


CLIMATE REPORT
NATIONAL WEATHER SERVICE HOUSTON/GALVESTON TX
235 AM CDT SUN JUL 31 2016


...................................

...THE COLLEGE STATION CLIMATE SUMMARY FOR JULY 30 2016...

CLIMATE NORMAL PERIOD 1981 TO 2010
CLIMATE RECORD PERIOD 1902 TO 2016


WEATHER ITEM   OBSERVED TIME   RECORD YEAR NORMAL DEPARTURE LAST
                VALUE   (LST)  VALUE       VALUE  FROM      YEAR
                                                  NORMAL
..................................................................
TEMPERATURE (F)
 YESTERDAY
  MAXIMUM         97    312 PM 106    1914  96      1      101
  MINIMUM         76    607 AM  65    1936  75      1       77
  AVERAGE         87                        85      2       89

PRECIPITATION (IN)
  YESTERDAY        0.00          2.56 1954   0.06  -0.06     0.11
  MONTH TO DATE    0.24                      2.08  -1.84     0.31
  SINCE JUN 1      2.82                      6.53  -3.71     5.52
  SINCE JAN 1     28.22                     22.78   5.44    33.29

SNOWFALL (IN)
  YESTERDAY        0.0
  MONTH TO DATE    0.0
  SINCE JUL 1      0.0

DEGREE DAYS
 HEATING
  YESTERDAY        0                         0      0        0
  MONTH TO DATE    0                         0      0        0
  SINCE JUN 1      0                         0      0        0
  SINCE JUL 1      0                         0      0        0

 COOLING
  YESTERDAY       22                        20      2       24
  MONTH TO DATE  656                       589     67      605
  SINCE JUN 1   1192                      1105     87     1110
  SINCE JAN 1   1748                      1693     55     1681
..................................................................


WIND (MPH)
  HIGHEST WIND SPEED    15   HIGHEST WIND DIRECTION     S (160)
  HIGHEST GUST SPEED    19   HIGHEST GUST DIRECTION    SE (140)
  AVERAGE WIND SPEED     8.0


SKY COVER
  AVERAGE SKY COVER 0.2


WEATHER CONDITIONS
 THE FOLLOWING WEATHER WAS RECORDED YESTERDAY.
  NO SIGNIFICANT WEATHER WAS OBSERVED.


RELATIVE HUMIDITY (PERCENT)
 HIGHEST   100           500 AM
 LOWEST     42           200 PM
 AVERAGE    71

..........................................................


THE COLLEGE STATION CLIMATE NORMALS FOR TODAY
                         NORMAL    RECORD    YEAR
 MAXIMUM TEMPERATURE (F)   96       105      1914
 MINIMUM TEMPERATURE (F)   75        62      1936


SUNRISE AND SUNSET
JULY 31 2016..........SUNRISE   643 AM CDT   SUNSET   820 PM CDT
AUGUST  1 2016........SUNRISE   644 AM CDT   SUNSET   819 PM CDT


-  INDICATES NEGATIVE NUMBERS.
R  INDICATES RECORD WAS SET OR TIED.
MM INDICATES DATA IS MISSING.
T  INDICATES TRACE AMOUNT.




$$
