000
CDUS44 KHGX 170738
CLICLL


CLIMATE REPORT
NATIONAL WEATHER SERVICE HOUSTON/GALVESTON TX
238 AM CDT WED SEP 17 2014


...................................

...THE COLLEGE STATION CLIMATE SUMMARY FOR SEPTEMBER 16 2014...

CLIMATE NORMAL PERIOD 1981 TO 2010
CLIMATE RECORD PERIOD 1902 TO 2014


WEATHER ITEM   OBSERVED TIME   RECORD YEAR NORMAL DEPARTURE LAST
                VALUE   (LST)  VALUE       VALUE  FROM      YEAR
                                                  NORMAL
..................................................................
TEMPERATURE (F)
 YESTERDAY
  MAXIMUM         93    332 PM 100    1911  90      3       96
  MINIMUM         75    638 AM  53    1989  69      6       75
  AVERAGE         84                        80      4       86

PRECIPITATION (IN)
  YESTERDAY        0.11          3.64 1969   0.10   0.01     0.00
  MONTH TO DATE    4.98                      1.76   3.22     0.10
  SINCE SEP 1      4.98                      1.76   3.22     0.10
  SINCE JAN 1     27.75                     27.28   0.47    19.83

SNOWFALL (IN)
  YESTERDAY        0.0
  MONTH TO DATE    0.0
  SINCE JUL 1      0.0

DEGREE DAYS
 HEATING
  YESTERDAY        0                         0      0        0
  MONTH TO DATE    0                         0      0        0
  SINCE SEP 1      0                         0      0        0
  SINCE JUL 1      0                         0      0        0

 COOLING
  YESTERDAY       19                        15      4       21
  MONTH TO DATE  285                       272     13      338
  SINCE SEP 1    285                       272     13      338
  SINCE JAN 1   2492                      2618   -126     2815
..................................................................


WIND (MPH)
  HIGHEST WIND SPEED    24   HIGHEST WIND DIRECTION    SE (130)
  HIGHEST GUST SPEED    29   HIGHEST GUST DIRECTION    SE (130)
  AVERAGE WIND SPEED     5.8


SKY COVER
  AVERAGE SKY COVER 0.2


WEATHER CONDITIONS
 THE FOLLOWING WEATHER WAS RECORDED YESTERDAY.
  RAIN
  LIGHT RAIN
  FOG


RELATIVE HUMIDITY (PERCENT)
 HIGHEST    94           500 AM
 LOWEST     52           400 PM
 AVERAGE    73

..........................................................


THE COLLEGE STATION CLIMATE NORMALS FOR TODAY
                         NORMAL    RECORD    YEAR
 MAXIMUM TEMPERATURE (F)   90       101      1911
 MINIMUM TEMPERATURE (F)   69        55      1981


SUNRISE AND SUNSET
SEPTEMBER 17 2014.....SUNRISE   711 AM CDT   SUNSET   728 PM CDT
SEPTEMBER 18 2014.....SUNRISE   711 AM CDT   SUNSET   727 PM CDT


-  INDICATES NEGATIVE NUMBERS.
R  INDICATES RECORD WAS SET OR TIED.
MM INDICATES DATA IS MISSING.
T  INDICATES TRACE AMOUNT.




$$
