000
CDUS42 KGSP 032029
CLICLT

CLIMATE REPORT
NATIONAL WEATHER SERVICE GREENVILLE-SPARTANBURG SC
427 PM EDT FRI JUL 3 2015


...................................

...THE CHARLOTTE NC CLIMATE SUMMARY FOR JULY 3 2015...
VALID TODAY AS OF 400 PM LOCAL TIME.

CLIMATE NORMAL PERIOD 1981 TO 2010
CLIMATE RECORD PERIOD 1878 TO 2015


WEATHER ITEM   OBSERVED TIME   RECORD YEAR NORMAL DEPARTURE LAST
                VALUE   (LST)  VALUE       VALUE  FROM      YEAR
                                                  NORMAL
..................................................................
TEMPERATURE (F)
 TODAY
  MAXIMUM         86    254 PM  99    1931  89     -3       93
  MINIMUM         69    350 AM  56    2010  68      1       71
  AVERAGE         78                        78      0       82

PRECIPITATION (IN)
  TODAY            0.05          2.50 1931   0.11  -0.06     0.14
  MONTH TO DATE    0.05                      0.31  -0.26     0.14
  SINCE JUN 1      2.95                      4.05  -1.10     2.99
  SINCE JAN 1     17.42                     21.01  -3.59    25.78

SNOWFALL (IN)
  TODAY            0.0           0.0    MM   0.0    0.0      0.0
  MONTH TO DATE    0.0                       0.0    0.0      0.0
  SINCE JUN 1      0.0                       0.0    0.0      0.0
  SINCE JUL 1      0.0                       0.0    0.0      0.0
  SNOW DEPTH       0

DEGREE DAYS
 HEATING
  TODAY            0                         0      0        0
  MONTH TO DATE    0                         0      0        0
  SINCE JUN 1      0                         3     -3        0
  SINCE JUL 1      0                         0      0        0

 COOLING
  TODAY           13                        13      0       17
  MONTH TO DATE   41                        39      2       53
  SINCE JUN 1    500                       350    150      426
  SINCE JAN 1    793                       513    280      654
..................................................................


WIND (MPH)
  HIGHEST WIND SPEED    17   HIGHEST WIND DIRECTION    SW (230)
  HIGHEST GUST SPEED    25   HIGHEST GUST DIRECTION    SW (240)
  AVERAGE WIND SPEED     6.4


SKY COVER
  POSSIBLE SUNSHINE  MM
  AVERAGE SKY COVER 0.9


WEATHER CONDITIONS
 THE FOLLOWING WEATHER WAS RECORDED TODAY.
  LIGHT RAIN
  FOG
  HAZE


RELATIVE HUMIDITY (PERCENT)
 HIGHEST    90          1200 AM
 LOWEST     51           300 PM
 AVERAGE    71

..........................................................


THE CHARLOTTE NC CLIMATE NORMALS FOR TOMORROW
                         NORMAL    RECORD    YEAR
 MAXIMUM TEMPERATURE (F)   89        99      1993
                                             1955
 MINIMUM TEMPERATURE (F)   68        55      1933


SUNRISE AND SUNSET
JULY  3 2015..........SUNRISE   614 AM EDT   SUNSET   842 PM EDT
JULY  4 2015..........SUNRISE   614 AM EDT   SUNSET   842 PM EDT


-  INDICATES NEGATIVE NUMBERS.
R  INDICATES RECORD WAS SET OR TIED.
MM INDICATES DATA IS MISSING.
T  INDICATES TRACE AMOUNT.




$$
JPT
