000
CDUS42 KGSP 232041
CLICLT

CLIMATE REPORT
NATIONAL WEATHER SERVICE GREENVILLE-SPARTANBURG SC
441 PM EDT TUE MAY 23 2017


...................................

...THE CHARLOTTE NC CLIMATE SUMMARY FOR MAY 23 2017...
VALID TODAY AS OF 0440 PM LOCAL TIME.

CLIMATE NORMAL PERIOD 1981 TO 2010
CLIMATE RECORD PERIOD 1878 TO 2017


WEATHER ITEM   OBSERVED TIME   RECORD YEAR NORMAL DEPARTURE LAST
                VALUE   (LST)  VALUE       VALUE  FROM      YEAR
                                                  NORMAL
..................................................................
TEMPERATURE (F)
 TODAY
  MAXIMUM         71    921 AM  98    1941  81    -10       73
  MINIMUM         68   1215 PM  37    2002  58     10       51
  AVERAGE         70                        69      1       62

PRECIPITATION (IN)
  TODAY            0.82          3.16 1916   0.10   0.72     0.00
  MONTH TO DATE    4.51                      2.27   2.24     4.90
  SINCE MAR 1     12.76                      9.32   3.44     7.78
  SINCE JAN 1     19.67                     16.05   3.62    14.56

SNOWFALL (IN)
  TODAY            0.0           0.0    MM   0.0    0.0      0.0
  MONTH TO DATE    0.0                       0.0    0.0      0.0
  SINCE MAR 1      1.1                       0.6    0.5      0.0
  SINCE JUL 1      2.2                       4.3   -2.1      3.3
  SNOW DEPTH       0

DEGREE DAYS
 HEATING
  TODAY            0                         1     -1        3
  MONTH TO DATE   26                        47    -21       43
  SINCE MAR 1    494                       680   -186      426
  SINCE JUL 1   2392                      3379   -987     2568

 COOLING
  TODAY            5                         5      0        0
  MONTH TO DATE  115                        76     39       84
  SINCE MAR 1    240                       113    127      182
  SINCE JAN 1    245                       113    132      182
..................................................................


WIND (MPH)
  HIGHEST WIND SPEED    10   HIGHEST WIND DIRECTION    SE (150)
  HIGHEST GUST SPEED    17   HIGHEST GUST DIRECTION     E (90)
  AVERAGE WIND SPEED     5.5


SKY COVER
  POSSIBLE SUNSHINE  MM
  AVERAGE SKY COVER 1.0


WEATHER CONDITIONS
 THE FOLLOWING WEATHER WAS RECORDED TODAY.
  HEAVY RAIN
  RAIN
  LIGHT RAIN
  FOG


RELATIVE HUMIDITY (PERCENT)
 HIGHEST    90           800 AM
 LOWEST     84           700 AM
 AVERAGE    87

..........................................................


THE CHARLOTTE NC CLIMATE NORMALS FOR TOMORROW
                         NORMAL    RECORD    YEAR
 MAXIMUM TEMPERATURE (F)   81        95      1939
                                             1903
 MINIMUM TEMPERATURE (F)   58        43      1931


SUNRISE AND SUNSET
MAY 23 2017...........SUNRISE   614 AM EDT   SUNSET   827 PM EDT
MAY 24 2017...........SUNRISE   614 AM EDT   SUNSET   828 PM EDT


-  INDICATES NEGATIVE NUMBERS.
R  INDICATES RECORD WAS SET OR TIED.
MM INDICATES DATA IS MISSING.
T  INDICATES TRACE AMOUNT.

$$

OUTLAW
