000
CDUS42 KGSP 260635 RRA
CLICLT

CLIMATE REPORT
NATIONAL WEATHER SERVICE GREENVILLE-SPARTANBURG SC
233 AM EDT MON JUN 26 2017


...................................

...THE CHARLOTTE NC CLIMATE SUMMARY FOR JUNE 25 2017...

CLIMATE NORMAL PERIOD 1981 TO 2010
CLIMATE RECORD PERIOD 1878 TO 2017


WEATHER ITEM   OBSERVED TIME   RECORD YEAR NORMAL DEPARTURE LAST
                VALUE   (LST)  VALUE       VALUE  FROM      YEAR
                                                  NORMAL
..................................................................
TEMPERATURE (F)
 YESTERDAY
  MAXIMUM         84    149 PM 102    1914  88     -4       90
  MINIMUM         64   1138 PM  53    1889  67     -3       73
  AVERAGE         74                        77     -3       82

PRECIPITATION (IN)
  YESTERDAY        0.00          2.76 2006   0.11  -0.11     0.00
  MONTH TO DATE    3.97                      3.19   0.78     1.24
  SINCE JUN 1      3.97                      3.19   0.78     1.24
  SINCE JAN 1     24.89                     20.15   4.74    16.53

SNOWFALL (IN)
  YESTERDAY        0.0           0.0    MM   0.0    0.0      0.0
  MONTH TO DATE    0.0                       0.0    0.0      0.0
  SINCE JUN 1      0.0                       0.0    0.0      0.0
  SINCE JUL 1      2.2                       4.3   -2.1      3.3
  SNOW DEPTH       0

DEGREE DAYS
 HEATING
  YESTERDAY        0                         0      0        0
  MONTH TO DATE    0                         0      0        0
  SINCE JUN 1      0                         0      0        0
  SINCE JUL 1   2392                      3385   -993     2568

 COOLING
  YESTERDAY        9                        12     -3       17
  MONTH TO DATE  290                       247     43      340
  SINCE JUN 1    290                       247     43      340
  SINCE JAN 1    593                       410    183      585
..................................................................


WIND (MPH)
  HIGHEST WIND SPEED    13   HIGHEST WIND DIRECTION     N (10)
  HIGHEST GUST SPEED    18   HIGHEST GUST DIRECTION     N (350)
  AVERAGE WIND SPEED     5.2


SKY COVER
  POSSIBLE SUNSHINE  MM
  AVERAGE SKY COVER 0.7


WEATHER CONDITIONS
 THE FOLLOWING WEATHER WAS RECORDED YESTERDAY.
  FOG


RELATIVE HUMIDITY (PERCENT)
 HIGHEST    93           500 AM
 LOWEST     54           100 PM
 AVERAGE    74

..........................................................


THE CHARLOTTE NC CLIMATE NORMALS FOR TODAY
                         NORMAL    RECORD    YEAR
 MAXIMUM TEMPERATURE (F)   88       102      1952
 MINIMUM TEMPERATURE (F)   67        55      1979


SUNRISE AND SUNSET
JUNE 26 2017..........SUNRISE   611 AM EDT   SUNSET   842 PM EDT
JUNE 27 2017..........SUNRISE   611 AM EDT   SUNSET   842 PM EDT


-  INDICATES NEGATIVE NUMBERS.
R  INDICATES RECORD WAS SET OR TIED.
MM INDICATES DATA IS MISSING.
T  INDICATES TRACE AMOUNT.




$$
JPT
