000
CDUS42 KGSP 240632
CLICLT

CLIMATE REPORT
NATIONAL WEATHER SERVICE GREENVILLE-SPARTANBURG SC
231 AM EDT SUN JUL 24 2016


...................................

...THE CHARLOTTE NC CLIMATE SUMMARY FOR JULY 23 2016...

CLIMATE NORMAL PERIOD 1981 TO 2010
CLIMATE RECORD PERIOD 1878 TO 2016


WEATHER ITEM   OBSERVED TIME   RECORD YEAR NORMAL DEPARTURE LAST
                VALUE   (LST)  VALUE       VALUE  FROM      YEAR
                                                  NORMAL
..................................................................
TEMPERATURE (F)
 YESTERDAY
  MAXIMUM         96    257 PM 101    1987  89      7       94
                                      1952
  MINIMUM         69    555 AM  56    2007  68      1       74
  AVERAGE         83                        79      4       84

PRECIPITATION (IN)
  YESTERDAY        0.00          6.88 1997   0.13  -0.13     0.21
  MONTH TO DATE    1.55                      2.62  -1.07     0.98
  SINCE JUN 1      4.37                      6.36  -1.99     3.88
  SINCE JAN 1     19.66                     23.32  -3.66    18.35

SNOWFALL (IN)
  YESTERDAY        0.0           0.0    MM   0.0    0.0      0.0
  MONTH TO DATE    0.0                       0.0    0.0      0.0
  SINCE JUN 1      0.0                       0.0    0.0      0.0
  SINCE JUL 1      0.0                       0.0    0.0      0.0
  SNOW DEPTH       0

DEGREE DAYS
 HEATING
  YESTERDAY        0                         0      0        0
  MONTH TO DATE    0                         0      0        0
  SINCE JUN 1      0                         3     -3        0
  SINCE JUL 1      0                         0      0        0

 COOLING
  YESTERDAY       18                        14      4       19
  MONTH TO DATE  396                       315     81      398
  SINCE JUN 1    806                       626    180      857
  SINCE JAN 1   1051                       789    262     1150
..................................................................


WIND (MPH)
  HIGHEST WIND SPEED    20   HIGHEST WIND DIRECTION     S (200)
  HIGHEST GUST SPEED    23   HIGHEST GUST DIRECTION     S (200)
  AVERAGE WIND SPEED     3.9


SKY COVER
  POSSIBLE SUNSHINE  MM
  AVERAGE SKY COVER 0.5


WEATHER CONDITIONS
 THE FOLLOWING WEATHER WAS RECORDED YESTERDAY.
  THUNDERSTORM


RELATIVE HUMIDITY (PERCENT)
 HIGHEST    90           500 AM
 LOWEST     43           300 PM
 AVERAGE    67

..........................................................


THE CHARLOTTE NC CLIMATE NORMALS FOR TODAY
                         NORMAL    RECORD    YEAR
 MAXIMUM TEMPERATURE (F)   89       100      1983
                                             1952
 MINIMUM TEMPERATURE (F)   68        59      1947


SUNRISE AND SUNSET
JULY 24 2016..........SUNRISE   627 AM EDT   SUNSET   833 PM EDT
JULY 25 2016..........SUNRISE   628 AM EDT   SUNSET   832 PM EDT


-  INDICATES NEGATIVE NUMBERS.
R  INDICATES RECORD WAS SET OR TIED.
MM INDICATES DATA IS MISSING.
T  INDICATES TRACE AMOUNT.




$$
