000
CDUS42 KGSP 060630 RRA
CLICLT

CLIMATE REPORT
NATIONAL WEATHER SERVICE GREENVILLE-SPARTANBURG SC
228 AM EDT FRI MAY 6 2016

...THE CHARLOTTE NC CLIMATE SUMMARY FOR MAY 5 2016...

CLIMATE NORMAL PERIOD 1981 TO 2010
CLIMATE RECORD PERIOD 1878 TO 2016


WEATHER ITEM   OBSERVED TIME   RECORD YEAR NORMAL DEPARTURE LAST
                VALUE   (LST)  VALUE       VALUE  FROM      YEAR
                                                  NORMAL
..................................................................
TEMPERATURE (F)
 YESTERDAY
  MAXIMUM         66    306 PM  91    1955  76    -10       82
                                      1913
  MINIMUM         47   1159 PM  36    2011  52     -5       56
  AVERAGE         57                        64     -7       69

PRECIPITATION (IN)
  YESTERDAY        0.19          2.40 2009   0.10   0.09     0.00
  MONTH TO DATE    2.08                      0.49   1.59     0.00
  SINCE MAR 1      4.96                      7.54  -2.58     8.33
  SINCE JAN 1     11.74                     14.27  -2.53    14.15

SNOWFALL (IN)
  YESTERDAY        0.0           0.0    MM   0.0    0.0      0.0
  MONTH TO DATE    0.0                       0.0    0.0      0.0
  SINCE MAR 1      0.0                       0.6   -0.6      0.0
  SINCE JUL 1      3.3                       4.3   -1.0      3.1
  SNOW DEPTH       0

DEGREE DAYS
 HEATING
  YESTERDAY        8                         3      5        0
  MONTH TO DATE    8                        16     -8       14
  SINCE MAR 1    391                       649   -258      482
  SINCE JUL 1   2533                      3348   -815     3253

 COOLING
  YESTERDAY        0                         2     -2        4
  MONTH TO DATE   23                        10     13        8
  SINCE MAR 1    121                        47     74       71
  SINCE JAN 1    121                        47     74       71
..................................................................


WIND (MPH)
  HIGHEST WIND SPEED    24   HIGHEST WIND DIRECTION     N (360)
  HIGHEST GUST SPEED    31   HIGHEST GUST DIRECTION     N (360)
  AVERAGE WIND SPEED     8.8


SKY COVER
  POSSIBLE SUNSHINE  MM
  AVERAGE SKY COVER 0.9


WEATHER CONDITIONS
 THE FOLLOWING WEATHER WAS RECORDED YESTERDAY.
  RAIN
  LIGHT RAIN


RELATIVE HUMIDITY (PERCENT)
 HIGHEST    93          1100 PM
 LOWEST     36           300 PM
 AVERAGE    65

..........................................................


THE CHARLOTTE NC CLIMATE NORMALS FOR TODAY
                         NORMAL    RECORD    YEAR
 MAXIMUM TEMPERATURE (F)   77        93      1950
 MINIMUM TEMPERATURE (F)   53        39      1891


SUNRISE AND SUNSET
MAY  6 2016...........SUNRISE   627 AM EDT   SUNSET   814 PM EDT
MAY  7 2016...........SUNRISE   626 AM EDT   SUNSET   815 PM EDT


-  INDICATES NEGATIVE NUMBERS.
R  INDICATES RECORD WAS SET OR TIED.
MM INDICATES DATA IS MISSING.
T  INDICATES TRACE AMOUNT.

$$
