000
CDUS42 KGSP 260636
CLICLT

CLIMATE REPORT
NATIONAL WEATHER SERVICE GREENVILLE-SPARTANBURG SC
134 AM EST WED NOV 26 2014


...................................

...THE CHARLOTTE NC CLIMATE SUMMARY FOR NOVEMBER 25 2014...

CLIMATE NORMAL PERIOD 1981 TO 2010
CLIMATE RECORD PERIOD 1878 TO 2014


WEATHER ITEM   OBSERVED TIME   RECORD YEAR NORMAL DEPARTURE LAST
                VALUE   (LST)  VALUE       VALUE  FROM      YEAR
                                                  NORMAL
..................................................................
TEMPERATURE (F)
 YESTERDAY
  MAXIMUM         66    155 AM  76    1931  59      7       43
  MINIMUM         49   1159 PM  13    1970  37     12       19
  AVERAGE         58                        48     10       31

PRECIPITATION (IN)
  YESTERDAY        0.22          2.42 1883   0.10   0.12     0.00
  MONTH TO DATE    2.90                      2.58   0.32     0.95
  SINCE SEP 1      8.24                      9.22  -0.98     4.49
  SINCE JAN 1     42.00                     37.82   4.18    39.81

SNOWFALL (IN)
  YESTERDAY        0.0           T    1903   0.0    0.0      0.0
  MONTH TO DATE    0.0                       0.1   -0.1       T
  SINCE SEP 1      T                         0.1   -0.1       T
  SINCE JUL 1      T                         0.1   -0.1       T
  SNOW DEPTH       0

DEGREE DAYS
 HEATING
  YESTERDAY        7                        17    -10       34
  MONTH TO DATE  424                       339     85      376
  SINCE SEP 1    556                       545     11      508
  SINCE JUL 1    556                       545     11      509

 COOLING
  YESTERDAY        0                         0      0        0
  MONTH TO DATE    2                         0      2        1
  SINCE SEP 1    300                       236     64      289
  SINCE JAN 1   1655                      1513    142     1577
..................................................................


WIND (MPH)
  HIGHEST WIND SPEED    15   HIGHEST WIND DIRECTION    SW (210)
  HIGHEST GUST SPEED    20   HIGHEST GUST DIRECTION    SW (210)
  AVERAGE WIND SPEED     5.8


SKY COVER
  POSSIBLE SUNSHINE  MM
  AVERAGE SKY COVER 1.0


WEATHER CONDITIONS
 THE FOLLOWING WEATHER WAS RECORDED YESTERDAY.
  RAIN
  LIGHT RAIN
  FOG


RELATIVE HUMIDITY (PERCENT)
 HIGHEST    97           500 AM
 LOWEST     43           400 PM
 AVERAGE    70

..........................................................


THE CHARLOTTE NC CLIMATE NORMALS FOR TODAY
                         NORMAL    RECORD    YEAR
 MAXIMUM TEMPERATURE (F)   59        75      2001
 MINIMUM TEMPERATURE (F)   36        11      1950


SUNRISE AND SUNSET
NOVEMBER 26 2014......SUNRISE   709 AM EST   SUNSET   513 PM EST
NOVEMBER 27 2014......SUNRISE   710 AM EST   SUNSET   512 PM EST


-  INDICATES NEGATIVE NUMBERS.
R  INDICATES RECORD WAS SET OR TIED.
MM INDICATES DATA IS MISSING.
T  INDICATES TRACE AMOUNT.




$$
JPT
