000
CDUS42 KGSP 252036
CLICLT

CLIMATE REPORT
NATIONAL WEATHER SERVICE GREENVILLE-SPARTANBURG SC
436 PM EDT THU AUG 25 2016


...................................

...THE CHARLOTTE NC CLIMATE SUMMARY FOR AUGUST 25 2016...
VALID TODAY AS OF 0435 PM LOCAL TIME.

CLIMATE NORMAL PERIOD 1981 TO 2010
CLIMATE RECORD PERIOD 1878 TO 2016


WEATHER ITEM   OBSERVED TIME   RECORD YEAR NORMAL DEPARTURE LAST
                VALUE   (LST)  VALUE       VALUE  FROM      YEAR
                                                  NORMAL
..................................................................
TEMPERATURE (F)
 TODAY
  MAXIMUM         94    257 PM  98    1943  87      7       89
  MINIMUM         70    539 AM  56    1952  66      4       69
  AVERAGE         82                        76      6       79

PRECIPITATION (IN)
  TODAY            0.00          3.16 1908   0.14  -0.14     0.00
  MONTH TO DATE    1.49                      3.45  -1.96     3.73
  SINCE JUN 1      5.86                     10.87  -5.01     7.84
  SINCE JAN 1     21.15                     27.83  -6.68    22.31

SNOWFALL (IN)
  TODAY            0.0           0.0    MM   0.0    0.0      0.0
  MONTH TO DATE    0.0                       0.0    0.0      0.0
  SINCE JUN 1      0.0                       0.0    0.0      0.0
  SINCE JUL 1      0.0                       0.0    0.0      0.0
  SNOW DEPTH       0

DEGREE DAYS
 HEATING
  TODAY            0                         0      0        0
  MONTH TO DATE    0                         0      0        0
  SINCE JUN 1      0                         3     -3        0
  SINCE JUL 1      0                         0      0        0

 COOLING
  TODAY           17                        12      5       14
  MONTH TO DATE  445                       317    128      390
  SINCE JUN 1   1418                      1048    370     1385
  SINCE JAN 1   1663                      1211    452     1678
..................................................................


WIND (MPH)
  HIGHEST WIND SPEED    12   HIGHEST WIND DIRECTION     S (160)
  HIGHEST GUST SPEED    15   HIGHEST GUST DIRECTION    SE (150)
  AVERAGE WIND SPEED     4.7


SKY COVER
  POSSIBLE SUNSHINE  MM
  AVERAGE SKY COVER 0.3


WEATHER CONDITIONS
 THE FOLLOWING WEATHER WAS RECORDED TODAY.
  NO SIGNIFICANT WEATHER WAS OBSERVED.


RELATIVE HUMIDITY (PERCENT)
 HIGHEST    73           400 AM
 LOWEST     36           300 PM
 AVERAGE    55

..........................................................


THE CHARLOTTE NC CLIMATE NORMALS FOR TOMORROW
                         NORMAL    RECORD    YEAR
 MAXIMUM TEMPERATURE (F)   87       100      1954
 MINIMUM TEMPERATURE (F)   66        55      1942


SUNRISE AND SUNSET
AUGUST 25 2016........SUNRISE   651 AM EDT   SUNSET   759 PM EDT
AUGUST 26 2016........SUNRISE   652 AM EDT   SUNSET   758 PM EDT


-  INDICATES NEGATIVE NUMBERS.
R  INDICATES RECORD WAS SET OR TIED.
MM INDICATES DATA IS MISSING.
T  INDICATES TRACE AMOUNT.

$$

OUTLAW
