000
CDUS42 KGSP 250635
CLICLT

CLIMATE REPORT
NATIONAL WEATHER SERVICE GREENVILLE-SPARTANBURG SC
232 AM EDT FRI APR 25 2014

...................................

...THE CHARLOTTE NC CLIMATE SUMMARY FOR APRIL 24 2014...

CLIMATE NORMAL PERIOD 1981 TO 2010
CLIMATE RECORD PERIOD 1878 TO 2014


WEATHER ITEM   OBSERVED TIME   RECORD YEAR NORMAL DEPARTURE LAST
                VALUE   (LST)  VALUE       VALUE  FROM      YEAR
                                                  NORMAL
..................................................................
TEMPERATURE (F)
 YESTERDAY
  MAXIMUM         73    520 PM  96    1925  74     -1       76
  MINIMUM         50    551 AM  36    1893  49      1       49
  AVERAGE         62                        62      0       63

PRECIPITATION (IN)
  YESTERDAY        0.00          2.33 1937   0.10  -0.10     0.00
  MONTH TO DATE    6.43                      2.46   3.97     1.83
  SINCE MAR 1     10.91                      6.47   4.44     5.27
  SINCE JAN 1     17.83                     13.20   4.63    13.02

SNOWFALL (IN)
  YESTERDAY        0.0           0.0    MM   0.0    0.0      0.0
  MONTH TO DATE    0.0                       0.0    0.0      0.0
  SINCE MAR 1      T                         0.6   -0.6       T
  SINCE JUL 1      9.3                       4.3    5.0      2.7
  SNOW DEPTH       0

DEGREE DAYS
 HEATING
  YESTERDAY        3                         5     -2        2
  MONTH TO DATE  142                       174    -32      135
  SINCE MAR 1    683                       607     76      716
  SINCE JUL 1   3359                      3306     53     3121

 COOLING
  YESTERDAY        0                         2     -2        0
  MONTH TO DATE   22                        24     -2       40
  SINCE MAR 1     22                        29     -7       43
  SINCE JAN 1     23                        29     -6       43
..................................................................


WIND (MPH)
  HIGHEST WIND SPEED    13   HIGHEST WIND DIRECTION     S (190)
  HIGHEST GUST SPEED    18   HIGHEST GUST DIRECTION     E (90)
  AVERAGE WIND SPEED     6.3


SKY COVER
  POSSIBLE SUNSHINE  MM
  AVERAGE SKY COVER 0.2


WEATHER CONDITIONS
 THE FOLLOWING WEATHER WAS RECORDED YESTERDAY.
  NO SIGNIFICANT WEATHER WAS OBSERVED.


RELATIVE HUMIDITY (PERCENT)
 HIGHEST    60          1100 PM
 LOWEST     29           300 PM
 AVERAGE    45

..........................................................


THE CHARLOTTE NC CLIMATE NORMALS FOR TODAY
                         NORMAL    RECORD    YEAR
 MAXIMUM TEMPERATURE (F)   74        93      1925
 MINIMUM TEMPERATURE (F)   49        31      2005


SUNRISE AND SUNSET
APRIL 25 2014.........SUNRISE   639 AM EDT   SUNSET   805 PM EDT
APRIL 26 2014.........SUNRISE   638 AM EDT   SUNSET   806 PM EDT


-  INDICATES NEGATIVE NUMBERS.
R  INDICATES RECORD WAS SET OR TIED.
MM INDICATES DATA IS MISSING.
T  INDICATES TRACE AMOUNT.

$$
