305
CDUS46 KLOX 210129
CLICMA


CLIMATE REPORT
NATIONAL WEATHER SERVICE LOS ANGELES/OXNARD CA
529 PM PST SAT JAN 20 2018


...................................

...THE CAMARILLO CLIMATE SUMMARY FOR JANUARY 20 2018...
VALID TODAY AS OF 0500 PM LOCAL TIME.

CLIMATE NORMAL PERIOD 1981 TO 2010
CLIMATE RECORD PERIOD 1923 TO 2018


WEATHER ITEM   OBSERVED TIME   RECORD YEAR NORMAL DEPARTURE LAST
                VALUE   (LST)  VALUE       VALUE  FROM      YEAR
                                                  NORMAL
..................................................................
TEMPERATURE (F)
 TODAY
  MAXIMUM         66    240 PM  88    1968  66      0       60
  MINIMUM         41    726 AM  29    1937  43     -2       51
  AVERAGE         54                        54      0       56

PRECIPITATION (IN)
  TODAY            0.00          1.21 1969   0.12  -0.12     0.99
  MONTH TO DATE    1.02                      2.65  -1.63     5.23
  SINCE OCT 1      1.09                      6.65  -5.56     9.89
  SINCE JAN 1      1.02                      2.65  -1.63     5.23

SNOWFALL (IN)
  TODAY            0.0
  MONTH TO DATE    0.0
  SINCE DEC 1      0.0
  SINCE JUL 1      0.0

DEGREE DAYS
 HEATING
  TODAY           11                        11      0        9
  MONTH TO DATE   97                       220   -123      207
  SINCE DEC 1    276                       569   -293      473
  SINCE JUL 1    363                       901   -538      636

 COOLING
  TODAY            0                         0      0        0
  MONTH TO DATE   17                         0     17        0
  SINCE DEC 1     44                         2     42        5
  SINCE JAN 1     17                         0     17        0
..................................................................


WIND (MPH)
  HIGHEST WIND SPEED    21   HIGHEST WIND DIRECTION     W (280)
  HIGHEST GUST SPEED    27   HIGHEST GUST DIRECTION     W (260)
  AVERAGE WIND SPEED     6.4


SKY COVER
  POSSIBLE SUNSHINE  MM
  AVERAGE SKY COVER 0.0


WEATHER CONDITIONS
 THE FOLLOWING WEATHER WAS RECORDED TODAY.
  NO SIGNIFICANT WEATHER WAS OBSERVED.


RELATIVE HUMIDITY (PERCENT)
 HIGHEST    83           300 AM
 LOWEST     18           400 PM
 AVERAGE    51

..........................................................


THE CAMARILLO CLIMATE NORMALS FOR TOMORROW
                         NORMAL    RECORD    YEAR
 MAXIMUM TEMPERATURE (F)   66        84      2014
                                             2013
 MINIMUM TEMPERATURE (F)   43        30      1937


SUNRISE AND SUNSET
JANUARY 20 2018.......SUNRISE   700 AM PST   SUNSET   515 PM PST
JANUARY 21 2018.......SUNRISE   700 AM PST   SUNSET   516 PM PST


-  INDICATES NEGATIVE NUMBERS.
R  INDICATES RECORD WAS SET OR TIED.
MM INDICATES DATA IS MISSING.
T  INDICATES TRACE AMOUNT.




$$
