000
CDUS46 KLOX 240142
CLICMA


CLIMATE REPORT
NATIONAL WEATHER SERVICE LOS ANGELES/OXNARD CA
632 PM PDT MON OCT 23 2017


...................................

...THE CAMARILLO CLIMATE SUMMARY FOR OCTOBER 23 2017...
VALID TODAY AS OF 0600 PM LOCAL TIME.

CLIMATE NORMAL PERIOD 1981 TO 2010
CLIMATE RECORD PERIOD 1923 TO 2017


WEATHER ITEM   OBSERVED TIME   RECORD YEAR NORMAL DEPARTURE LAST
                VALUE   (LST)  VALUE       VALUE  FROM      YEAR
                                                  NORMAL
..................................................................
TEMPERATURE (F)
 TODAY
  MAXIMUM        106R   224 PM  97    2007  73     33       74
  MINIMUM         62    142 AM  35    1961  52     10       55
  AVERAGE         84                        62     22       65

PRECIPITATION (IN)
  TODAY            0.00          0.21 1941   0.02  -0.02      T
  MONTH TO DATE    0.00                      0.37  -0.37     0.19
  SINCE OCT 1      0.00                      0.37  -0.37     0.19
  SINCE JAN 1     14.80                     11.59   3.21     5.61

SNOWFALL (IN)
  TODAY            0.0
  MONTH TO DATE    0.0
  SINCE SEP 1      0.0
  SINCE JUL 1      0.0

DEGREE DAYS
 HEATING
  TODAY            0                         4     -4        0
  MONTH TO DATE   12                        59    -47       21
  SINCE SEP 1     16                        76    -60       25
  SINCE JUL 1     17                        91    -74       25

 COOLING
  TODAY           19                         1     18        0
  MONTH TO DATE   92                        23     69       57
  SINCE SEP 1    285                        94    191      206
  SINCE JAN 1    781                       306    475      671
..................................................................


WIND (MPH)
  HIGHEST WIND SPEED    26   HIGHEST WIND DIRECTION     E (70)
  HIGHEST GUST SPEED    35   HIGHEST GUST DIRECTION     E (70)
  AVERAGE WIND SPEED    16.2


SKY COVER
  POSSIBLE SUNSHINE  MM
  AVERAGE SKY COVER 0.0


WEATHER CONDITIONS
 THE FOLLOWING WEATHER WAS RECORDED TODAY.
  NO SIGNIFICANT WEATHER WAS OBSERVED.


RELATIVE HUMIDITY (PERCENT)
 HIGHEST    37           200 AM
 LOWEST      6          1200 PM
 AVERAGE    22

..........................................................


THE CAMARILLO CLIMATE NORMALS FOR TOMORROW
                         NORMAL    RECORD    YEAR
 MAXIMUM TEMPERATURE (F)   73        99      2007
                                             1968
 MINIMUM TEMPERATURE (F)   52        37      1924


SUNRISE AND SUNSET
OCTOBER 23 2017.......SUNRISE   709 AM PDT   SUNSET   612 PM PDT
OCTOBER 24 2017.......SUNRISE   709 AM PDT   SUNSET   611 PM PDT


-  INDICATES NEGATIVE NUMBERS.
R  INDICATES RECORD WAS SET OR TIED.
MM INDICATES DATA IS MISSING.
T  INDICATES TRACE AMOUNT.




$$
