000
CDUS46 KLOX 270900
CLICMA


CLIMATE REPORT
NATIONAL WEATHER SERVICE LOS ANGELES/OXNARD CA
200 AM PDT THU APR 27 2017


...................................

...THE CAMARILLO AIRPORT CA CLIMATE SUMMARY FOR APRIL 26 2017...

CLIMATE NORMAL PERIOD 1981 TO 2010
CLIMATE RECORD PERIOD 1948 TO 2017


WEATHER ITEM   OBSERVED TIME   RECORD YEAR NORMAL DEPARTURE LAST
                VALUE   (LST)  VALUE       VALUE  FROM      YEAR
                                                  NORMAL
..................................................................
TEMPERATURE (F)
 YESTERDAY
  MAXIMUM         76    141 PM  95    2008  70      6       70
  MINIMUM         53    529 AM  39    1964  48      5       43
  AVERAGE         65                        59      6       57

PRECIPITATION (IN)
  YESTERDAY        0.00          1.21 1960   0.03  -0.03     0.00
  MONTH TO DATE    0.13                      0.67  -0.54     0.57
  SINCE OCT 1     19.36                     14.50   4.86     5.98
  SINCE JAN 1     14.70                     10.50   4.20     5.42

SNOWFALL (IN)
  YESTERDAY        0.0
  MONTH TO DATE    0.0
  SINCE MAR 1      0.0
  SINCE JUL 1      0.0

DEGREE DAYS
 HEATING
  YESTERDAY        0                         6     -6        8
  MONTH TO DATE   97                       183    -86       81
  SINCE MAR 1    259                       460   -201      269
  SINCE JUL 1   1247                      1796   -549     1086

 COOLING
  YESTERDAY        0                         0      0        0
  MONTH TO DATE   10                         0     10       12
  SINCE MAR 1     14                         4     10       13
  SINCE JAN 1     15                        13      2       71
..................................................................


WIND (MPH)
  HIGHEST WIND SPEED    14   HIGHEST WIND DIRECTION    SW (240)
  HIGHEST GUST SPEED    18   HIGHEST GUST DIRECTION    SW (240)
  AVERAGE WIND SPEED     5.1


SKY COVER
  POSSIBLE SUNSHINE  MM
  AVERAGE SKY COVER 0.0


WEATHER CONDITIONS
 THE FOLLOWING WEATHER WAS RECORDED YESTERDAY.
  NO SIGNIFICANT WEATHER WAS OBSERVED.


RELATIVE HUMIDITY (PERCENT)
 HIGHEST    83           200 AM
 LOWEST     43          1200 PM
 AVERAGE    63

..........................................................


THE CAMARILLO AIRPORT CA CLIMATE NORMALS FOR TODAY
                         NORMAL    RECORD    YEAR
 MAXIMUM TEMPERATURE (F)   70        98      2008
 MINIMUM TEMPERATURE (F)   48        39      1961


SUNRISE AND SUNSET
APRIL 27 2017.........SUNRISE   611 AM PDT   SUNSET   738 PM PDT
APRIL 28 2017.........SUNRISE   610 AM PDT   SUNSET   738 PM PDT


-  INDICATES NEGATIVE NUMBERS.
R  INDICATES RECORD WAS SET OR TIED.
MM INDICATES DATA IS MISSING.
T  INDICATES TRACE AMOUNT.




$$
