000
CDUS46 KLOX 250931
CLICMA


CLIMATE REPORT
NATIONAL WEATHER SERVICE LOS ANGELES/OXNARD CA
230 AM PDT SUN JUN 25 2017


...................................

...THE CAMARILLO AIRPORT CA CLIMATE SUMMARY FOR JUNE 24 2017...

CLIMATE NORMAL PERIOD 1981 TO 2010
CLIMATE RECORD PERIOD 1923 TO 2017


WEATHER ITEM   OBSERVED TIME   RECORD YEAR NORMAL DEPARTURE LAST
                VALUE   (LST)  VALUE       VALUE  FROM      YEAR
                                                  NORMAL
..................................................................
TEMPERATURE (F)
 YESTERDAY
  MAXIMUM         74    259 PM  87    1931  74      0       74
  MINIMUM         60    523 AM  47    1963  57      3       60
                                      1943
                                      1941
  AVERAGE         67                        65      2       67

PRECIPITATION (IN)
  YESTERDAY        0.00          0.09 1988   0.00   0.00     0.00
  MONTH TO DATE    0.00                      0.05  -0.05     0.00
  SINCE OCT 1     19.44                     14.98   4.46     5.98
  SINCE JAN 1     14.78                     10.98   3.80     5.42

SNOWFALL (IN)
  YESTERDAY        0.0
  MONTH TO DATE    0.0
  SINCE JUN 1      0.0
  SINCE JUL 1      0.0

DEGREE DAYS
 HEATING
  YESTERDAY        0                         1     -1        0
  MONTH TO DATE   19                        36    -17       17
  SINCE JUN 1     19                        36    -17       17
  SINCE JUL 1   1351                      1979   -628     1213

 COOLING
  YESTERDAY        2                         1      1        2
  MONTH TO DATE   44                        12     32       40
  SINCE JUN 1     44                        12     32       40
  SINCE JAN 1     85                        43     42      111
..................................................................


WIND (MPH)
  HIGHEST WIND SPEED    13   HIGHEST WIND DIRECTION    SW (230)
  HIGHEST GUST SPEED    18   HIGHEST GUST DIRECTION    SW (240)
  AVERAGE WIND SPEED     5.7


SKY COVER
  POSSIBLE SUNSHINE  MM
  AVERAGE SKY COVER 0.4


WEATHER CONDITIONS
 THE FOLLOWING WEATHER WAS RECORDED YESTERDAY.
  FOG


RELATIVE HUMIDITY (PERCENT)
 HIGHEST    97           200 AM
 LOWEST     64           200 PM
 AVERAGE    81

..........................................................


THE CAMARILLO AIRPORT CA CLIMATE NORMALS FOR TODAY
                         NORMAL    RECORD    YEAR
 MAXIMUM TEMPERATURE (F)   74        96      1976
 MINIMUM TEMPERATURE (F)   57        45      1943


SUNRISE AND SUNSET
JUNE 25 2017..........SUNRISE   546 AM PDT   SUNSET   812 PM PDT
JUNE 26 2017..........SUNRISE   546 AM PDT   SUNSET   812 PM PDT


-  INDICATES NEGATIVE NUMBERS.
R  INDICATES RECORD WAS SET OR TIED.
MM INDICATES DATA IS MISSING.
T  INDICATES TRACE AMOUNT.




$$
