219
CDUS41 KILN 172104
CLICMH


CLIMATE REPORT
NATIONAL WEATHER SERVICE WILMINGTON OH
503 PM EDT TUE OCT 17 2017


...................................

...THE COLUMBUS OH CLIMATE SUMMARY FOR OCTOBER 17 2017...
VALID TODAY AS OF 0500 PM LOCAL TIME.

CLIMATE NORMAL PERIOD 1981 TO 2010
CLIMATE RECORD PERIOD 1869 TO 2017


WEATHER ITEM   OBSERVED TIME   RECORD YEAR NORMAL DEPARTURE LAST
                VALUE   (LST)  VALUE       VALUE  FROM      YEAR
                                                  NORMAL
..................................................................
TEMPERATURE (F)
 TODAY
  MAXIMUM         66    259 PM  83    1968  65      1       82
  MINIMUM         39    354 AM  26    1977  45     -6       65
  AVERAGE         53                        55     -2       74

PRECIPITATION (IN)
  TODAY            0.00          1.54 2006   0.08  -0.08     0.00
  MONTH TO DATE    2.82                      1.45   1.37     0.01
  SINCE SEP 1      5.40                      4.29   1.11     4.69
  SINCE JAN 1     39.43                     31.98   7.45    31.95

SNOWFALL (IN)
  TODAY            0.0          MM      MM   0.0    0.0      0.0
  MONTH TO DATE    0.0                       0.0    0.0      0.0
  SINCE SEP 1      0.0                       0.0    0.0      0.0
  SINCE JUL 1      0.0                       0.0    0.0      0.0
  SNOW DEPTH       0

DEGREE DAYS
 HEATING
  TODAY           12                        11      1        0
  MONTH TO DATE   36                       143   -107       71
  SINCE SEP 1     87                       212   -125       89
  SINCE JUL 1     87                       212   -125       89

 COOLING
  TODAY            0                         0      0        9
  MONTH TO DATE   41                        13     28       27
  SINCE SEP 1    184                       135     49      215
  SINCE JAN 1   1093                      1024     69     1308
..................................................................


WIND (MPH)
  HIGHEST WIND SPEED    14   HIGHEST WIND DIRECTION    SW (230)
  HIGHEST GUST SPEED    21   HIGHEST GUST DIRECTION    SW (210)
  AVERAGE WIND SPEED     4.7


SKY COVER
  POSSIBLE SUNSHINE  MM
  AVERAGE SKY COVER 0.1


WEATHER CONDITIONS
 THE FOLLOWING WEATHER WAS RECORDED TODAY.
  NO SIGNIFICANT WEATHER WAS OBSERVED.


RELATIVE HUMIDITY (PERCENT)
 HIGHEST   100           400 AM
 LOWEST     34           300 PM
 AVERAGE    67

..........................................................


THE COLUMBUS OH CLIMATE NORMALS FOR TOMORROW
                         NORMAL    RECORD    YEAR
 MAXIMUM TEMPERATURE (F)   64        83      2016
                                             1938
 MINIMUM TEMPERATURE (F)   44        25      1976


SUNRISE AND SUNSET
OCTOBER 17 2017.......SUNRISE   744 AM EDT   SUNSET   649 PM EDT
OCTOBER 18 2017.......SUNRISE   745 AM EDT   SUNSET   647 PM EDT


-  INDICATES NEGATIVE NUMBERS.
R  INDICATES RECORD WAS SET OR TIED.
MM INDICATES DATA IS MISSING.
T  INDICATES TRACE AMOUNT.




$$
