000
CDUS41 KILN 222055
CLICMH


CLIMATE REPORT
NATIONAL WEATHER SERVICE WILMINGTON OH
454 PM EDT TUE AUG 22 2017


...................................

...THE COLUMBUS OH CLIMATE SUMMARY FOR AUGUST 22 2017...
VALID TODAY AS OF 0400 PM LOCAL TIME.

CLIMATE NORMAL PERIOD 1981 TO 2010
CLIMATE RECORD PERIOD 1869 TO 2017


WEATHER ITEM   OBSERVED TIME   RECORD YEAR NORMAL DEPARTURE LAST
                VALUE   (LST)  VALUE       VALUE  FROM      YEAR
                                                  NORMAL
..................................................................
TEMPERATURE (F)
 TODAY
  MAXIMUM         86   1142 AM  98    1936  84      2       78
  MINIMUM         71   1205 PM  46    1982  64      7       57
                                      1950
  AVERAGE         79                        74      5       68

PRECIPITATION (IN)
  TODAY            0.29          1.47 1917   0.10   0.19     0.00
  MONTH TO DATE    2.14                      2.36  -0.22     3.37
  SINCE JUN 1     15.35                     11.16   4.19    11.08
  SINCE JAN 1     34.03                     26.73   7.30    24.81

SNOWFALL (IN)
  TODAY            0.0           0.0    MM   0.0    0.0      0.0
  MONTH TO DATE    0.0                       0.0    0.0      0.0
  SINCE JUN 1      0.0                       0.0    0.0      0.0
  SINCE JUL 1      0.0                       0.0    0.0      0.0
  SNOW DEPTH       0

DEGREE DAYS
 HEATING
  TODAY            0                         0      0        0
  MONTH TO DATE    0                         0      0        0
  SINCE JUN 1      7                        19    -12        4
  SINCE JUL 1      0                         0      0        0

 COOLING
  TODAY           14                         9      5        3
  MONTH TO DATE  198                       209    -11      291
  SINCE JUN 1    746                       735     11      919
  SINCE JAN 1    871                       817     54      984
..................................................................


WIND (MPH)
  HIGHEST WIND SPEED    39   HIGHEST WIND DIRECTION    NW (300)
  HIGHEST GUST SPEED    53   HIGHEST GUST DIRECTION    NW (300)
  AVERAGE WIND SPEED     9.9


SKY COVER
  POSSIBLE SUNSHINE  MM
  AVERAGE SKY COVER 0.9


WEATHER CONDITIONS
 THE FOLLOWING WEATHER WAS RECORDED TODAY.
  THUNDERSTORM
  HEAVY RAIN
  LIGHT RAIN
  FOG


RELATIVE HUMIDITY (PERCENT)
 HIGHEST    87           200 AM
 LOWEST     70          1000 AM
 AVERAGE    79

..........................................................


THE COLUMBUS OH CLIMATE NORMALS FOR TOMORROW
                         NORMAL    RECORD    YEAR
 MAXIMUM TEMPERATURE (F)   83        95      2007
                                             1959
                                             1936
 MINIMUM TEMPERATURE (F)   64        46      1952


SUNRISE AND SUNSET
AUGUST 22 2017........SUNRISE   650 AM EDT   SUNSET   818 PM EDT
AUGUST 23 2017........SUNRISE   651 AM EDT   SUNSET   816 PM EDT


-  INDICATES NEGATIVE NUMBERS.
R  INDICATES RECORD WAS SET OR TIED.
MM INDICATES DATA IS MISSING.
T  INDICATES TRACE AMOUNT.




$$
