000
CDUS41 KILN 270608
CLICMH


CLIMATE REPORT
NATIONAL WEATHER SERVICE WILMINGTON OH
208 AM EDT TUE JUN 27 2017


...................................

...THE COLUMBUS OH CLIMATE SUMMARY FOR JUNE 26 2017...

CLIMATE NORMAL PERIOD 1981 TO 2010
CLIMATE RECORD PERIOD 1869 TO 2017


WEATHER ITEM   OBSERVED TIME   RECORD YEAR NORMAL DEPARTURE LAST
                VALUE   (LST)  VALUE       VALUE  FROM      YEAR
                                                  NORMAL
..................................................................
TEMPERATURE (F)
 YESTERDAY
  MAXIMUM         74    403 PM 100    1952  84    -10       90
  MINIMUM         55    412 AM  48    1961  64     -9       66
                                      1960
  AVERAGE         65                        74     -9       78

PRECIPITATION (IN)
  YESTERDAY        0.09          2.31 2008   0.13  -0.04     1.15
  MONTH TO DATE    3.34                      3.51  -0.17     4.97
  SINCE JUN 1      3.34                      3.51  -0.17     4.97
  SINCE JAN 1     22.02                     19.08   2.94    18.70

SNOWFALL (IN)
  YESTERDAY        0.0           0.0         0.0    0.0      0.0
  MONTH TO DATE    0.0                       0.0    0.0      0.0
  SINCE JUN 1      0.0                       0.0    0.0      0.0
  SINCE JUL 1      9.3                      26.7  -17.4     17.1
  SNOW DEPTH       0

DEGREE DAYS
 HEATING
  YESTERDAY        0                         0      0        0
  MONTH TO DATE    6                        18    -12        4
  SINCE JUN 1      6                        18    -12        4
  SINCE JUL 1   4277                      5245   -968     4551

 COOLING
  YESTERDAY        0                         9     -9       13
  MONTH TO DATE  207                       177     30      233
  SINCE JUN 1    207                       177     30      233
  SINCE JAN 1    332                       259     73      298
..................................................................


WIND (MPH)
  RESULTANT WIND SPEED   7   RESULTANT WIND DIRECTION   W (280)
  HIGHEST WIND SPEED    24   HIGHEST WIND DIRECTION     W (250)
  HIGHEST GUST SPEED    33   HIGHEST GUST DIRECTION     W (250)
  AVERAGE WIND SPEED     8.5


SKY COVER
  POSSIBLE SUNSHINE  MM
  AVERAGE SKY COVER 0.5


WEATHER CONDITIONS
 THE FOLLOWING WEATHER WAS RECORDED YESTERDAY.
  LIGHT RAIN


RELATIVE HUMIDITY (PERCENT)
 HIGHEST    93          1000 PM
 LOWEST     38           400 PM
 AVERAGE    66

..........................................................


THE COLUMBUS OH CLIMATE NORMALS FOR TODAY
                         NORMAL    RECORD    YEAR
 MAXIMUM TEMPERATURE (F)   84       101      1944
 MINIMUM TEMPERATURE (F)   64        45      1981


SUNRISE AND SUNSET
JUNE 27 2017..........SUNRISE   605 AM EDT   SUNSET   904 PM EDT
JUNE 28 2017..........SUNRISE   605 AM EDT   SUNSET   904 PM EDT


-  INDICATES NEGATIVE NUMBERS.
R  INDICATES RECORD WAS SET OR TIED.
MM INDICATES DATA IS MISSING.
T  INDICATES TRACE AMOUNT.




$$
