000
CDUS41 KILN 190553
CLICMH


CLIMATE REPORT
NATIONAL WEATHER SERVICE WILMINGTON OH
1253 AM EST FRI DEC 19 2014


...................................

...THE COLUMBUS OH CLIMATE SUMMARY FOR DECEMBER 18 2014...

CLIMATE NORMAL PERIOD 1981 TO 2010
CLIMATE RECORD PERIOD 1869 TO 2014


WEATHER ITEM   OBSERVED TIME   RECORD YEAR NORMAL DEPARTURE LAST
                VALUE   (LST)  VALUE       VALUE  FROM      YEAR
                                                  NORMAL
..................................................................
TEMPERATURE (F)
 YESTERDAY
  MAXIMUM         28   1159 PM  63    1967  39    -11       33
  MINIMUM         27   1005 PM  -7    1989  26      1       26
  AVERAGE         28                        32     -4       30

PRECIPITATION (IN)
  YESTERDAY        T             1.57 1990   0.09  -0.09     0.00
  MONTH TO DATE    1.99                      1.73   0.26     1.73
  SINCE DEC 1      1.99                      1.73   0.26     1.73
  SINCE JAN 1     37.38                     38.07  -0.69    38.98

SNOWFALL (IN)
  YESTERDAY        T             5.5  1951   0.2   -0.2      0.0
  MONTH TO DATE    T                         2.4   -2.4     12.0
  SINCE DEC 1      T                         2.4   -2.4     12.0
  SINCE JUL 1      4.1                       3.5    0.6     16.7
  SNOW DEPTH       0

DEGREE DAYS
 HEATING
  YESTERDAY       37                        32      5       35
  MONTH TO DATE  508                       536    -28      591
  SINCE DEC 1    508                       536    -28      591
  SINCE JUL 1   1693                      1550    143     1653

 COOLING
  YESTERDAY        0                         0      0        0
  MONTH TO DATE    0                         0      0        0
  SINCE DEC 1      0                         0      0        0
  SINCE JAN 1   1163                      1024    139     1179
..................................................................


WIND (MPH)
  RESULTANT WIND SPEED   6   RESULTANT WIND DIRECTION  NW (300)
  HIGHEST WIND SPEED    12   HIGHEST WIND DIRECTION    NW (330)
  HIGHEST GUST SPEED    14   HIGHEST GUST DIRECTION    NW (300)
  AVERAGE WIND SPEED     6.2


SKY COVER
  POSSIBLE SUNSHINE  MM
  AVERAGE SKY COVER 1.0


WEATHER CONDITIONS
 THE FOLLOWING WEATHER WAS RECORDED YESTERDAY.
  LIGHT SNOW
  HAZE


RELATIVE HUMIDITY (PERCENT)
 HIGHEST    81          1000 PM
 LOWEST     68          1200 AM
 AVERAGE    75

..........................................................


THE COLUMBUS OH CLIMATE NORMALS FOR TODAY
                         NORMAL    RECORD    YEAR
 MAXIMUM TEMPERATURE (F)   39        61      1895
 MINIMUM TEMPERATURE (F)   26        -8      1884


SUNRISE AND SUNSET
DECEMBER 19 2014......SUNRISE   749 AM EST   SUNSET   509 PM EST
DECEMBER 20 2014......SUNRISE   749 AM EST   SUNSET   509 PM EST


-  INDICATES NEGATIVE NUMBERS.
R  INDICATES RECORD WAS SET OR TIED.
MM INDICATES DATA IS MISSING.
T  INDICATES TRACE AMOUNT.




$$
