000
CDUS41 KILN 240810
CLICMH


CLIMATE REPORT
NATIONAL WEATHER SERVICE WILMINGTON OH
309 AM EST MON NOV 24 2014


...................................

...THE COLUMBUS OH CLIMATE SUMMARY FOR NOVEMBER 23 2014...

CLIMATE NORMAL PERIOD 1981 TO 2010
CLIMATE RECORD PERIOD 1869 TO 2014


WEATHER ITEM   OBSERVED TIME   RECORD YEAR NORMAL DEPARTURE LAST
                VALUE   (LST)  VALUE       VALUE  FROM      YEAR
                                                  NORMAL
..................................................................
TEMPERATURE (F)
 YESTERDAY
  MAXIMUM         62    311 PM  72    1931  49     13       39
  MINIMUM         44    417 AM  -1    1880  34     10       21
  AVERAGE         53                        41     12       30

PRECIPITATION (IN)
  YESTERDAY        0.29          1.79 1891   0.12   0.17      T
  MONTH TO DATE    1.39                      2.46  -1.07     1.83
  SINCE SEP 1      4.81                      7.91  -3.10    10.26
  SINCE JAN 1     35.32                     35.60  -0.28    36.90

SNOWFALL (IN)
  YESTERDAY        0.0           1.4  2005   0.0    0.0       T
  MONTH TO DATE    4.0                       0.5    3.5      1.2
  SINCE SEP 1      4.0                       0.7    3.3      1.2
  SINCE JUL 1      4.0                       0.7    3.3      1.2
  SNOW DEPTH       0

DEGREE DAYS
 HEATING
  YESTERDAY       12                        24    -12       35
  MONTH TO DATE  632                       444    188      458
  SINCE SEP 1   1008                       838    170      807
  SINCE JUL 1   1008                       838    170      811

 COOLING
  YESTERDAY        0                         0      0        0
  MONTH TO DATE    0                         0      0        0
  SINCE SEP 1    141                       135      6      178
  SINCE JAN 1   1163                      1024    139     1179
..................................................................


WIND (MPH)
  RESULTANT WIND SPEED   7   RESULTANT WIND DIRECTION  SE (130)
  HIGHEST WIND SPEED    23   HIGHEST WIND DIRECTION    SE (140)
  HIGHEST GUST SPEED    31   HIGHEST GUST DIRECTION     S (160)
  AVERAGE WIND SPEED     9.7


SKY COVER
  POSSIBLE SUNSHINE  MM
  AVERAGE SKY COVER 0.9


WEATHER CONDITIONS
 THE FOLLOWING WEATHER WAS RECORDED YESTERDAY.
  HEAVY RAIN
  RAIN
  LIGHT RAIN
  FOG


RELATIVE HUMIDITY (PERCENT)
 HIGHEST    89          1000 PM
 LOWEST     42           100 PM
 AVERAGE    66

..........................................................


THE COLUMBUS OH CLIMATE NORMALS FOR TODAY
                         NORMAL    RECORD    YEAR
 MAXIMUM TEMPERATURE (F)   49        68      1931
 MINIMUM TEMPERATURE (F)   33         8      1950


SUNRISE AND SUNSET
NOVEMBER 24 2014......SUNRISE   727 AM EST   SUNSET   509 PM EST
NOVEMBER 25 2014......SUNRISE   728 AM EST   SUNSET   509 PM EST


-  INDICATES NEGATIVE NUMBERS.
R  INDICATES RECORD WAS SET OR TIED.
MM INDICATES DATA IS MISSING.
T  INDICATES TRACE AMOUNT.




$$
