000
CDUS41 KILN 280532
CLICMH


CLIMATE REPORT
NATIONAL WEATHER SERVICE WILMINGTON OH
131 AM EDT SUN AUG 28 2016


...................................

...THE COLUMBUS OH CLIMATE SUMMARY FOR AUGUST 27 2016...

CLIMATE NORMAL PERIOD 1981 TO 2010
CLIMATE RECORD PERIOD 1869 TO 2016


WEATHER ITEM   OBSERVED TIME   RECORD YEAR NORMAL DEPARTURE LAST
                VALUE   (LST)  VALUE       VALUE  FROM      YEAR
                                                  NORMAL
..................................................................
TEMPERATURE (F)
 YESTERDAY
  MAXIMUM         91    334 PM 100    1948  83      8       77
  MINIMUM         70   1142 PM  46    1968  63      7       59
  AVERAGE         81                        73      8       68

PRECIPITATION (IN)
  YESTERDAY        0.53          1.89 1992   0.11   0.42     0.00
  MONTH TO DATE    4.48                      2.88   1.60     3.07
  SINCE JUN 1     12.19                     11.68   0.51    15.20
  SINCE JAN 1     25.92                     27.25  -1.33    31.34

SNOWFALL (IN)
  YESTERDAY        0.0           0.0         0.0    0.0      0.0
  MONTH TO DATE    0.0                       0.0    0.0      0.0
  SINCE JUN 1      0.0                       0.0    0.0      0.0
  SINCE JUL 1      0.0                       0.0    0.0      0.0
  SNOW DEPTH       0

DEGREE DAYS
 HEATING
  YESTERDAY        0                         0      0        0
  MONTH TO DATE    0                         0      0        5
  SINCE JUN 1      4                        19    -15       25
  SINCE JUL 1      0                         0      0        5

 COOLING
  YESTERDAY       16                         8      8        3
  MONTH TO DATE  349                       250     99      190
  SINCE JUN 1    977                       776    201      670
  SINCE JAN 1   1042                       858    184      823
..................................................................


WIND (MPH)
  RESULTANT WIND SPEED   4   RESULTANT WIND DIRECTION  SE (130)
  HIGHEST WIND SPEED    32   HIGHEST WIND DIRECTION     W (270)
  HIGHEST GUST SPEED    39   HIGHEST GUST DIRECTION     W (250)
  AVERAGE WIND SPEED     5.2


SKY COVER
  POSSIBLE SUNSHINE  MM
  AVERAGE SKY COVER 0.5


WEATHER CONDITIONS
 THE FOLLOWING WEATHER WAS RECORDED YESTERDAY.
  THUNDERSTORM
  HEAVY RAIN
  LIGHT RAIN
  FOG


RELATIVE HUMIDITY (PERCENT)
 HIGHEST    93           900 PM
 LOWEST     52           300 PM
 AVERAGE    73

..........................................................


THE COLUMBUS OH CLIMATE NORMALS FOR TODAY
                         NORMAL    RECORD    YEAR
 MAXIMUM TEMPERATURE (F)   83        97      1948
 MINIMUM TEMPERATURE (F)   63        44      1887


SUNRISE AND SUNSET
AUGUST 28 2016........SUNRISE   656 AM EDT   SUNSET   808 PM EDT
AUGUST 29 2016........SUNRISE   657 AM EDT   SUNSET   807 PM EDT


-  INDICATES NEGATIVE NUMBERS.
R  INDICATES RECORD WAS SET OR TIED.
MM INDICATES DATA IS MISSING.
T  INDICATES TRACE AMOUNT.




$$
