000
CDUS41 KILN 160527
CLICMH


CLIMATE REPORT
NATIONAL WEATHER SERVICE WILMINGTON OH
1227 AM EST MON JAN 16 2017


...................................

...THE COLUMBUS OH CLIMATE SUMMARY FOR JANUARY 15 2017...

CLIMATE NORMAL PERIOD 1981 TO 2010
CLIMATE RECORD PERIOD 1869 TO 2017


WEATHER ITEM   OBSERVED TIME   RECORD YEAR NORMAL DEPARTURE LAST
                VALUE   (LST)  VALUE       VALUE  FROM      YEAR
                                                  NORMAL
..................................................................
TEMPERATURE (F)
 YESTERDAY
  MAXIMUM         37    453 PM  64    1932  36      1       47
  MINIMUM         30    827 AM -12    1893  22      8       39
  AVERAGE         34                        29      5       43

PRECIPITATION (IN)
  YESTERDAY        T             1.59 1890   0.09  -0.09     0.10
  MONTH TO DATE    1.64                      1.37   0.27     0.98
  SINCE DEC 1      4.73                      4.34   0.39     5.86
  SINCE JAN 1      1.64                      1.37   0.27     0.98

SNOWFALL (IN)
  YESTERDAY        0.0           6.7  1965   0.4   -0.4      0.0
  MONTH TO DATE    0.9                       4.4   -3.5      3.4
  SINCE DEC 1      6.3                       9.4   -3.1      3.4
  SINCE JUL 1      6.3                      10.5   -4.2      3.4
  SNOW DEPTH       0

DEGREE DAYS
 HEATING
  YESTERDAY       31                        36     -5       22
  MONTH TO DATE  482                       533    -51      531
  SINCE DEC 1   1483                      1510    -27     1155
  SINCE JUL 1   2249                      2524   -275     1960

 COOLING
  YESTERDAY        0                         0      0        0
  MONTH TO DATE    0                         0      0        0
  SINCE DEC 1      0                         0      0        0
  SINCE JAN 1      0                         0      0        0
..................................................................


WIND (MPH)
  RESULTANT WIND SPEED   3   RESULTANT WIND DIRECTION  NE (50)
  HIGHEST WIND SPEED    10   HIGHEST WIND DIRECTION     N (340)
  HIGHEST GUST SPEED    12   HIGHEST GUST DIRECTION    NW (330)
  AVERAGE WIND SPEED     4.5


SKY COVER
  POSSIBLE SUNSHINE  MM
  AVERAGE SKY COVER 0.9


WEATHER CONDITIONS
 THE FOLLOWING WEATHER WAS RECORDED YESTERDAY.
  LIGHT RAIN
  FOG
  HAZE


RELATIVE HUMIDITY (PERCENT)
 HIGHEST   100           500 AM
 LOWEST     70           400 PM
 AVERAGE    85

..........................................................


THE COLUMBUS OH CLIMATE NORMALS FOR TODAY
                         NORMAL    RECORD    YEAR
 MAXIMUM TEMPERATURE (F)   36        60      1949
 MINIMUM TEMPERATURE (F)   22       -13      1977


SUNRISE AND SUNSET
JANUARY 16 2017.......SUNRISE   751 AM EST   SUNSET   532 PM EST
JANUARY 17 2017.......SUNRISE   750 AM EST   SUNSET   533 PM EST


-  INDICATES NEGATIVE NUMBERS.
R  INDICATES RECORD WAS SET OR TIED.
MM INDICATES DATA IS MISSING.
T  INDICATES TRACE AMOUNT.




$$
