000
CDUS43 KILX 042128
CLICMI


CLIMATE REPORT
NATIONAL WEATHER SERVICE LINCOLN IL
428 PM CDT SAT JUL 4 2015


...................................

...THE CHAMPAIGN IL AIRPORT CLIMATE SUMMARY FOR JULY 4 2015...
VALID TODAY AS OF 0400 PM LOCAL TIME.

CLIMATE NORMAL PERIOD 1981 TO 2010
CLIMATE RECORD PERIOD 9999 TO 9999


WEATHER ITEM   OBSERVED TIME   RECORD YEAR NORMAL DEPARTURE LAST
                VALUE   (LST)  VALUE       VALUE  FROM      YEAR
                                                  NORMAL
..................................................................
TEMPERATURE (F)
 TODAY
  MAXIMUM         80    259 PM  MM      MM  85     -5       79
  MINIMUM         57    435 AM  MM      MM  64     -7       53
  AVERAGE         69                        74     -5       66

PRECIPITATION (IN)
  TODAY            0.00         MM      MM   0.11  -0.11     0.00
  MONTH TO DATE    T                         0.41  -0.41     0.75
  SINCE JUN 1      8.35                      4.58   3.77     7.09
  SINCE JAN 1     19.76                     19.74   0.02    21.63

DEGREE DAYS
 HEATING
  TODAY            0                         0      0        0
  MONTH TO DATE    0                         0      0        0
  SINCE JUN 1      6                        17    -11        0
  SINCE JUL 1      0                         0      0        0

 COOLING
  TODAY            4                        10     -6        1
  MONTH TO DATE   15                        39    -24       15
  SINCE JUN 1    246                       262    -16      296
  SINCE JAN 1    400                       354     46      448
..................................................................


WIND (MPH)
  HIGHEST WIND SPEED     7   HIGHEST WIND DIRECTION    SW (230)
  HIGHEST GUST SPEED    11   HIGHEST GUST DIRECTION     W (270)
  AVERAGE WIND SPEED     1.8


SKY COVER
  POSSIBLE SUNSHINE  MM
  AVERAGE SKY COVER 0.1


WEATHER CONDITIONS
 THE FOLLOWING WEATHER WAS RECORDED TODAY.
  FOG
  HAZE


RELATIVE HUMIDITY (PERCENT)
 HIGHEST    97           600 AM
 LOWEST     52           200 PM
 AVERAGE    75

..........................................................


THE CHAMPAIGN IL AIRPORT CLIMATE NORMALS FOR TOMORROW
                         NORMAL    RECORD    YEAR
 MAXIMUM TEMPERATURE (F)   85        MM        MM
 MINIMUM TEMPERATURE (F)   64        MM        MM


SUNRISE AND SUNSET
JULY  4 2015..........SUNRISE   529 AM CDT   SUNSET   825 PM CDT
JULY  5 2015..........SUNRISE   530 AM CDT   SUNSET   825 PM CDT


-  INDICATES NEGATIVE NUMBERS.
R  INDICATES RECORD WAS SET OR TIED.
MM INDICATES DATA IS MISSING.
T  INDICATES TRACE AMOUNT.




$$
