000
CDUS43 KILX 280635
CLICMI


CLIMATE REPORT
NATIONAL WEATHER SERVICE LINCOLN IL
133 AM CDT MON JUL 28 2014


...................................

...THE CHAMPAIGN IL AIRPORT CLIMATE SUMMARY FOR JULY 27 2014...

CLIMATE NORMAL PERIOD 1981 TO 2010
CLIMATE RECORD PERIOD 9999 TO 9999


WEATHER ITEM   OBSERVED TIME   RECORD YEAR NORMAL DEPARTURE LAST
                VALUE   (LST)  VALUE       VALUE  FROM      YEAR
                                                  NORMAL
..................................................................
TEMPERATURE (F)
 YESTERDAY
  MAXIMUM         85   1252 PM  MM      MM  83      2       72
  MINIMUM         63   1159 PM  MM      MM  64     -1       51
  AVERAGE         74                        73      1       62

PRECIPITATION (IN)
  YESTERDAY        0.64         MM      MM   0.13   0.51     0.00
  MONTH TO DATE    5.98                      3.88   2.10     4.74
  SINCE JUN 1     12.32                      8.05   4.27     7.99
  SINCE JAN 1     26.86                     23.21   3.65    23.67

DEGREE DAYS
 HEATING
  YESTERDAY        0                         0      0        3
  MONTH TO DATE    6                         0      6        3
  SINCE JUN 1      6                        17    -11       16
  SINCE JUL 1      6                         0      6        3

 COOLING
  YESTERDAY        9                         8      1        0
  MONTH TO DATE  152                       251    -99      242
  SINCE JUN 1    433                       474    -41      461
  SINCE JAN 1    585                       566     19      593
..................................................................


WIND (MPH)
  HIGHEST WIND SPEED    28   HIGHEST WIND DIRECTION     W (290)
  HIGHEST GUST SPEED    35   HIGHEST GUST DIRECTION    NW (300)
  AVERAGE WIND SPEED    11.6


SKY COVER
  POSSIBLE SUNSHINE  MM
  AVERAGE SKY COVER 0.5


WEATHER CONDITIONS
 THE FOLLOWING WEATHER WAS RECORDED YESTERDAY.
  THUNDERSTORM
  HEAVY RAIN
  LIGHT RAIN
  FOG
  FOG W/VISIBILITY <= 1/4 MILE


RELATIVE HUMIDITY (PERCENT)
 HIGHEST   100          1200 AM
 LOWEST     54           300 PM
 AVERAGE    77

..........................................................


THE CHAMPAIGN IL AIRPORT CLIMATE NORMALS FOR TODAY
                         NORMAL    RECORD    YEAR
 MAXIMUM TEMPERATURE (F)   83        MM        MM
 MINIMUM TEMPERATURE (F)   63        MM        MM


SUNRISE AND SUNSET
JULY 28 2014..........SUNRISE   548 AM CDT   SUNSET   811 PM CDT
JULY 29 2014..........SUNRISE   549 AM CDT   SUNSET   810 PM CDT


-  INDICATES NEGATIVE NUMBERS.
R  INDICATES RECORD WAS SET OR TIED.
MM INDICATES DATA IS MISSING.
T  INDICATES TRACE AMOUNT.




$$
