000
CDUS43 KILX 030633
CLICMI


CLIMATE REPORT
NATIONAL WEATHER SERVICE LINCOLN IL
132 AM CDT MON AUG 3 2015


...................................

...THE CHAMPAIGN IL AIRPORT CLIMATE SUMMARY FOR AUGUST 2 2015...

CLIMATE NORMAL PERIOD 1981 TO 2010
CLIMATE RECORD PERIOD 9999 TO 9999


WEATHER ITEM   OBSERVED TIME   RECORD YEAR NORMAL DEPARTURE LAST
                VALUE   (LST)  VALUE       VALUE  FROM      YEAR
                                                  NORMAL
..................................................................
TEMPERATURE (F)
 YESTERDAY
  MAXIMUM         89    412 PM  MM      MM  83      6       82
  MINIMUM         63    418 AM  MM      MM  63      0       57
  AVERAGE         76                        73      3       70

PRECIPITATION (IN)
  YESTERDAY        0.00         MM      MM   0.09  -0.09     0.00
  MONTH TO DATE    0.00                      0.18  -0.18     0.00
  SINCE JUN 1     11.14                      8.69   2.45    12.32
  SINCE JAN 1     22.55                     23.85  -1.30    26.86

DEGREE DAYS
 HEATING
  YESTERDAY        0                         0      0        0
  MONTH TO DATE    0                         0      0        0
  SINCE JUN 1      7                        19    -12        7
  SINCE JUL 1      1                         2     -1        7

 COOLING
  YESTERDAY       11                         8      3        5
  MONTH TO DATE   17                        16      1       12
  SINCE JUN 1    514                       521     -7      452
  SINCE JAN 1    668                       613     55      604
..................................................................


WIND (MPH)
  HIGHEST WIND SPEED    15   HIGHEST WIND DIRECTION    SW (220)
  HIGHEST GUST SPEED    21   HIGHEST GUST DIRECTION    SW (220)
  AVERAGE WIND SPEED     8.5


SKY COVER
  POSSIBLE SUNSHINE  MM
  AVERAGE SKY COVER 0.0


WEATHER CONDITIONS
 THE FOLLOWING WEATHER WAS RECORDED YESTERDAY.
  NO SIGNIFICANT WEATHER WAS OBSERVED.


RELATIVE HUMIDITY (PERCENT)
 HIGHEST    93           400 AM
 LOWEST     52           400 PM
 AVERAGE    73

..........................................................


THE CHAMPAIGN IL AIRPORT CLIMATE NORMALS FOR TODAY
                         NORMAL    RECORD    YEAR
 MAXIMUM TEMPERATURE (F)   83        MM        MM
 MINIMUM TEMPERATURE (F)   63        MM        MM


SUNRISE AND SUNSET
AUGUST  3 2015........SUNRISE   553 AM CDT   SUNSET   805 PM CDT
AUGUST  4 2015........SUNRISE   554 AM CDT   SUNSET   804 PM CDT


-  INDICATES NEGATIVE NUMBERS.
R  INDICATES RECORD WAS SET OR TIED.
MM INDICATES DATA IS MISSING.
T  INDICATES TRACE AMOUNT.




$$
