000
CDUS43 KILX 280700
CLICMI


CLIMATE REPORT
NATIONAL WEATHER SERVICE LINCOLN IL
1258 AM CST TUE FEB 28 2017


...................................

...THE CHAMPAIGN IL AIRPORT CLIMATE SUMMARY FOR FEBRUARY 27 2017...

CLIMATE NORMAL PERIOD 1981 TO 2010
CLIMATE RECORD PERIOD 9999 TO 9999


WEATHER ITEM   OBSERVED TIME   RECORD YEAR NORMAL DEPARTURE LAST
                VALUE   (LST)  VALUE       VALUE  FROM      YEAR
                                                  NORMAL
..................................................................
TEMPERATURE (F)
 YESTERDAY
  MAXIMUM         59    416 PM  MM      MM  42     17       53
  MINIMUM         29   1223 AM  MM      MM  25      4       25
  AVERAGE         44                        34     10       39

PRECIPITATION (IN)
  YESTERDAY        0.02         MM      MM   0.07  -0.05     0.00
  MONTH TO DATE    0.25                      1.95  -1.70     0.80
  SINCE DEC 1      3.84                      6.52  -2.68     8.31
  SINCE JAN 1      2.69                      4.00  -1.31     1.64

DEGREE DAYS
 HEATING
  YESTERDAY       21                        31    -10       26
  MONTH TO DATE  665                       963   -298      884
  SINCE DEC 1   2777                      3309   -532     2787
  SINCE JUL 1   3510                      4473   -963     3654

 COOLING
  YESTERDAY        0                         0      0        0
  MONTH TO DATE    0                         0      0        0
  SINCE DEC 1      0                         0      0        0
  SINCE JAN 1      0                         0      0        0
..................................................................


WIND (MPH)
  HIGHEST WIND SPEED    20   HIGHEST WIND DIRECTION    SE (130)
  HIGHEST GUST SPEED    24   HIGHEST GUST DIRECTION    SE (120)
  AVERAGE WIND SPEED     9.5


SKY COVER
  POSSIBLE SUNSHINE  MM
  AVERAGE SKY COVER 0.5


WEATHER CONDITIONS
 THE FOLLOWING WEATHER WAS RECORDED YESTERDAY.
  LIGHT RAIN
  FOG


RELATIVE HUMIDITY (PERCENT)
 HIGHEST    86          1100 PM
 LOWEST     43           100 PM
 AVERAGE    65

..........................................................


THE CHAMPAIGN IL AIRPORT CLIMATE NORMALS FOR TODAY
                         NORMAL    RECORD    YEAR
 MAXIMUM TEMPERATURE (F)   43        MM        MM
 MINIMUM TEMPERATURE (F)   26        MM        MM


SUNRISE AND SUNSET
FEBRUARY 28 2017......SUNRISE   628 AM CST   SUNSET   544 PM CST
MARCH  1 2017.........SUNRISE   626 AM CST   SUNSET   545 PM CST


-  INDICATES NEGATIVE NUMBERS.
R  INDICATES RECORD WAS SET OR TIED.
MM INDICATES DATA IS MISSING.
T  INDICATES TRACE AMOUNT.




$$
