000
CDUS43 KILX 270645
CLICMI


CLIMATE REPORT
NATIONAL WEATHER SERVICE LINCOLN IL
140 AM CDT WED MAY 27 2015


...................................

...THE CHAMPAIGN IL AIRPORT CLIMATE SUMMARY FOR MAY 26 2015...

CLIMATE NORMAL PERIOD 1981 TO 2010
CLIMATE RECORD PERIOD 9999 TO 9999


WEATHER ITEM   OBSERVED TIME   RECORD YEAR NORMAL DEPARTURE LAST
                VALUE   (LST)  VALUE       VALUE  FROM      YEAR
                                                  NORMAL
..................................................................
TEMPERATURE (F)
 YESTERDAY
  MAXIMUM         80    158 PM  MM      MM  79      1       89
  MINIMUM         66   1118 AM  MM      MM  55     11       60
  AVERAGE         73                        66      7       75

PRECIPITATION (IN)
  YESTERDAY        0.20         MM      MM   0.12   0.08     0.00
  MONTH TO DATE    3.00                      3.85  -0.85     5.46
  SINCE MAR 1      7.15                     10.39  -3.24    10.61
  SINCE JAN 1      8.82                     14.46  -5.64    13.36

DEGREE DAYS
 HEATING
  YESTERDAY        0                         2     -2        0
  MONTH TO DATE   77                       131    -54      134
  SINCE MAR 1   1278                      1293    -15     1405
  SINCE JUL 1   6154                      5795    359     6486

 COOLING
  YESTERDAY        8                         4      4       10
  MONTH TO DATE  127                        60     67       91
  SINCE MAR 1    130                        71     59       94
  SINCE JAN 1    130                        71     59       94
..................................................................


WIND (MPH)
  HIGHEST WIND SPEED    35   HIGHEST WIND DIRECTION     S (180)
  HIGHEST GUST SPEED    40   HIGHEST GUST DIRECTION     S (180)
  AVERAGE WIND SPEED    17.5


SKY COVER
  POSSIBLE SUNSHINE  MM
  AVERAGE SKY COVER 0.6


WEATHER CONDITIONS
 THE FOLLOWING WEATHER WAS RECORDED YESTERDAY.
  HEAVY RAIN
  RAIN
  LIGHT RAIN
  FOG


RELATIVE HUMIDITY (PERCENT)
 HIGHEST    93           500 AM
 LOWEST     60           300 PM
 AVERAGE    77

..........................................................


THE CHAMPAIGN IL AIRPORT CLIMATE NORMALS FOR TODAY
                         NORMAL    RECORD    YEAR
 MAXIMUM TEMPERATURE (F)   79        MM        MM
 MINIMUM TEMPERATURE (F)   55        MM        MM


SUNRISE AND SUNSET
MAY 27 2015...........SUNRISE   529 AM CDT   SUNSET   812 PM CDT
MAY 28 2015...........SUNRISE   528 AM CDT   SUNSET   813 PM CDT


-  INDICATES NEGATIVE NUMBERS.
R  INDICATES RECORD WAS SET OR TIED.
MM INDICATES DATA IS MISSING.
T  INDICATES TRACE AMOUNT.




$$
