000
CDUS43 KILX 230641
CLICMI


CLIMATE REPORT
NATIONAL WEATHER SERVICE LINCOLN IL
141 AM CDT FRI JUN 23 2017


...................................

...THE CHAMPAIGN IL AIRPORT CLIMATE SUMMARY FOR JUNE 22 2017...

CLIMATE NORMAL PERIOD 1981 TO 2010
CLIMATE RECORD PERIOD 9999 TO 9999


WEATHER ITEM   OBSERVED TIME   RECORD YEAR NORMAL DEPARTURE LAST
                VALUE   (LST)  VALUE       VALUE  FROM      YEAR
                                                  NORMAL
..................................................................
TEMPERATURE (F)
 YESTERDAY
  MAXIMUM         86   1252 PM  MM      MM  85      1       85
  MINIMUM         71    535 AM  MM      MM  62      9       63
  AVERAGE         79                        73      6       74

PRECIPITATION (IN)
  YESTERDAY        0.02         MM      MM   0.13  -0.11     1.45
  MONTH TO DATE    1.10                      3.25  -2.15     5.03
  SINCE JUN 1      1.10                      3.25  -2.15     5.03
  SINCE JAN 1     17.22                     18.41  -1.19    15.54

DEGREE DAYS
 HEATING
  YESTERDAY        0                         0      0        0
  MONTH TO DATE    0                        14    -14        1
  SINCE JUN 1      0                        14    -14        1
  SINCE JUL 1   4572                      5820  -1248     4760

 COOLING
  YESTERDAY       14                         9      5        9
  MONTH TO DATE  234                       150     84      218
  SINCE JUN 1    234                       150     84      218
  SINCE JAN 1    333                       242     91      318
..................................................................


WIND (MPH)
  HIGHEST WIND SPEED    24   HIGHEST WIND DIRECTION     S (170)
  HIGHEST GUST SPEED    32   HIGHEST GUST DIRECTION    SE (150)
  AVERAGE WIND SPEED    13.5


SKY COVER
  POSSIBLE SUNSHINE  MM
  AVERAGE SKY COVER 0.6


WEATHER CONDITIONS
 THE FOLLOWING WEATHER WAS RECORDED YESTERDAY.
  LIGHT RAIN
  FOG
  HAZE


RELATIVE HUMIDITY (PERCENT)
 HIGHEST    93           900 PM
 LOWEST     61          1100 AM
 AVERAGE    77

..........................................................


THE CHAMPAIGN IL AIRPORT CLIMATE NORMALS FOR TODAY
                         NORMAL    RECORD    YEAR
 MAXIMUM TEMPERATURE (F)   85        MM        MM
 MINIMUM TEMPERATURE (F)   63        MM        MM


SUNRISE AND SUNSET
JUNE 23 2017..........SUNRISE   525 AM CDT   SUNSET   826 PM CDT
JUNE 24 2017..........SUNRISE   525 AM CDT   SUNSET   826 PM CDT


-  INDICATES NEGATIVE NUMBERS.
R  INDICATES RECORD WAS SET OR TIED.
MM INDICATES DATA IS MISSING.
T  INDICATES TRACE AMOUNT.




$$
