000
CDUS43 KTOP 282242
CLICNK


CLIMATE REPORT
NATIONAL WEATHER SERVICE TOPEKA KS
432 PM CST SUN DEC 28 2014


...................................

...THE CONCORDIA KS CLIMATE SUMMARY FOR DECEMBER 28 2014...
VALID TODAY AS OF 430 PM LOCAL TIME.

CLIMATE NORMAL PERIOD 1981 TO 2010
CLIMATE RECORD PERIOD 1885 TO 2014


WEATHER ITEM   OBSERVED TIME   RECORD YEAR NORMAL DEPARTURE LAST
                VALUE   (LST)  VALUE       VALUE  FROM      YEAR
                                                  NORMAL
..................................................................
TEMPERATURE (F)
 TODAY
  MAXIMUM         40    316 PM  69    1889  38      2       50
  MINIMUM         17    804 AM -10    1887  19     -2       24
  AVERAGE         29                        28      1       37

PRECIPITATION (IN)
  TODAY            0.00          0.25 1979   0.02  -0.02     0.00
  MONTH TO DATE    0.74                      0.80  -0.06     0.54
  SINCE DEC 1      0.74                      0.80  -0.06     0.54
  SINCE JAN 1     27.20                     27.84  -0.64    27.19

SNOWFALL (IN)
  TODAY           MM             2.1  1979   0.2   MM        0.0
  MONTH TO DATE    5.0                       3.4    1.6      6.3
  SINCE JAN 1     23.0                      19.8    3.2     26.6
  SINCE JUL 1      6.1                       6.1    0.0      6.3
  SNOW DEPTH      MM

DEGREE DAYS
 HEATING
  TODAY           36                        37     -1       28
  MONTH TO DATE  819                       974   -155     1056
  SINCE DEC 1    819                       974   -155     1056
  SINCE JUL 1   1982                      2066    -84     2112

 COOLING
  TODAY            0                         0      0        0
  MONTH TO DATE    0                         0      0        0
  SINCE DEC 1      0                         0      0        0
  SINCE JAN 1   1368                      1349     19     1359
..................................................................


WIND (MPH)
  HIGHEST WIND SPEED    13   HIGHEST WIND DIRECTION     W (250)
  HIGHEST GUST SPEED    16   HIGHEST GUST DIRECTION     W (250)
  AVERAGE WIND SPEED     6.0



WEATHER CONDITIONS
 THE FOLLOWING WEATHER WAS RECORDED TODAY.
  NO SIGNIFICANT WEATHER WAS OBSERVED.


RELATIVE HUMIDITY (PERCENT)
 HIGHEST    84           100 AM
 LOWEST     50           300 PM
 AVERAGE    67

..........................................................


THE CONCORDIA KS CLIMATE NORMALS FOR TOMORROW
                         NORMAL    RECORD    YEAR
 MAXIMUM TEMPERATURE (F)   38        66      1999
 MINIMUM TEMPERATURE (F)   19        -9      1917


SUNRISE AND SUNSET
DECEMBER 28 2014......SUNRISE   750 AM CST   SUNSET   514 PM CST
DECEMBER 29 2014......SUNRISE   751 AM CST   SUNSET   515 PM CST


-  INDICATES NEGATIVE NUMBERS.
R  INDICATES RECORD WAS SET OR TIED.
MM INDICATES DATA IS MISSING.
T  INDICATES TRACE AMOUNT.




$$
