000
CDUS43 KICT 160630
CLICNU

CLIMATE REPORT
NATIONAL WEATHER SERVICE WICHITA KS
1229 AM CST SAT DEC 16 2017

...................................

...THE CHANUTE KS CLIMATE SUMMARY FOR DECEMBER 15 2017...

CLIMATE NORMAL PERIOD 1981 TO 2010
CLIMATE RECORD PERIOD 1894 TO 2017


WEATHER ITEM   OBSERVED TIME   RECORD YEAR NORMAL DEPARTURE LAST
                VALUE   (LST)  VALUE       VALUE  FROM      YEAR
                                                  NORMAL
..................................................................
TEMPERATURE (F)
 YESTERDAY
  MAXIMUM         49    321 PM  68    1984  44      5       33
  MINIMUM         30    812 AM -12    1989  25      5       23
  AVERAGE         40                        34      6       28

PRECIPITATION (IN)
  YESTERDAY        0.00          0.75 1940   0.05  -0.05     0.00
  MONTH TO DATE    0.00                      0.92  -0.92     0.37
  SINCE DEC 1      0.00                      0.92  -0.92     0.37
  SINCE JAN 1     46.05                     41.24   4.81    36.49

DEGREE DAYS
 HEATING
  YESTERDAY       25                        31     -6       37
  MONTH TO DATE  349                       429    -80      473
  SINCE DEC 1    349                       429    -80      473
  SINCE JUL 1   1050                      1281   -231      951

 COOLING
  YESTERDAY        0                         0      0        0
  MONTH TO DATE    0                         0      0        0
  SINCE DEC 1      0                         0      0        0
  SINCE JAN 1   1619                      1532     87     1846
..................................................................


WIND (MPH)
  HIGHEST WIND SPEED    18   HIGHEST WIND DIRECTION     S (190)
  HIGHEST GUST SPEED    23   HIGHEST GUST DIRECTION     S (190)
  AVERAGE WIND SPEED    10.2


SKY COVER
  AVERAGE SKY COVER 0.2


WEATHER CONDITIONS
 THE FOLLOWING WEATHER WAS RECORDED YESTERDAY.
  NO SIGNIFICANT WEATHER WAS OBSERVED.


RELATIVE HUMIDITY (PERCENT)
 HIGHEST    92           700 AM
 LOWEST     36           300 PM
 AVERAGE    64

..........................................................


THE CHANUTE KS CLIMATE NORMALS FOR TODAY
                         NORMAL    RECORD    YEAR
 MAXIMUM TEMPERATURE (F)   43        69      2006
 MINIMUM TEMPERATURE (F)   25        -9      1989


SUNRISE AND SUNSET
DECEMBER 16 2017......SUNRISE   731 AM CST   SUNSET   505 PM CST
DECEMBER 17 2017......SUNRISE   731 AM CST   SUNSET   505 PM CST


-  INDICATES NEGATIVE NUMBERS.
R  INDICATES RECORD WAS SET OR TIED.
MM INDICATES DATA IS MISSING.
T  INDICATES TRACE AMOUNT.

$$
