000
CDUS43 KICT 280625
CLICNU


CLIMATE REPORT
NATIONAL WEATHER SERVICE WICHITA KS
124 AM CDT WED JUN 28 2017


...................................

...THE CHANUTE KS CLIMATE SUMMARY FOR JUNE 27 2017...

CLIMATE NORMAL PERIOD 1981 TO 2010
CLIMATE RECORD PERIOD 1894 TO 2017


WEATHER ITEM   OBSERVED TIME   RECORD YEAR NORMAL DEPARTURE LAST
                VALUE   (LST)  VALUE       VALUE  FROM      YEAR
                                                  NORMAL
..................................................................
TEMPERATURE (F)
 YESTERDAY
  MAXIMUM         87    430 PM 108    1980  88     -1       92
  MINIMUM         62    251 AM  50    1968  68     -6       73
  AVERAGE         75                        78     -3       83

PRECIPITATION (IN)
  YESTERDAY        0.00          1.95 1898   0.17  -0.17     0.00
  MONTH TO DATE    1.18                      5.54  -4.36     3.20
  SINCE JUN 1      1.18                      5.54  -4.36     3.20
  SINCE JAN 1     22.26                     21.94   0.32    14.99

DEGREE DAYS
 HEATING
  YESTERDAY        0                         0      0        0
  MONTH TO DATE    0                         4     -4        0
  SINCE JUN 1      0                         4     -4        0
  SINCE JUL 1   3452                      4481  -1029     3647

 COOLING
  YESTERDAY       10                        13     -3       18
  MONTH TO DATE  261                       254      7      389
  SINCE JUN 1    261                       254      7      389
  SINCE JAN 1    428                       387     41      496
..................................................................


WIND (MPH)
  HIGHEST WIND SPEED    21   HIGHEST WIND DIRECTION     S (160)
  HIGHEST GUST SPEED    28   HIGHEST GUST DIRECTION     S (170)
  AVERAGE WIND SPEED    10.2


SKY COVER
  POSSIBLE SUNSHINE  MM
  AVERAGE SKY COVER 0.4


WEATHER CONDITIONS
 THE FOLLOWING WEATHER WAS RECORDED YESTERDAY.
  FOG


RELATIVE HUMIDITY (PERCENT)
 HIGHEST   100           500 AM
 LOWEST     45           200 PM
 AVERAGE    73

..........................................................


THE CHANUTE KS CLIMATE NORMALS FOR TODAY
                         NORMAL    RECORD    YEAR
 MAXIMUM TEMPERATURE (F)   88       102      1936
 MINIMUM TEMPERATURE (F)   68        55      1985


SUNRISE AND SUNSET
JUNE 28 2017..........SUNRISE   603 AM CDT   SUNSET   848 PM CDT
JUNE 29 2017..........SUNRISE   603 AM CDT   SUNSET   848 PM CDT


-  INDICATES NEGATIVE NUMBERS.
R  INDICATES RECORD WAS SET OR TIED.
MM INDICATES DATA IS MISSING.
T  INDICATES TRACE AMOUNT.




$$
