000
CDUS45 KGJT 282326
CLICNY


CLIMATE REPORT
NATIONAL WEATHER SERVICE GRAND JUNCTION CO
525 PM MDT SUN AUG 28 2016


...................................

...THE CANYONLANDS AIRPORT UT CLIMATE SUMMARY FOR AUGUST 28 2016...
VALID TODAY AS OF 0500 PM LOCAL TIME.

CLIMATE NORMAL PERIOD 1981 TO 2010
CLIMATE RECORD PERIOD 9999 TO 9999


WEATHER ITEM   OBSERVED TIME   RECORD YEAR NORMAL DEPARTURE LAST
                VALUE   (LST)  VALUE       VALUE  FROM      YEAR
                                                  NORMAL
..................................................................
TEMPERATURE (F)
 TODAY
  MAXIMUM         86    310 PM  MM      MM  89     -3       93
  MINIMUM         63    615 AM  MM      MM  59      4       63
  AVERAGE         75                        74      1       78

PRECIPITATION (IN)
  TODAY            0.00         MM      MM   0.03  -0.03     0.00
  MONTH TO DATE    0.71                      0.74  -0.03     0.93
  SINCE JUN 1      1.40                      2.08  -0.68     3.51
  SINCE JAN 1      4.19                      5.28  -1.09     6.06

SNOWFALL (IN)
  TODAY           MM            MM      MM  MM     MM       MM
  MONTH TO DATE   MM                        MM     MM       MM
  SINCE JUN 1     MM                        MM     MM       MM
  SINCE JUL 1     MM                        MM     MM       MM
  SNOW DEPTH      MM

DEGREE DAYS
 HEATING
  TODAY            0                         0      0        0
  MONTH TO DATE    0                         0      0        0
  SINCE JUN 1      0                        17    -17        5
  SINCE JUL 1      0                         0      0        0

 COOLING
  TODAY           10                         9      1       13
  MONTH TO DATE  355                       347      8      343
  SINCE JUN 1   1384                      1076    308     1118
  SINCE JAN 1   1439                      1140    299     1146
..................................................................


WIND (MPH)
  HIGHEST WIND SPEED    16   HIGHEST WIND DIRECTION     S (160)
  HIGHEST GUST SPEED    20   HIGHEST GUST DIRECTION     S (160)
  AVERAGE WIND SPEED     4.7


SKY COVER
  POSSIBLE SUNSHINE  MM
  AVERAGE SKY COVER 0.0


WEATHER CONDITIONS
 THE FOLLOWING WEATHER WAS RECORDED TODAY.
  NO SIGNIFICANT WEATHER WAS OBSERVED.


RELATIVE HUMIDITY (PERCENT)
 HIGHEST    60           600 AM
 LOWEST     24           400 PM
 AVERAGE    42

..........................................................


THE CANYONLANDS AIRPORT UT CLIMATE NORMALS FOR TOMORROW
                         NORMAL    RECORD    YEAR
 MAXIMUM TEMPERATURE (F)   89        MM        MM
 MINIMUM TEMPERATURE (F)   58        MM        MM


SUNRISE AND SUNSET
AUGUST 28 2016........SUNRISE   645 AM MDT   SUNSET   754 PM MDT
AUGUST 29 2016........SUNRISE   646 AM MDT   SUNSET   753 PM MDT


-  INDICATES NEGATIVE NUMBERS.
R  INDICATES RECORD WAS SET OR TIED.
MM INDICATES DATA IS MISSING.
T  INDICATES TRACE AMOUNT.




$$
