000
CDUS45 KGJT 190739
CLICNY


CLIMATE REPORT
NATIONAL WEATHER SERVICE GRAND JUNCTION CO
135 AM MDT TUE SEP 19 2017


...................................

...THE CANYONLANDS AIRPORT UT CLIMATE SUMMARY FOR SEPTEMBER 18 2017...

CLIMATE NORMAL PERIOD 1981 TO 2010
CLIMATE RECORD PERIOD 9999 TO 9999


WEATHER ITEM   OBSERVED TIME   RECORD YEAR NORMAL DEPARTURE LAST
                VALUE   (LST)  VALUE       VALUE  FROM      YEAR
                                                  NORMAL
..................................................................
TEMPERATURE (F)
 YESTERDAY
  MAXIMUM         84    416 PM  MM      MM  81      3       89
  MINIMUM         49    535 AM  MM      MM  51     -2       44
  AVERAGE         67                        66      1       67

PRECIPITATION (IN)
  YESTERDAY        0.00         MM      MM   0.03  -0.03     0.00
  MONTH TO DATE    0.41                      0.55  -0.14     0.19
  SINCE SEP 1      0.41                      0.55  -0.14     0.19
  SINCE JAN 1      3.24                      5.93  -2.69     4.38

SNOWFALL (IN)
  YESTERDAY       MM            MM      MM  MM     MM       MM
  MONTH TO DATE   MM                        MM     MM       MM
  SINCE SEP 1     MM                        MM     MM       MM
  SINCE JUL 1     MM                        MM     MM       MM
  SNOW DEPTH      MM

DEGREE DAYS
 HEATING
  YESTERDAY        0                         2     -2        0
  MONTH TO DATE   10                        15     -5        6
  SINCE SEP 1     10                        15     -5        6
  SINCE JUL 1     10                        16     -6        6

 COOLING
  YESTERDAY        2                         3     -1        2
  MONTH TO DATE  182                        96     86      114
  SINCE SEP 1    182                        96     86      114
  SINCE JAN 1   1709                      1262    447     1590
..................................................................


WIND (MPH)
  HIGHEST WIND SPEED    23   HIGHEST WIND DIRECTION    SW (210)
  HIGHEST GUST SPEED    29   HIGHEST GUST DIRECTION    SW (220)
  AVERAGE WIND SPEED     7.8


SKY COVER
  POSSIBLE SUNSHINE  MM
  AVERAGE SKY COVER 0.0


WEATHER CONDITIONS
 THE FOLLOWING WEATHER WAS RECORDED YESTERDAY.
  NO SIGNIFICANT WEATHER WAS OBSERVED.


RELATIVE HUMIDITY (PERCENT)
 HIGHEST    77           400 AM
 LOWEST     12           700 PM
 AVERAGE    45

..........................................................


THE CANYONLANDS AIRPORT UT CLIMATE NORMALS FOR TODAY
                         NORMAL    RECORD    YEAR
 MAXIMUM TEMPERATURE (F)   81        MM        MM
 MINIMUM TEMPERATURE (F)   51        MM        MM


SUNRISE AND SUNSET
SEPTEMBER 19 2017.....SUNRISE   704 AM MDT   SUNSET   720 PM MDT
SEPTEMBER 20 2017.....SUNRISE   705 AM MDT   SUNSET   719 PM MDT


-  INDICATES NEGATIVE NUMBERS.
R  INDICATES RECORD WAS SET OR TIED.
MM INDICATES DATA IS MISSING.
T  INDICATES TRACE AMOUNT.




$$
