000
CDUS41 KGYX 212045
CLICON


CLIMATE REPORT
NATIONAL WEATHER SERVICE GRAY ME
445 PM EDT SUN SEP 21 2014


...................................

...THE CONCORD NH CLIMATE SUMMARY FOR SEPTEMBER 21 2014...
VALID TODAY AS OF 0400 PM LOCAL TIME.

CLIMATE NORMAL PERIOD 1981 TO 2010
CLIMATE RECORD PERIOD 1868 TO 2014


WEATHER ITEM   OBSERVED TIME   RECORD YEAR NORMAL DEPARTURE LAST
                VALUE   (LST)  VALUE       VALUE  FROM      YEAR
                                                  NORMAL
..................................................................
TEMPERATURE (F)
 TODAY
  MAXIMUM         77    259 PM  93    1978  71      6       76
  MINIMUM         51    204 AM  28    1962  45      6       47
  AVERAGE         64                        58      6       62

PRECIPITATION (IN)
  TODAY            0.03          2.79 1938   0.11  -0.08     0.00
  MONTH TO DATE    0.42                      2.26  -1.84     4.16
  SINCE SEP 1      0.42                      2.26  -1.84     4.16
  SINCE JAN 1     33.30                     28.53   4.77    32.45

SNOWFALL (IN)
  TODAY            0.0           0.0  2002   0.0    0.0      0.0
                                      2001
                                      2000
  MONTH TO DATE    0.0                       0.0    0.0      0.0
  SINCE SEP 1      0.0                       0.0    0.0      0.0
  SINCE JUL 1      0.0                       0.0    0.0      0.0
  SNOW DEPTH       0

DEGREE DAYS
 HEATING
  TODAY            1                         8     -7        3
  MONTH TO DATE  134                        99     35      120
  SINCE SEP 1    134                        99     35      120
  SINCE JUL 1    166                       147     19      150

 COOLING
  TODAY            0                         1     -1        0
  MONTH TO DATE   46                        34     12       46
  SINCE SEP 1     46                        34     12       46
  SINCE JAN 1    377                       447    -70      537
..................................................................


WIND (MPH)
  HIGHEST WIND SPEED    12   HIGHEST WIND DIRECTION     S (180)
  HIGHEST GUST SPEED    16   HIGHEST GUST DIRECTION     S (170)
  AVERAGE WIND SPEED     5.1


SKY COVER
  POSSIBLE SUNSHINE  MM
  AVERAGE SKY COVER 0.7


WEATHER CONDITIONS
 THE FOLLOWING WEATHER WAS RECORDED TODAY.
  LIGHT RAIN
  FOG


RELATIVE HUMIDITY (PERCENT)
 HIGHEST   100           200 AM
 LOWEST     74           300 PM
 AVERAGE    87

..........................................................


THE CONCORD NH CLIMATE NORMALS FOR TOMORROW
                         NORMAL    RECORD    YEAR
 MAXIMUM TEMPERATURE (F)   70        92      1970
                                             1914
 MINIMUM TEMPERATURE (F)   45        25      1871


SUNRISE AND SUNSET
SEPTEMBER 21 2014.....SUNRISE   632 AM EDT   SUNSET   645 PM EDT
SEPTEMBER 22 2014.....SUNRISE   633 AM EDT   SUNSET   643 PM EDT


-  INDICATES NEGATIVE NUMBERS.
R  INDICATES RECORD WAS SET OR TIED.
MM INDICATES DATA IS MISSING.
T  INDICATES TRACE AMOUNT.




$$
