640
CDUS41 KGYX 270803
CLICON


CLIMATE REPORT
NATIONAL WEATHER SERVICE GRAY ME
403 AM EDT TUE SEP 27 2016


...................................

...THE CONCORD NH CLIMATE SUMMARY FOR SEPTEMBER 26 2016...

CLIMATE NORMAL PERIOD 1981 TO 2010
CLIMATE RECORD PERIOD 1868 TO 2016


WEATHER ITEM   OBSERVED TIME   RECORD YEAR NORMAL DEPARTURE LAST
                VALUE   (LST)  VALUE       VALUE  FROM      YEAR
                                                  NORMAL
..................................................................
TEMPERATURE (F)
 YESTERDAY
  MAXIMUM         68    322 PM  90    2007  68      0       66
  MINIMUM         32    557 AM  27    1987  43    -11       37
                                      1950
                                      1925
  AVERAGE         50                        56     -6       52

PRECIPITATION (IN)
  YESTERDAY        0.00          2.62 1918   0.12  -0.12     0.00
  MONTH TO DATE    2.68                      2.87  -0.19     1.54
  SINCE SEP 1      2.68                      2.87  -0.19     1.54
  SINCE JAN 1     20.86                     29.14  -8.28    24.88

SNOWFALL (IN)
  YESTERDAY        0.0           0.0  2002   0.0    0.0      0.0
                                      2001
                                      2000
  MONTH TO DATE    0.0                       0.0    0.0      0.0
  SINCE SEP 1      0.0                       0.0    0.0      0.0
  SINCE JUL 1      0.0                       0.0    0.0      0.0
  SNOW DEPTH       0

DEGREE DAYS
 HEATING
  YESTERDAY       15                        10      5       13
  MONTH TO DATE   62                       144    -82       59
  SINCE SEP 1     62                       144    -82       59
  SINCE JUL 1     74                       192   -118       67

 COOLING
  YESTERDAY        0                         0      0        0
  MONTH TO DATE   91                        37     54       89
  SINCE SEP 1     91                        37     54       89
  SINCE JAN 1    715                       450    265      589
..................................................................


WIND (MPH)
  RESULTANT WIND SPEED   3   RESULTANT WIND DIRECTION  SE (140)
  HIGHEST WIND SPEED    10   HIGHEST WIND DIRECTION     S (160)
  HIGHEST GUST SPEED    14   HIGHEST GUST DIRECTION     S (160)
  AVERAGE WIND SPEED     3.3


SKY COVER
  AVERAGE SKY COVER 0.1


WEATHER CONDITIONS
 THE FOLLOWING WEATHER WAS RECORDED YESTERDAY.
  FOG


RELATIVE HUMIDITY (PERCENT)
 HIGHEST    92           100 AM
 LOWEST     30           300 PM
 AVERAGE    61

..........................................................


THE CONCORD NH CLIMATE NORMALS FOR TODAY
                         NORMAL    RECORD    YEAR
 MAXIMUM TEMPERATURE (F)   68        88      1933
 MINIMUM TEMPERATURE (F)   43        22      1947


SUNRISE AND SUNSET
SEPTEMBER 27 2016.....SUNRISE   639 AM EDT   SUNSET   633 PM EDT
SEPTEMBER 28 2016.....SUNRISE   640 AM EDT   SUNSET   632 PM EDT


-  INDICATES NEGATIVE NUMBERS.
R  INDICATES RECORD WAS SET OR TIED.
MM INDICATES DATA IS MISSING.
T  INDICATES TRACE AMOUNT.




$$
