000
CDUS41 KGYX 112041
CLICON


CLIMATE REPORT
NATIONAL WEATHER SERVICE GRAY ME
441 PM EDT FRI JUL 11 2014


...................................

...THE CONCORD NH CLIMATE SUMMARY FOR JULY 11 2014...
VALID TODAY AS OF 0400 PM LOCAL TIME.

CLIMATE NORMAL PERIOD 1981 TO 2010
CLIMATE RECORD PERIOD 1868 TO 2014


WEATHER ITEM   OBSERVED TIME   RECORD YEAR NORMAL DEPARTURE LAST
                VALUE   (LST)  VALUE       VALUE  FROM      YEAR
                                                  NORMAL
..................................................................
TEMPERATURE (F)
 TODAY
  MAXIMUM         78    248 PM  98    1870  82     -4       83
  MINIMUM         53    509 AM  38    1898  58     -5       66
  AVERAGE         66                        70     -4       75

PRECIPITATION (IN)
  TODAY            0.00          1.40 1976   0.12  -0.12      T
  MONTH TO DATE    4.02                      1.24   2.78     2.31
  SINCE JUN 1      7.85                      4.93   2.92     9.09
  SINCE JAN 1     25.59                     20.59   5.00    21.85

SNOWFALL (IN)
  TODAY            0.0           0.0  2002   0.0    0.0      0.0
                                      2001
                                      2000
  MONTH TO DATE    0.0                       0.0    0.0      0.0
  SINCE JUN 1      0.0                       0.0    0.0      0.0
  SINCE JUL 1      0.0                       0.0    0.0      0.0
  SNOW DEPTH       0

DEGREE DAYS
 HEATING
  TODAY            0                         1     -1        0
  MONTH TO DATE    0                        11    -11        0
  SINCE JUN 1     56                        96    -40       72
  SINCE JUL 1      0                        11    -11        0

 COOLING
  TODAY            1                         6     -5       10
  MONTH TO DATE   80                        56     24      109
  SINCE JUN 1    153                       140     13      218
  SINCE JAN 1    155                       158     -3      239
..................................................................


WIND (MPH)
  HIGHEST WIND SPEED     8   HIGHEST WIND DIRECTION     E (110)
  HIGHEST GUST SPEED    12   HIGHEST GUST DIRECTION    NW (330)
  AVERAGE WIND SPEED     2.4


SKY COVER
  POSSIBLE SUNSHINE  MM
  AVERAGE SKY COVER 0.2


WEATHER CONDITIONS
 THE FOLLOWING WEATHER WAS RECORDED TODAY.
  NO SIGNIFICANT WEATHER WAS OBSERVED.


RELATIVE HUMIDITY (PERCENT)
 HIGHEST   100          1200 AM
 LOWEST     40           200 PM
 AVERAGE    70

..........................................................


THE CONCORD NH CLIMATE NORMALS FOR TOMORROW
                         NORMAL    RECORD    YEAR
 MAXIMUM TEMPERATURE (F)   82        96      1966
 MINIMUM TEMPERATURE (F)   58        39      1978


SUNRISE AND SUNSET
JULY 11 2014..........SUNRISE   517 AM EDT   SUNSET   826 PM EDT
JULY 12 2014..........SUNRISE   517 AM EDT   SUNSET   826 PM EDT


-  INDICATES NEGATIVE NUMBERS.
R  INDICATES RECORD WAS SET OR TIED.
MM INDICATES DATA IS MISSING.
T  INDICATES TRACE AMOUNT.




$$
