000
CDUS41 KGYX 212102
CLICON


CLIMATE REPORT
NATIONAL WEATHER SERVICE GRAY ME
502 PM EDT THU AUG 21 2014


...................................

...THE CONCORD NH CLIMATE SUMMARY FOR AUGUST 21 2014...
VALID TODAY AS OF 0500 PM LOCAL TIME.

CLIMATE NORMAL PERIOD 1981 TO 2010
CLIMATE RECORD PERIOD 1868 TO 2014


WEATHER ITEM   OBSERVED TIME   RECORD YEAR NORMAL DEPARTURE LAST
                VALUE   (LST)  VALUE       VALUE  FROM      YEAR
                                                  NORMAL
..................................................................
TEMPERATURE (F)
 TODAY
  MAXIMUM         68    201 PM  95    1937  80    -12       89
  MINIMUM         51    405 AM  35    1975  56     -5       56
  AVERAGE         60                        68     -8       73

PRECIPITATION (IN)
  TODAY            T             1.35 2004   0.10  -0.10     0.00
  MONTH TO DATE    2.16                      2.24  -0.08     1.39
  SINCE JUN 1     13.48                      9.67   3.81    14.87
  SINCE JAN 1     31.22                     25.33   5.89    27.63

SNOWFALL (IN)
  TODAY            0.0           0.0  2002   0.0    0.0      0.0
                                      2001
                                      2000
  MONTH TO DATE    0.0                       0.0    0.0      0.0
  SINCE JUN 1      0.0                       0.0    0.0      0.0
  SINCE JUL 1      0.0                       0.0    0.0      0.0
  SNOW DEPTH       0

DEGREE DAYS
 HEATING
  TODAY            5                         1      4        0
  MONTH TO DATE   26                        16     10       18
  SINCE JUN 1     82                       118    -36       92
  SINCE JUL 1     26                        33     -7       20

 COOLING
  TODAY            0                         4     -4        8
  MONTH TO DATE   45                       104    -59       48
  SINCE JUN 1    293                       360    -67      423
  SINCE JAN 1    295                       378    -83      444
..................................................................


WIND (MPH)
  HIGHEST WIND SPEED     7   HIGHEST WIND DIRECTION     S (180)
  HIGHEST GUST SPEED     9   HIGHEST GUST DIRECTION     S (180)
  AVERAGE WIND SPEED     1.2


SKY COVER
  POSSIBLE SUNSHINE  MM
  AVERAGE SKY COVER 0.4


WEATHER CONDITIONS
 THE FOLLOWING WEATHER WAS RECORDED TODAY.
  LIGHT RAIN


RELATIVE HUMIDITY (PERCENT)
 HIGHEST   100           300 AM
 LOWEST     67          1000 AM
 AVERAGE    84

..........................................................


THE CONCORD NH CLIMATE NORMALS FOR TOMORROW
                         NORMAL    RECORD    YEAR
 MAXIMUM TEMPERATURE (F)   80        93      1955
 MINIMUM TEMPERATURE (F)   55        34      1982


SUNRISE AND SUNSET
AUGUST 21 2014........SUNRISE   558 AM EDT   SUNSET   739 PM EDT
AUGUST 22 2014........SUNRISE   559 AM EDT   SUNSET   738 PM EDT


-  INDICATES NEGATIVE NUMBERS.
R  INDICATES RECORD WAS SET OR TIED.
MM INDICATES DATA IS MISSING.
T  INDICATES TRACE AMOUNT.




$$
