000
CDUS41 KGYX 120919
CLICON


CLIMATE REPORT
NATIONAL WEATHER SERVICE GRAY ME
419 AM EST TUE DEC 12 2017


...................................

...THE CONCORD NH CLIMATE SUMMARY FOR DECEMBER 11 2017...

CLIMATE NORMAL PERIOD 1981 TO 2010
CLIMATE RECORD PERIOD 1868 TO 2017


WEATHER ITEM   OBSERVED TIME   RECORD YEAR NORMAL DEPARTURE LAST
                VALUE   (LST)  VALUE       VALUE  FROM      YEAR
                                                  NORMAL
..................................................................
TEMPERATURE (F)
 YESTERDAY
  MAXIMUM         36    112 PM  64    1911  38     -2       31
  MINIMUM         24   1106 PM -15    1977  19      5        3
  AVERAGE         30                        28      2       17

PRECIPITATION (IN)
  YESTERDAY        0.00          1.74 1952   0.11  -0.11     0.02
  MONTH TO DATE    0.84                      1.22  -0.38     1.09
  SINCE DEC 1      0.84                      1.22  -0.38     1.09
  SINCE JAN 1     41.68                     38.63   3.05    30.84

SNOWFALL (IN)
  YESTERDAY        0.0           7.0  2004   0.5   -0.5      0.3
  MONTH TO DATE    4.7                       4.4    0.3      3.2
  SINCE DEC 1      4.7                       4.4    0.3      3.2
  SINCE JUL 1      5.3                       7.0   -1.7      3.9
  SNOW DEPTH       3

DEGREE DAYS
 HEATING
  YESTERDAY       35                        37     -2       48
  MONTH TO DATE  348                       380    -32      369
  SINCE DEC 1    348                       380    -32      369
  SINCE JUL 1   1549                      1940   -391     1621

 COOLING
  YESTERDAY        0                         0      0        0
  MONTH TO DATE    0                         0      0        0
  SINCE DEC 1      0                         0      0        0
  SINCE JAN 1    564                       452    112      715
..................................................................


WIND (MPH)
  RESULTANT WIND SPEED   4   RESULTANT WIND DIRECTION   W (270)
  HIGHEST WIND SPEED    14   HIGHEST WIND DIRECTION     W (280)
  HIGHEST GUST SPEED    19   HIGHEST GUST DIRECTION    NW (300)
  AVERAGE WIND SPEED     5.0


SKY COVER
  AVERAGE SKY COVER 0.7


WEATHER CONDITIONS
 THE FOLLOWING WEATHER WAS RECORDED YESTERDAY.
  HAZE


RELATIVE HUMIDITY (PERCENT)
 HIGHEST    81          1200 AM
 LOWEST     52          1200 PM
 AVERAGE    67

..........................................................


THE CONCORD NH CLIMATE NORMALS FOR TODAY
                         NORMAL    RECORD    YEAR
 MAXIMUM TEMPERATURE (F)   37        67      1979
 MINIMUM TEMPERATURE (F)   19       -17      1917


SUNRISE AND SUNSET
DECEMBER 12 2017......SUNRISE   709 AM EST   SUNSET   411 PM EST
DECEMBER 13 2017......SUNRISE   710 AM EST   SUNSET   411 PM EST


-  INDICATES NEGATIVE NUMBERS.
R  INDICATES RECORD WAS SET OR TIED.
MM INDICATES DATA IS MISSING.
T  INDICATES TRACE AMOUNT.




$$
