000
CDUS41 KGYX 290809
CLICON


CLIMATE REPORT
NATIONAL WEATHER SERVICE GRAY ME
409 AM EDT THU JUN 29 2017


...................................

...THE CONCORD NH CLIMATE SUMMARY FOR JUNE 28 2017...

CLIMATE NORMAL PERIOD 1981 TO 2010
CLIMATE RECORD PERIOD 1868 TO 2017


WEATHER ITEM   OBSERVED TIME   RECORD YEAR NORMAL DEPARTURE LAST
                VALUE   (LST)  VALUE       VALUE  FROM      YEAR
                                                  NORMAL
..................................................................
TEMPERATURE (F)
 YESTERDAY
  MAXIMUM         76    233 PM 100    1901  81     -5       78
  MINIMUM         45    410 AM  38    1970  56    -11       69
  AVERAGE         61                        68     -7       74

PRECIPITATION (IN)
  YESTERDAY        0.00          1.72 2015   0.11  -0.11     0.00
  MONTH TO DATE    4.62                      3.48   1.14     1.11
  SINCE JUN 1      4.62                      3.48   1.14     1.11
  SINCE JAN 1     23.69                     19.14   4.55    13.81

SNOWFALL (IN)
  YESTERDAY        0.0           0.0  2002   0.0    0.0      0.0
                                      2001
                                      2000
  MONTH TO DATE    0.0                       0.0    0.0      0.0
  SINCE JUN 1      0.0                       0.0    0.0      0.0
  SINCE JUL 1     86.3                      61.4   24.9     29.7
  SNOW DEPTH       0

DEGREE DAYS
 HEATING
  YESTERDAY        4                         1      3        0
  MONTH TO DATE   75                        82     -7       42
  SINCE JUN 1     75                        82     -7       42
  SINCE JUL 1   6472                      7232   -760     6061

 COOLING
  YESTERDAY        0                         4     -4        9
  MONTH TO DATE  113                        74     39       67
  SINCE JUN 1    113                        74     39       67
  SINCE JAN 1    145                        92     53      107
..................................................................


WIND (MPH)
  RESULTANT WIND SPEED   4   RESULTANT WIND DIRECTION  NW (300)
  HIGHEST WIND SPEED    18   HIGHEST WIND DIRECTION    NW (330)
  HIGHEST GUST SPEED    24   HIGHEST GUST DIRECTION    NW (330)
  AVERAGE WIND SPEED     5.5


SKY COVER
  AVERAGE SKY COVER 0.3


WEATHER CONDITIONS
 THE FOLLOWING WEATHER WAS RECORDED YESTERDAY.
  FOG


RELATIVE HUMIDITY (PERCENT)
 HIGHEST   100           100 AM
 LOWEST     38           400 PM
 AVERAGE    69

..........................................................


THE CONCORD NH CLIMATE NORMALS FOR TODAY
                         NORMAL    RECORD    YEAR
 MAXIMUM TEMPERATURE (F)   81        97      1944
 MINIMUM TEMPERATURE (F)   56        37      1970


SUNRISE AND SUNSET
JUNE 29 2017..........SUNRISE   509 AM EDT   SUNSET   830 PM EDT
JUNE 30 2017..........SUNRISE   510 AM EDT   SUNSET   830 PM EDT


-  INDICATES NEGATIVE NUMBERS.
R  INDICATES RECORD WAS SET OR TIED.
MM INDICATES DATA IS MISSING.
T  INDICATES TRACE AMOUNT.




$$
