000
CDUS45 KPUB 292332
CLICOS


CLIMATE REPORT
NATIONAL WEATHER SERVICE PUEBLO
530 PM MDT SUN MAR 29 2015


...................................

...THE COLORADO SPRINGS CO CLIMATE SUMMARY FOR MARCH 29 2015...
VALID TODAY AS OF 0500 PM LOCAL TIME.

CLIMATE NORMAL PERIOD 1981 TO 2010
CLIMATE RECORD PERIOD 1872 TO 2015


WEATHER ITEM   OBSERVED TIME   RECORD YEAR NORMAL DEPARTURE LAST
                VALUE   (LST)  VALUE       VALUE  FROM      YEAR
                                                  NORMAL
..................................................................
TEMPERATURE (F)
 TODAY
  MAXIMUM         62    243 PM  75    1967  55      7       67
  MINIMUM         42    613 AM   3    1975  29     13       25
  AVERAGE         52                        42     10       46

PRECIPITATION (IN)
  TODAY            0.00          0.69 1985   0.03  -0.03     0.00
  MONTH TO DATE    0.81                      0.93  -0.12     0.42
  SINCE MAR 1      0.81                      0.93  -0.12     0.42
  SINCE JAN 1      3.13                      1.59   1.54     1.31

SNOWFALL (IN)
  TODAY            0.0           9.1  1985   0.3   -0.3      0.0
  MONTH TO DATE    3.9                       7.6   -3.7      2.8
  SINCE MAR 1      3.9                       7.6   -3.7      2.8
  SINCE JUL 1     44.8                      31.6   13.2     26.9
  SNOW DEPTH       0

DEGREE DAYS
 HEATING
  TODAY           13                        23    -10       19
  MONTH TO DATE  648                       760   -112      748
  SINCE MAR 1    648                       760   -112      748
  SINCE JUL 1   4869                      5323   -454     5235

 COOLING
  TODAY            0                         0      0        0
  MONTH TO DATE    0                         0      0        0
  SINCE MAR 1      0                         0      0        0
  SINCE JAN 1      0                         0      0        0
..................................................................


WIND (MPH)
  HIGHEST WIND SPEED    26   HIGHEST WIND DIRECTION     N (20)
  HIGHEST GUST SPEED    31   HIGHEST GUST DIRECTION     N (20)
  AVERAGE WIND SPEED    14.1


SKY COVER
  POSSIBLE SUNSHINE  MM
  AVERAGE SKY COVER 0.2


WEATHER CONDITIONS
 THE FOLLOWING WEATHER WAS RECORDED TODAY.
  NO SIGNIFICANT WEATHER WAS OBSERVED.


RELATIVE HUMIDITY (PERCENT)
 HIGHEST    53           600 AM
 LOWEST     20           300 PM
 AVERAGE    37

..........................................................


THE COLORADO SPRINGS CO CLIMATE NORMALS FOR TOMORROW
                         NORMAL    RECORD    YEAR
 MAXIMUM TEMPERATURE (F)   55        78      2010
 MINIMUM TEMPERATURE (F)   29        -2      1926


SUNRISE AND SUNSET
MARCH 29 2015.........SUNRISE   649 AM MDT   SUNSET   719 PM MDT
MARCH 30 2015.........SUNRISE   647 AM MDT   SUNSET   720 PM MDT


-  INDICATES NEGATIVE NUMBERS.
R  INDICATES RECORD WAS SET OR TIED.
MM INDICATES DATA IS MISSING.
T  INDICATES TRACE AMOUNT.




$$
