000
CDUS45 KPUB 141140
CLICOS


CLIMATE REPORT
NATIONAL WEATHER SERVICE PUEBLO
440 AM MST THU DEC 14 2017


...................................

...THE COLORADO SPRINGS CO CLIMATE SUMMARY FOR DECEMBER 13 2017...

CLIMATE NORMAL PERIOD 1981 TO 2010
CLIMATE RECORD PERIOD 1872 TO 2017


WEATHER ITEM   OBSERVED TIME   RECORD YEAR NORMAL DEPARTURE LAST
                VALUE   (LST)  VALUE       VALUE  FROM      YEAR
                                                  NORMAL
..................................................................
TEMPERATURE (F)
 YESTERDAY
  MAXIMUM         50   1118 AM  69    1988  42      8       36
  MINIMUM         32    651 PM -12    1919  17     15       14
  AVERAGE         41                        29     12       25

PRECIPITATION (IN)
  YESTERDAY        0.00          0.50 1899   0.02  -0.02     0.00
  MONTH TO DATE    0.00                      0.16  -0.16     0.13
  SINCE DEC 1      0.00                      0.16  -0.16     0.13
  SINCE JAN 1     18.43                     16.36   2.07    13.80

SNOWFALL (IN)
  YESTERDAY        0.0          10.3  1899   0.2   -0.2      0.0
  MONTH TO DATE    0.0                       2.5   -2.5      2.4
  SINCE DEC 1      0.0                       2.5   -2.5      2.4
  SINCE JUL 1      1.6                      10.3   -8.7      2.4
  SNOW DEPTH       0

DEGREE DAYS
 HEATING
  YESTERDAY       24                        36    -12       40
  MONTH TO DATE  336                       450   -114      490
  SINCE DEC 1    336                       450   -114      490
  SINCE JUL 1   1504                      1931   -427     1393

 COOLING
  YESTERDAY        0                         0      0        0
  MONTH TO DATE    0                         0      0        0
  SINCE DEC 1      0                         0      0        0
  SINCE JAN 1    639                       455    184      710
..................................................................


WIND (MPH)
  HIGHEST WIND SPEED    31   HIGHEST WIND DIRECTION    NE (40)
  HIGHEST GUST SPEED    36   HIGHEST GUST DIRECTION    NE (30)
  AVERAGE WIND SPEED    11.5


SKY COVER
  POSSIBLE SUNSHINE  MM
  AVERAGE SKY COVER 0.6


WEATHER CONDITIONS
 THE FOLLOWING WEATHER WAS RECORDED YESTERDAY.
  NO SIGNIFICANT WEATHER WAS OBSERVED.


RELATIVE HUMIDITY (PERCENT)
 HIGHEST    35          1200 AM
 LOWEST     15           600 AM
 AVERAGE    25

..........................................................


THE COLORADO SPRINGS CO CLIMATE NORMALS FOR TODAY
                         NORMAL    RECORD    YEAR
 MAXIMUM TEMPERATURE (F)   42        69      1924
 MINIMUM TEMPERATURE (F)   17       -14      1926


SUNRISE AND SUNSET
DECEMBER 14 2017......SUNRISE   709 AM MST   SUNSET   438 PM MST
DECEMBER 15 2017......SUNRISE   710 AM MST   SUNSET   438 PM MST


-  INDICATES NEGATIVE NUMBERS.
R  INDICATES RECORD WAS SET OR TIED.
MM INDICATES DATA IS MISSING.
T  INDICATES TRACE AMOUNT.




$$
