003
CDUS45 KPUB 241200
CLICOS


CLIMATE REPORT
NATIONAL WEATHER SERVICE PUEBLO
500 AM MST FRI FEB 24 2017


...................................

...THE COLORADO SPRINGS CO CLIMATE SUMMARY FOR FEBRUARY 23 2017...

CLIMATE NORMAL PERIOD 1981 TO 2010
CLIMATE RECORD PERIOD 1872 TO 2017


WEATHER ITEM   OBSERVED TIME   RECORD YEAR NORMAL DEPARTURE LAST
                VALUE   (LST)  VALUE       VALUE  FROM      YEAR
                                                  NORMAL
..................................................................
TEMPERATURE (F)
 YESTERDAY
  MAXIMUM         43    205 PM  72    2002  46     -3       39
  MINIMUM         17   1155 PM  -7    1913  21     -4       26
  AVERAGE         30                        34     -4       33

PRECIPITATION (IN)
  YESTERDAY        0.01          0.21 1965   0.02  -0.01      T
  MONTH TO DATE    0.06                      0.26  -0.20     1.00
  SINCE DEC 1      1.06                      0.92   0.14     1.79
  SINCE JAN 1      0.38                      0.58  -0.20     1.54

SNOWFALL (IN)
  YESTERDAY        T             2.3  1997   0.1   -0.1       T
  MONTH TO DATE    0.6                       4.0   -3.4     10.1
  SINCE DEC 1     13.3                      15.3   -2.0     21.3
  SINCE JUL 1     13.3                      23.1   -9.8     27.1
  SNOW DEPTH       0

DEGREE DAYS
 HEATING
  YESTERDAY       35                        31      4       32
  MONTH TO DATE  514                       765   -251      671
  SINCE DEC 1   2665                      2927   -262     2665
  SINCE JUL 1   3568                      4408   -840     3768

 COOLING
  YESTERDAY        0                         0      0        0
  MONTH TO DATE    0                         0      0        0
  SINCE DEC 1      0                         0      0        0
  SINCE JAN 1      0                         0      0        0
..................................................................


WIND (MPH)
  HIGHEST WIND SPEED    32   HIGHEST WIND DIRECTION     N (340)
  HIGHEST GUST SPEED    40   HIGHEST GUST DIRECTION     N (350)
  AVERAGE WIND SPEED    16.0


SKY COVER
  POSSIBLE SUNSHINE  MM
  AVERAGE SKY COVER 0.4


WEATHER CONDITIONS
 THE FOLLOWING WEATHER WAS RECORDED YESTERDAY.
  LIGHT SNOW
  FOG


RELATIVE HUMIDITY (PERCENT)
 HIGHEST    70          1200 PM
 LOWEST     40          1200 AM
 AVERAGE    55

..........................................................


THE COLORADO SPRINGS CO CLIMATE NORMALS FOR TODAY
                         NORMAL    RECORD    YEAR
 MAXIMUM TEMPERATURE (F)   47        71      1986
 MINIMUM TEMPERATURE (F)   21        -5      1955


SUNRISE AND SUNSET
FEBRUARY 24 2017......SUNRISE   638 AM MST   SUNSET   547 PM MST
FEBRUARY 25 2017......SUNRISE   636 AM MST   SUNSET   548 PM MST


-  INDICATES NEGATIVE NUMBERS.
R  INDICATES RECORD WAS SET OR TIED.
MM INDICATES DATA IS MISSING.
T  INDICATES TRACE AMOUNT.




$$
