000
CDUS45 KPUB 141128
CLICOS


CLIMATE REPORT
NATIONAL WEATHER SERVICE PUEBLO
428 AM MST SUN FEB 14 2016


...................................

...THE COLORADO SPRINGS CO CLIMATE SUMMARY FOR FEBRUARY 13 2016...

CLIMATE NORMAL PERIOD 1981 TO 2010
CLIMATE RECORD PERIOD 1872 TO 2016


WEATHER ITEM   OBSERVED TIME   RECORD YEAR NORMAL DEPARTURE LAST
                VALUE   (LST)  VALUE       VALUE  FROM      YEAR
                                                  NORMAL
..................................................................
TEMPERATURE (F)
 YESTERDAY
  MAXIMUM         67    240 PM  71    2011  44     23       58
                                      1954
  MINIMUM         27    558 AM -23    1905  19      8       32
  AVERAGE         47                        32     15       45

PRECIPITATION (IN)
  YESTERDAY        0.00          0.21 1931   0.01  -0.01     0.00
  MONTH TO DATE    1.00                      0.13   0.87     0.40
  SINCE DEC 1      1.79                      0.79   0.00     1.43
  SINCE JAN 1      1.54                      0.45   1.09     1.27

SNOWFALL (IN)
  YESTERDAY        0.0           2.5  1902   0.2   -0.2      0.0
  MONTH TO DATE   10.3                       2.3    8.0      0.5
  SINCE DEC 1     20.6                      13.6    7.0     17.7
  SINCE JUL 1     26.4                      21.4    5.0     24.8
  SNOW DEPTH       T

DEGREE DAYS
 HEATING
  YESTERDAY       18                        33    -15       20
  MONTH TO DATE  458                       441     17      283
  SINCE DEC 1   2452                      2603   -151     2302
  SINCE JUL 1   3555                      4084   -529     3627

 COOLING
  YESTERDAY        0                         0      0        0
  MONTH TO DATE    0                         0      0        0
  SINCE DEC 1      0                         0      0        0
  SINCE JAN 1      0                         0      0        0
..................................................................


WIND (MPH)
  HIGHEST WIND SPEED    36   HIGHEST WIND DIRECTION     W (280)
  HIGHEST GUST SPEED    49   HIGHEST GUST DIRECTION     W (290)
  AVERAGE WIND SPEED    10.8


SKY COVER
  POSSIBLE SUNSHINE  MM
  AVERAGE SKY COVER 0.6


WEATHER CONDITIONS
 THE FOLLOWING WEATHER WAS RECORDED YESTERDAY.
  NO SIGNIFICANT WEATHER WAS OBSERVED.


RELATIVE HUMIDITY (PERCENT)
 HIGHEST    85           500 AM
 LOWEST      8           400 PM
 AVERAGE    47

..........................................................


THE COLORADO SPRINGS CO CLIMATE NORMALS FOR TODAY
                         NORMAL    RECORD    YEAR
 MAXIMUM TEMPERATURE (F)   44        70      1957
 MINIMUM TEMPERATURE (F)   19        -9      1895


SUNRISE AND SUNSET
FEBRUARY 14 2016......SUNRISE   652 AM MST   SUNSET   535 PM MST
FEBRUARY 15 2016......SUNRISE   651 AM MST   SUNSET   536 PM MST


-  INDICATES NEGATIVE NUMBERS.
R  INDICATES RECORD WAS SET OR TIED.
MM INDICATES DATA IS MISSING.
T  INDICATES TRACE AMOUNT.




$$
