000
CDUS43 KLSX 300746
CLICOU


CLIMATE REPORT
NATIONAL WEATHER SERVICE ST LOUIS MO
244 AM CDT THU JUL 30 2015


...................................

...THE COLUMBIA ASOS CLIMATE SUMMARY FOR JULY 29 2015...

CLIMATE NORMAL PERIOD 1981 TO 2010
CLIMATE RECORD PERIOD 1890 TO 2015


WEATHER ITEM   OBSERVED TIME   RECORD YEAR NORMAL DEPARTURE LAST
                VALUE   (LST)  VALUE       VALUE  FROM      YEAR
                                                  NORMAL
..................................................................
TEMPERATURE (F)
 YESTERDAY
  MAXIMUM         87    318 PM 104    1999  88     -1       82
  MINIMUM         69   1115 PM  53    1925  67      2       57
  AVERAGE         78                        77      1       70

PRECIPITATION (IN)
  YESTERDAY        0.00          1.83 1966   0.13  -0.13     0.00
  MONTH TO DATE    8.40                      4.12   4.28     1.46
  SINCE JUN 1     15.96                      8.59   7.37     6.53
  SINCE JAN 1     28.82                     25.14   3.68    21.35

SNOWFALL (IN)
  YESTERDAY        0.0           0.0  2013   0.0    0.0      0.0
  MONTH TO DATE    0.0                       0.0    0.0      0.0
  SINCE JUN 1      0.0                       0.0    0.0      0.0
  SINCE JUL 1      0.0                       0.0    0.0      0.0
  SNOW DEPTH       0

DEGREE DAYS
 HEATING
  YESTERDAY        0                         0      0        0
  MONTH TO DATE    1                         0      1        0
  SINCE JUN 1      8                        11     -3        0
  SINCE JUL 1      1                         0      1        0

 COOLING
  YESTERDAY       13                        12      1        5
  MONTH TO DATE  373                       354     19      251
  SINCE JUN 1    684                       602     82      538
  SINCE JAN 1    803                       705     98      698
..................................................................


WIND (MPH)
  HIGHEST WIND SPEED    25   HIGHEST WIND DIRECTION    NW (330)
  HIGHEST GUST SPEED    31   HIGHEST GUST DIRECTION    NW (320)
  AVERAGE WIND SPEED     8.0


SKY COVER
  AVERAGE SKY COVER 0.0


WEATHER CONDITIONS
 THE FOLLOWING WEATHER WAS RECORDED YESTERDAY.
  LIGHT RAIN
  HAZE


RELATIVE HUMIDITY (PERCENT)
 HIGHEST    97
 LOWEST     43
 AVERAGE    70

..........................................................


THE COLUMBIA ASOS CLIMATE NORMALS FOR TODAY
                         NORMAL    RECORD    YEAR
 MAXIMUM TEMPERATURE (F)   88       111      1980
 MINIMUM TEMPERATURE (F)   67        54      1971


SUNRISE AND SUNSET
JULY 30 2015..........SUNRISE   608 AM CDT   SUNSET   822 PM CDT
JULY 31 2015..........SUNRISE   609 AM CDT   SUNSET   821 PM CDT


-  INDICATES NEGATIVE NUMBERS.
R  INDICATES RECORD WAS SET OR TIED.
MM INDICATES DATA IS MISSING.
T  INDICATES TRACE AMOUNT.




$$
