000
CDUS43 KLSX 020745
CLICOU


CLIMATE REPORT
NATIONAL WEATHER SERVICE ST LOUIS MO
245 AM CDT THU OCT 2 2014


...................................

...THE COLUMBIA ASOS CLIMATE SUMMARY FOR OCTOBER 1 2014...

CLIMATE NORMAL PERIOD 1981 TO 2010
CLIMATE RECORD PERIOD 1890 TO 2014


WEATHER ITEM   OBSERVED TIME   RECORD YEAR NORMAL DEPARTURE LAST
                VALUE   (LST)  VALUE       VALUE  FROM      YEAR
                                                  NORMAL
..................................................................
TEMPERATURE (F)
 YESTERDAY
  MAXIMUM         80    133 PM  94    1897  72      8       84
  MINIMUM         61    511 AM  28    1895  50     11       63
  AVERAGE         71                        61     10       74

PRECIPITATION (IN)
  YESTERDAY        1.56          2.68 1911   0.13   1.43     0.00
  MONTH TO DATE    1.56                      0.13   1.43     0.00
  SINCE SEP 1      7.71                      4.00   3.71     2.42
  SINCE JAN 1     32.00                     33.75  -1.75    35.51

SNOWFALL (IN)
  YESTERDAY        0.0           0.0  2013   0.0    0.0      0.0
  MONTH TO DATE    0.0                       0.0    0.0      0.0
  SINCE SEP 1      0.0                       0.0    0.0      0.0
  SINCE JUL 1      0.0                       0.0    0.0      0.0
  SNOW DEPTH       0

DEGREE DAYS
 HEATING
  YESTERDAY        0                         6     -6        0
  MONTH TO DATE    0                         6     -6        0
  SINCE SEP 1     47                        72    -25       16
  SINCE JUL 1     47                        74    -27       16

 COOLING
  YESTERDAY        6                         2      4        9
  MONTH TO DATE    6                         2      4        9
  SINCE SEP 1    144                       146     -2      216
  SINCE JAN 1   1254                      1229     25     1283
..................................................................


WIND (MPH)
  HIGHEST WIND SPEED    21   HIGHEST WIND DIRECTION     W (280)
  HIGHEST GUST SPEED    25   HIGHEST GUST DIRECTION     W (290)
  AVERAGE WIND SPEED     9.3


SKY COVER
  AVERAGE SKY COVER 0.6


WEATHER CONDITIONS
 THE FOLLOWING WEATHER WAS RECORDED YESTERDAY.
  THUNDERSTORM
  HEAVY RAIN
  RAIN
  LIGHT RAIN
  FOG


RELATIVE HUMIDITY (PERCENT)
 HIGHEST   100
 LOWEST     57
 AVERAGE    79

..........................................................


THE COLUMBIA ASOS CLIMATE NORMALS FOR TODAY
                         NORMAL    RECORD    YEAR
 MAXIMUM TEMPERATURE (F)   72        94      2006
 MINIMUM TEMPERATURE (F)   49        31      1974


SUNRISE AND SUNSET
OCTOBER  2 2014.......SUNRISE   706 AM CDT   SUNSET   650 PM CDT
OCTOBER  3 2014.......SUNRISE   707 AM CDT   SUNSET   648 PM CDT


-  INDICATES NEGATIVE NUMBERS.
R  INDICATES RECORD WAS SET OR TIED.
MM INDICATES DATA IS MISSING.
T  INDICATES TRACE AMOUNT.




$$
