000
CDUS45 KRIW 230733
CLICPR


CLIMATE REPORT
NATIONAL WEATHER SERVICE RIVERTON WY
133 AM MDT SAT MAY 23 2015


...................................

...THE CASPER WY CLIMATE SUMMARY FOR MAY 22 2015...

CLIMATE NORMAL PERIOD 1981 TO 2010
CLIMATE RECORD PERIOD 1939 TO 2015


WEATHER ITEM   OBSERVED TIME   RECORD YEAR NORMAL DEPARTURE LAST
                VALUE   (LST)  VALUE       VALUE  FROM      YEAR
                                                  NORMAL
..................................................................
TEMPERATURE (F)
 YESTERDAY
  MAXIMUM         52    319 PM  86    2006  69    -17       78
                                      1980
  MINIMUM         44   1159 PM  30    1986  39      5       39
                                      1974
                                      1973
  AVERAGE         48                        54     -6       59

PRECIPITATION (IN)
  YESTERDAY        0.24          2.07 1952   0.06   0.18     0.00
  MONTH TO DATE    2.22                      1.44   0.78     0.47
  SINCE MAR 1      4.52                      3.55   0.97     3.26
  SINCE JAN 1      5.83                      4.63   1.20     4.74

SNOWFALL (IN)
  YESTERDAY        0.0                       0.0    0.0      0.0
  MONTH TO DATE    6.3                       2.7    3.6      0.9
  SINCE MAR 1     20.3                      25.2   -4.9     25.4
  SINCE JUL 1     71.7                      74.6   -2.9     91.6
  SNOW DEPTH       0

DEGREE DAYS
 HEATING
  YESTERDAY       17                        11      6        6
  MONTH TO DATE  396                       315     81      340
  SINCE MAR 1   1797                      1909   -112     1912
  SINCE JUL 1   6848                      7357   -509     7676

 COOLING
  YESTERDAY        0                         0      0        0
  MONTH TO DATE    0                         0      0        0
  SINCE MAR 1      0                         0      0        0
  SINCE JAN 1      0                         0      0        0
..................................................................


WIND (MPH)
  HIGHEST WIND SPEED    24   HIGHEST WIND DIRECTION     E (90)
  HIGHEST GUST SPEED    29   HIGHEST GUST DIRECTION     E (80)
  AVERAGE WIND SPEED     8.8


SKY COVER
  POSSIBLE SUNSHINE  MM
  AVERAGE SKY COVER 1.0


WEATHER CONDITIONS
 THE FOLLOWING WEATHER WAS RECORDED YESTERDAY.
  RAIN
  LIGHT RAIN
  FOG


RELATIVE HUMIDITY (PERCENT)
 HIGHEST    93           500 PM
 LOWEST     80           700 AM
 AVERAGE    87

..........................................................


THE CASPER WY CLIMATE NORMALS FOR TODAY
                         NORMAL    RECORD    YEAR
 MAXIMUM TEMPERATURE (F)   70        88      1984
 MINIMUM TEMPERATURE (F)   39        28      2002
                                             1986


SUNRISE AND SUNSET
MAY 23 2015...........SUNRISE   536 AM MDT   SUNSET   830 PM MDT
MAY 24 2015...........SUNRISE   535 AM MDT   SUNSET   831 PM MDT


-  INDICATES NEGATIVE NUMBERS.
R  INDICATES RECORD WAS SET OR TIED.
MM INDICATES DATA IS MISSING.
T  INDICATES TRACE AMOUNT.




$$
