935
CDUS45 KRIW 100036
CLICPR


CLIMATE REPORT
NATIONAL WEATHER SERVICE RIVERTON WY
535 PM MST TUE FEB 9 2016


...................................

...THE CASPER WY CLIMATE SUMMARY FOR FEBRUARY 9 2016...
VALID TODAY AS OF 0500 PM LOCAL TIME.

CLIMATE NORMAL PERIOD 1981 TO 2010
CLIMATE RECORD PERIOD 1939 TO 2016


WEATHER ITEM   OBSERVED TIME   RECORD YEAR NORMAL DEPARTURE LAST
                VALUE   (LST)  VALUE       VALUE  FROM      YEAR
                                                  NORMAL
..................................................................
TEMPERATURE (F)
 TODAY
  MAXIMUM         39        MM  63    1996  36      3       62
  MINIMUM         28        MM -22    1982  15     13       23
  AVERAGE         34                        25      9       43

PRECIPITATION (IN)
  TODAY            0.00          0.35 1960   0.02  -0.02     0.00
  MONTH TO DATE    0.34                      0.17   0.17     0.30
  SINCE DEC 1      2.39                      1.17   1.22     2.07
  SINCE JAN 1      1.33                      0.68   0.65     0.82

SNOWFALL (IN)
  TODAY            0.0                       0.4   -0.4      0.0
  MONTH TO DATE   14.6                       3.1   11.5      3.0
  SINCE DEC 1     44.8                      23.2   21.6     27.2
  SINCE JUL 1     58.1                      42.7   15.4     42.0
  SNOW DEPTH       6

DEGREE DAYS
 HEATING
  TODAY           31                        40     -9       22
  MONTH TO DATE  415                       360     55      239
  SINCE DEC 1   2865                      2883    -18     2546
  SINCE JUL 1   4387                      4737   -350     4321

 COOLING
  TODAY            0                         0      0        0
  MONTH TO DATE    0                         0      0        0
  SINCE DEC 1      0                         0      0        0
  SINCE JAN 1      0                         0      0        0
..................................................................


WIND (MPH)
  HIGHEST WIND SPEED    24   HIGHEST WIND DIRECTION    SW (230)
  HIGHEST GUST SPEED    44   HIGHEST GUST DIRECTION    SW (210)
  AVERAGE WIND SPEED    19.4


SKY COVER
  POSSIBLE SUNSHINE  MM
  AVERAGE SKY COVER 0.0


WEATHER CONDITIONS
 THE FOLLOWING WEATHER WAS RECORDED TODAY.
  NO SIGNIFICANT WEATHER WAS OBSERVED.


RELATIVE HUMIDITY (PERCENT)
 HIGHEST    69          1200 AM
 LOWEST     54           100 PM
 AVERAGE    62

..........................................................


THE CASPER WY CLIMATE NORMALS FOR TOMORROW
                         NORMAL    RECORD    YEAR
 MAXIMUM TEMPERATURE (F)   36        60      1951
 MINIMUM TEMPERATURE (F)   15       -19      1981


SUNRISE AND SUNSET
FEBRUARY  9 2016......SUNRISE   712 AM MST   SUNSET   529 PM MST
FEBRUARY 10 2016......SUNRISE   711 AM MST   SUNSET   530 PM MST


-  INDICATES NEGATIVE NUMBERS.
R  INDICATES RECORD WAS SET OR TIED.
MM INDICATES DATA IS MISSING.
T  INDICATES TRACE AMOUNT.




$$
