000
CDUS45 KRIW 190728
CLICPR


CLIMATE REPORT
NATIONAL WEATHER SERVICE RIVERTON WY
127 AM MDT FRI SEP 19 2014


...................................

...THE CASPER WY CLIMATE SUMMARY FOR SEPTEMBER 18 2014...

CLIMATE NORMAL PERIOD 1981 TO 2010
CLIMATE RECORD PERIOD 1939 TO 2014


WEATHER ITEM   OBSERVED TIME   RECORD YEAR NORMAL DEPARTURE LAST
                VALUE   (LST)  VALUE       VALUE  FROM      YEAR
                                                  NORMAL
..................................................................
TEMPERATURE (F)
 YESTERDAY
  MAXIMUM         92R   226 PM  89    1980  73     19       80
  MINIMUM         43    606 AM  19    1965  40      3       39
  AVERAGE         68                        57     11       60

PRECIPITATION (IN)
  YESTERDAY        0.00          0.57 1946   0.04  -0.04     0.04
  MONTH TO DATE    0.19                      0.59  -0.40     0.45
  SINCE SEP 1      0.19                      0.59  -0.40     0.45
  SINCE JAN 1      8.57                      9.67  -1.10     9.65

SNOWFALL (IN)
  YESTERDAY        0.0                       0.0    0.0      0.0
  MONTH TO DATE    1.0                       0.5    0.5      0.0
  SINCE SEP 1      1.0                       0.5    0.5      0.0
  SINCE JUL 1      1.0                       0.5    0.5      0.0
  SNOW DEPTH       0

DEGREE DAYS
 HEATING
  YESTERDAY        0                         9     -9        5
  MONTH TO DATE  133                       100     33       37
  SINCE SEP 1    133                       100     33       37
  SINCE JUL 1    180                       146     34       37

 COOLING
  YESTERDAY        3                         0      3        0
  MONTH TO DATE   17                        24     -7       79
  SINCE SEP 1     17                        24     -7       79
  SINCE JAN 1    345                       421    -76      617
..................................................................


WIND (MPH)
  HIGHEST WIND SPEED    25   HIGHEST WIND DIRECTION    SW (210)
  HIGHEST GUST SPEED    32   HIGHEST GUST DIRECTION    SW (240)
  AVERAGE WIND SPEED    10.4


SKY COVER
  POSSIBLE SUNSHINE  MM
  AVERAGE SKY COVER 0.0


WEATHER CONDITIONS
 THE FOLLOWING WEATHER WAS RECORDED YESTERDAY.
  NO SIGNIFICANT WEATHER WAS OBSERVED.


RELATIVE HUMIDITY (PERCENT)
 HIGHEST    76           600 AM
 LOWEST     11           200 PM
 AVERAGE    44

..........................................................


THE CASPER WY CLIMATE NORMALS FOR TODAY
                         NORMAL    RECORD    YEAR
 MAXIMUM TEMPERATURE (F)   72        92      2010
 MINIMUM TEMPERATURE (F)   40        23      1965


SUNRISE AND SUNSET
SEPTEMBER 19 2014.....SUNRISE   650 AM MDT   SUNSET   708 PM MDT
SEPTEMBER 20 2014.....SUNRISE   651 AM MDT   SUNSET   707 PM MDT


-  INDICATES NEGATIVE NUMBERS.
R  INDICATES RECORD WAS SET OR TIED.
MM INDICATES DATA IS MISSING.
T  INDICATES TRACE AMOUNT.




$$
