000
CDUS45 KRIW 220742
CLICPR


CLIMATE REPORT
NATIONAL WEATHER SERVICE RIVERTON WY
127 AM MDT SAT JUL 22 2017


...................................

...THE CASPER WY CLIMATE SUMMARY FOR JULY 21 2017...

CLIMATE NORMAL PERIOD 1981 TO 2010
CLIMATE RECORD PERIOD 1939 TO 2017


WEATHER ITEM   OBSERVED TIME   RECORD YEAR NORMAL DEPARTURE LAST
                VALUE   (LST)  VALUE       VALUE  FROM      YEAR
                                                  NORMAL
..................................................................
TEMPERATURE (F)
 YESTERDAY
  MAXIMUM         92    441 PM 100    1982  89      3       96
  MINIMUM         63    530 AM  39    1949  54      9       58
  AVERAGE         78                        72      6       77

PRECIPITATION (IN)
  YESTERDAY        0.00          1.33 1951   0.05  -0.05     0.00
  MONTH TO DATE    0.06                      0.95  -0.89     0.01
  SINCE JUN 1      1.07                      2.56  -1.49     1.18
  SINCE JAN 1      8.67                      7.77   0.90    10.64

SNOWFALL (IN)
  YESTERDAY        0.0                       0.0    0.0      0.0
  MONTH TO DATE    0.0                       0.0    0.0      0.0
  SINCE JUN 1      0.0                       0.1   -0.1      0.0
  SINCE JUL 1      0.0                       0.0    0.0      0.0
  SNOW DEPTH       0

DEGREE DAYS
 HEATING
  YESTERDAY        0                         0      0        0
  MONTH TO DATE    1                        11    -10        5
  SINCE JUN 1     92                       147    -55       42
  SINCE JUL 1      1                        11    -10        5

 COOLING
  YESTERDAY       13                         7      6       12
  MONTH TO DATE  188                       120     68      118
  SINCE JUN 1    224                       173     51      221
  SINCE JAN 1    224                       177     47      221
..................................................................


WIND (MPH)
  HIGHEST WIND SPEED    24   HIGHEST WIND DIRECTION     S (200)
  HIGHEST GUST SPEED    30   HIGHEST GUST DIRECTION     S (200)
  AVERAGE WIND SPEED     9.8


SKY COVER
  POSSIBLE SUNSHINE  MM
  AVERAGE SKY COVER 0.1


WEATHER CONDITIONS
 THE FOLLOWING WEATHER WAS RECORDED YESTERDAY.
  NO SIGNIFICANT WEATHER WAS OBSERVED.


RELATIVE HUMIDITY (PERCENT)
 HIGHEST    73          1200 AM
 LOWEST     15           500 PM
 AVERAGE    44

..........................................................


THE CASPER WY CLIMATE NORMALS FOR TODAY
                         NORMAL    RECORD    YEAR
 MAXIMUM TEMPERATURE (F)   89       103      2005
 MINIMUM TEMPERATURE (F)   54        44      1978


SUNRISE AND SUNSET
JULY 22 2017..........SUNRISE   547 AM MDT   SUNSET   837 PM MDT
JULY 23 2017..........SUNRISE   548 AM MDT   SUNSET   836 PM MDT


-  INDICATES NEGATIVE NUMBERS.
R  INDICATES RECORD WAS SET OR TIED.
MM INDICATES DATA IS MISSING.
T  INDICATES TRACE AMOUNT.




$$
