000
CDUS45 KRIW 010735
CLICPR


CLIMATE REPORT
NATIONAL WEATHER SERVICE RIVERTON WY
135 AM MDT SAT NOV 1 2014


...................................

...THE CASPER WY CLIMATE SUMMARY FOR OCTOBER 31 2014...

CLIMATE NORMAL PERIOD 1981 TO 2010
CLIMATE RECORD PERIOD 1939 TO 2014


WEATHER ITEM   OBSERVED TIME   RECORD YEAR NORMAL DEPARTURE LAST
                VALUE   (LST)  VALUE       VALUE  FROM      YEAR
                                                  NORMAL
..................................................................
TEMPERATURE (F)
 YESTERDAY
  MAXIMUM         70R   109 PM  70    2008  53     17       53
  MINIMUM         23    517 AM   2    1972  27     -4       28
  AVERAGE         47                        40      7       41

PRECIPITATION (IN)
  YESTERDAY        0.00          0.31 2000   0.03  -0.03     0.00
  MONTH TO DATE    1.05                      1.11  -0.06     3.03
  SINCE SEP 1      1.69                      2.19  -0.50     4.50
  SINCE JAN 1     10.07                     11.27  -1.20    13.70

SNOWFALL (IN)
  YESTERDAY        0.0                       0.3   -0.3      0.0
  MONTH TO DATE    3.2                       7.4   -4.2     16.4
  SINCE SEP 1      4.2                       9.2   -5.0     21.2
  SINCE JUL 1      4.2                       9.2   -5.0     21.2
  SNOW DEPTH       0

DEGREE DAYS
 HEATING
  YESTERDAY       18                        25     -7       24
  MONTH TO DATE  454                       615   -161      722
  SINCE SEP 1    644                       853   -209      889
  SINCE JUL 1    691                       899   -208      889

 COOLING
  YESTERDAY        0                         0      0        0
  MONTH TO DATE    0                         0      0        0
  SINCE SEP 1     29                        25      4       80
  SINCE JAN 1    357                       422    -65      618
..................................................................


WIND (MPH)
  HIGHEST WIND SPEED    23   HIGHEST WIND DIRECTION    SW (210)
  HIGHEST GUST SPEED    29   HIGHEST GUST DIRECTION    SW (210)
  AVERAGE WIND SPEED     6.3


SKY COVER
  POSSIBLE SUNSHINE  MM
  AVERAGE SKY COVER 0.0


WEATHER CONDITIONS
 THE FOLLOWING WEATHER WAS RECORDED YESTERDAY.
  NO SIGNIFICANT WEATHER WAS OBSERVED.


RELATIVE HUMIDITY (PERCENT)
 HIGHEST    88           400 AM
 LOWEST     17           300 PM
 AVERAGE    53

..........................................................


THE CASPER WY CLIMATE NORMALS FOR TODAY
                         NORMAL    RECORD    YEAR
 MAXIMUM TEMPERATURE (F)   53        71      1965
 MINIMUM TEMPERATURE (F)   27        -4      1991


SUNRISE AND SUNSET
NOVEMBER  1 2014......SUNRISE   740 AM MDT   SUNSET   558 PM MDT
NOVEMBER  2 2014......SUNRISE   642 AM MST   SUNSET   457 PM MST


-  INDICATES NEGATIVE NUMBERS.
R  INDICATES RECORD WAS SET OR TIED.
MM INDICATES DATA IS MISSING.
T  INDICATES TRACE AMOUNT.




$$
