000
CDUS45 KRIW 250734
CLICPR


CLIMATE REPORT
NATIONAL WEATHER SERVICE RIVERTON WY
1234 AM MST SUN FEB 25 2018


...................................

...THE CASPER WY CLIMATE SUMMARY FOR FEBRUARY 24 2018...

CLIMATE NORMAL PERIOD 1981 TO 2010
CLIMATE RECORD PERIOD 1939 TO 2018


WEATHER ITEM   OBSERVED TIME   RECORD YEAR NORMAL DEPARTURE LAST
                VALUE   (LST)  VALUE       VALUE  FROM      YEAR
                                                  NORMAL
..................................................................
TEMPERATURE (F)
 YESTERDAY
  MAXIMUM         23    254 PM  63    1981  41    -18       22
  MINIMUM          3    426 AM -30    2003  17    -14        9
  AVERAGE         13                        29    -16       16

PRECIPITATION (IN)
  YESTERDAY        0.00          0.40 1956   0.02  -0.02      T
  MONTH TO DATE    0.62                      0.48   0.14     0.81
  SINCE DEC 1      2.67                      1.48   1.19     2.66
  SINCE JAN 1      1.30                      0.99   0.31     1.35

SNOWFALL (IN)
  YESTERDAY        0.0                       0.3   -0.3      0.1
  MONTH TO DATE   18.6                       8.4   10.2     14.3
  SINCE DEC 1     50.3                      28.5   21.8     50.3
  SINCE JUL 1     59.5                      48.0   11.5     53.5
  SNOW DEPTH       6

DEGREE DAYS
 HEATING
  YESTERDAY       52                        36     16       49
  MONTH TO DATE 1098                       929    169      757
  SINCE DEC 1   3558                      3452    106     3581
  SINCE JUL 1   5302                      5306     -4     5007

 COOLING
  YESTERDAY        0                         0      0        0
  MONTH TO DATE    0                         0      0        0
  SINCE DEC 1      0                         0      0        0
  SINCE JAN 1      0                         0      0        0
..................................................................


WIND (MPH)
  HIGHEST WIND SPEED    28   HIGHEST WIND DIRECTION    SW (220)
  HIGHEST GUST SPEED    34   HIGHEST GUST DIRECTION    SW (220)
  AVERAGE WIND SPEED    19.1


SKY COVER
  POSSIBLE SUNSHINE  MM
  AVERAGE SKY COVER 0.2


WEATHER CONDITIONS
 THE FOLLOWING WEATHER WAS RECORDED YESTERDAY.
  FOG
  HAZE


RELATIVE HUMIDITY (PERCENT)
 HIGHEST   100           200 AM
 LOWEST     59           300 PM
 AVERAGE    80

..........................................................


THE CASPER WY CLIMATE NORMALS FOR TODAY
                         NORMAL    RECORD    YEAR
 MAXIMUM TEMPERATURE (F)   41        65      1986
 MINIMUM TEMPERATURE (F)   18       -16      2014


SUNRISE AND SUNSET
FEBRUARY 25 2018......SUNRISE   648 AM MST   SUNSET   550 PM MST
FEBRUARY 26 2018......SUNRISE   646 AM MST   SUNSET   552 PM MST


-  INDICATES NEGATIVE NUMBERS.
R  INDICATES RECORD WAS SET OR TIED.
MM INDICATES DATA IS MISSING.
T  INDICATES TRACE AMOUNT.




$$
