000
CDUS45 KRIW 040038
CLICPR


CLIMATE REPORT
NATIONAL WEATHER SERVICE RIVERTON WY
637 PM MDT TUE MAY 3 2016


...................................

...THE CASPER WY CLIMATE SUMMARY FOR MAY 3 2016...
VALID TODAY AS OF 0500 PM LOCAL TIME.

CLIMATE NORMAL PERIOD 1981 TO 2010
CLIMATE RECORD PERIOD 1939 TO 2016


WEATHER ITEM   OBSERVED TIME   RECORD YEAR NORMAL DEPARTURE LAST
                VALUE   (LST)  VALUE       VALUE  FROM      YEAR
                                                  NORMAL
..................................................................
TEMPERATURE (F)
 TODAY
  MAXIMUM         68        MM  83    1952  63      5       68
                                      1947
  MINIMUM         32        MM  17    1954  33     -1       38
  AVERAGE         50                        48      2       53

PRECIPITATION (IN)
  TODAY            0.00          0.93 1959   0.06  -0.06     0.03
  MONTH TO DATE    0.00                      0.18  -0.18     0.03
  SINCE MAR 1      4.99                      2.29   2.70     2.33
  SINCE JAN 1      6.45                      3.37   3.08     3.64

SNOWFALL (IN)
  TODAY            0.0                       0.2   -0.2      0.0
  MONTH TO DATE    0.0                       0.6   -0.6      0.0
  SINCE MAR 1     27.9                      23.1    4.8     14.0
  SINCE JUL 1     86.6                      72.5   14.1     65.4
  SNOW DEPTH       0

DEGREE DAYS
 HEATING
  TODAY           15                        17     -2       12
  MONTH TO DATE   60                        52      8       37
  SINCE MAR 1   1566                      1646    -80     1438
  SINCE JUL 1   6501                      7094   -593     6489

 COOLING
  TODAY            0                         0      0        0
  MONTH TO DATE    0                         0      0        0
  SINCE MAR 1      0                         0      0        0
  SINCE JAN 1      0                         0      0        0
..................................................................


WIND (MPH)
  HIGHEST WIND SPEED    12   HIGHEST WIND DIRECTION    SW (240)
  HIGHEST GUST SPEED    MM   HIGHEST GUST DIRECTION    MM
  AVERAGE WIND SPEED     7.1


SKY COVER
  POSSIBLE SUNSHINE  MM
  AVERAGE SKY COVER 0.0


WEATHER CONDITIONS
 THE FOLLOWING WEATHER WAS RECORDED TODAY.
  NO SIGNIFICANT WEATHER WAS OBSERVED.


RELATIVE HUMIDITY (PERCENT)
 HIGHEST    89           200 AM
 LOWEST     26           400 PM
 AVERAGE    58

..........................................................


THE CASPER WY CLIMATE NORMALS FOR TOMORROW
                         NORMAL    RECORD    YEAR
 MAXIMUM TEMPERATURE (F)   63        85      2000
 MINIMUM TEMPERATURE (F)   34        24      1950


SUNRISE AND SUNSET
MAY  3 2016...........SUNRISE   556 AM MDT   SUNSET   810 PM MDT
MAY  4 2016...........SUNRISE   555 AM MDT   SUNSET   811 PM MDT


-  INDICATES NEGATIVE NUMBERS.
R  INDICATES RECORD WAS SET OR TIED.
MM INDICATES DATA IS MISSING.
T  INDICATES TRACE AMOUNT.




$$
