000
CDUS45 KRIW 210739
CLICPR


CLIMATE REPORT
NATIONAL WEATHER SERVICE RIVERTON WY
132 AM MDT TUE OCT 21 2014


...................................

...THE CASPER WY CLIMATE SUMMARY FOR OCTOBER 20 2014...

CLIMATE NORMAL PERIOD 1981 TO 2010
CLIMATE RECORD PERIOD 1939 TO 2014


WEATHER ITEM   OBSERVED TIME   RECORD YEAR NORMAL DEPARTURE LAST
                VALUE   (LST)  VALUE       VALUE  FROM      YEAR
                                                  NORMAL
..................................................................
TEMPERATURE (F)
 YESTERDAY
  MAXIMUM         75    259 PM  77    2003  58     17       49
                                      1992
  MINIMUM         30    324 AM  15    1949  30      0       26
  AVERAGE         53                        44      9       38

PRECIPITATION (IN)
  YESTERDAY        0.00          0.48 1949   0.04  -0.04     0.14
  MONTH TO DATE    1.05                      0.75   0.30     3.03
  SINCE SEP 1      1.69                      1.83  -0.14     4.50
  SINCE JAN 1     10.07                     10.91  -0.84    13.70

SNOWFALL (IN)
  YESTERDAY        0.0                       0.3   -0.3      0.0
  MONTH TO DATE    3.2                       4.3   -1.1     16.4
  SINCE SEP 1      4.2                       6.1   -1.9     21.2
  SINCE JUL 1      4.2                       6.1   -1.9     21.2
  SNOW DEPTH       0

DEGREE DAYS
 HEATING
  YESTERDAY       12                        21     -9       27
  MONTH TO DATE  274                       362    -88      478
  SINCE SEP 1    464                       601   -137      645
  SINCE JUL 1    511                       647   -136      645

 COOLING
  YESTERDAY        0                         0      0        0
  MONTH TO DATE    0                         0      0        0
  SINCE SEP 1     29                        25      4       80
  SINCE JAN 1    357                       422    -65      618
..................................................................


WIND (MPH)
  HIGHEST WIND SPEED    24   HIGHEST WIND DIRECTION    SW (220)
  HIGHEST GUST SPEED    30   HIGHEST GUST DIRECTION    SW (220)
  AVERAGE WIND SPEED     9.0


SKY COVER
  POSSIBLE SUNSHINE  MM
  AVERAGE SKY COVER 0.0


WEATHER CONDITIONS
 THE FOLLOWING WEATHER WAS RECORDED YESTERDAY.
  NO SIGNIFICANT WEATHER WAS OBSERVED.


RELATIVE HUMIDITY (PERCENT)
 HIGHEST    85           300 AM
 LOWEST     19           300 PM
 AVERAGE    52

..........................................................


THE CASPER WY CLIMATE NORMALS FOR TODAY
                         NORMAL    RECORD    YEAR
 MAXIMUM TEMPERATURE (F)   57        79      1992
 MINIMUM TEMPERATURE (F)   30        12      1949


SUNRISE AND SUNSET
OCTOBER 21 2014.......SUNRISE   727 AM MDT   SUNSET   614 PM MDT
OCTOBER 22 2014.......SUNRISE   728 AM MDT   SUNSET   612 PM MDT


-  INDICATES NEGATIVE NUMBERS.
R  INDICATES RECORD WAS SET OR TIED.
MM INDICATES DATA IS MISSING.
T  INDICATES TRACE AMOUNT.




$$
