000
CDUS46 KLOX 250126
CLICQT


CLIMATE REPORT
NATIONAL WEATHER SERVICE LOS ANGELES/OXNARD CA
526 PM PST TUE JAN 24 2017


...................................

...THE DOWNTOWN LOS ANGELES (USC) CA CLIMATE SUMMARY FOR JANUARY 24 2017...
VALID TODAY AS OF 0500 PM LOCAL TIME.

CLIMATE NORMAL PERIOD 1981 TO 2010
CLIMATE RECORD PERIOD 1877 TO 2017


WEATHER ITEM   OBSERVED TIME   RECORD YEAR NORMAL DEPARTURE LAST
                VALUE   (LST)  VALUE       VALUE  FROM      YEAR
                                                  NORMAL
..................................................................
TEMPERATURE (F)
 TODAY
  MAXIMUM         58    257 PM  85    1992  68    -10       66
                                      1935
  MINIMUM         41    625 AM  36    1937  48     -7       47
  AVERAGE         50                        58     -8       57

PRECIPITATION (IN)
  TODAY            0.00          2.04 1969   0.09  -0.09     0.00
  MONTH TO DATE    8.38                      2.42   5.96     2.74
  SINCE OCT 1     14.33                      6.45   7.88     3.77
  SINCE JAN 1      8.38                      2.42   5.96     2.74

SNOWFALL (IN)
  TODAY            0.0
  MONTH TO DATE    0.0
  SINCE DEC 1      0.0
  SINCE JUL 1      0.0

DEGREE DAYS
 HEATING
  TODAY           15                         7      8        8
  MONTH TO DATE  195                       174     21      188
  SINCE DEC 1    392                       408    -16      435
  SINCE JUL 1    463                       539    -76      539

 COOLING
  TODAY            0                         0      0        0
  MONTH TO DATE    1                         0      1        0
  SINCE DEC 1      7                         4      3       10
  SINCE JAN 1      1                         0      1        0
..................................................................


WIND (MPH)
  HIGHEST WIND SPEED     7   HIGHEST WIND DIRECTION     W (260)
  HIGHEST GUST SPEED    12   HIGHEST GUST DIRECTION     W (280)
  AVERAGE WIND SPEED     1.4


SKY COVER
  POSSIBLE SUNSHINE  MM
  AVERAGE SKY COVER 0.0


WEATHER CONDITIONS
 THE FOLLOWING WEATHER WAS RECORDED TODAY.
  NO SIGNIFICANT WEATHER WAS OBSERVED.


RELATIVE HUMIDITY (PERCENT)
 HIGHEST    89          1200 AM
 LOWEST     43           100 PM
 AVERAGE    66

..........................................................


THE DOWNTOWN LOS ANGELES (USC) CA CLIMATE NORMALS FOR TOMORROW
                         NORMAL    RECORD    YEAR
 MAXIMUM TEMPERATURE (F)   68        86      1986
                                             1951
 MINIMUM TEMPERATURE (F)   48        36      1898
                                             1887


SUNRISE AND SUNSET
JANUARY 24 2017.......SUNRISE   655 AM PST   SUNSET   516 PM PST
JANUARY 25 2017.......SUNRISE   654 AM PST   SUNSET   517 PM PST


-  INDICATES NEGATIVE NUMBERS.
R  INDICATES RECORD WAS SET OR TIED.
MM INDICATES DATA IS MISSING.
T  INDICATES TRACE AMOUNT.




$$
