000
CDUS46 KLOX 270905
CLICQT


CLIMATE REPORT
NATIONAL WEATHER SERVICE LOS ANGELES/OXNARD CA
105 AM PST THU NOV 27 2014


...................................

...THE DOWNTOWN LOS ANGELES (USC) CA CLIMATE SUMMARY FOR NOVEMBER 26 2014...

CLIMATE NORMAL PERIOD 1981 TO 2010
CLIMATE RECORD PERIOD 1877 TO 2014


WEATHER ITEM   OBSERVED TIME   RECORD YEAR NORMAL DEPARTURE LAST
                VALUE   (LST)  VALUE       VALUE  FROM      YEAR
                                                  NORMAL
..................................................................
TEMPERATURE (F)
 YESTERDAY
  MAXIMUM         85    125 PM  90    1903  70     15       76
  MINIMUM         53    544 AM  40    1880  50      3       51
  AVERAGE         69                        60      9       64

PRECIPITATION (IN)
  YESTERDAY        0.00          1.28 1926   0.04  -0.04     0.00
  MONTH TO DATE    0.18                      0.86  -0.68     0.39
  SINCE JUL 1      0.48                      1.81  -1.33     0.54
  SINCE JAN 1      5.59                     12.42  -6.83     3.17

SNOWFALL (IN)
  YESTERDAY        0.0
  MONTH TO DATE    0.0
  SINCE SEP 1      0.0
  SINCE JUL 1      0.0

DEGREE DAYS
 HEATING
  YESTERDAY        0                         5     -5        1
  MONTH TO DATE   19                        88    -69       45
  SINCE SEP 1     19                       108    -89       69
  SINCE JUL 1     19                       108    -89       69

 COOLING
  YESTERDAY        4                         0      4        0
  MONTH TO DATE   52                        32     20       45
  SINCE SEP 1    657                       405    252      404
  SINCE JAN 1   1734                      1239    495     1209
..................................................................


WIND (MPH)
  HIGHEST WIND SPEED     7   HIGHEST WIND DIRECTION     W (280)
  HIGHEST GUST SPEED     9   HIGHEST GUST DIRECTION     W (280)
  AVERAGE WIND SPEED     1.3


SKY COVER
  POSSIBLE SUNSHINE  MM
  AVERAGE SKY COVER 0.0


WEATHER CONDITIONS
 THE FOLLOWING WEATHER WAS RECORDED YESTERDAY.
  HAZE


RELATIVE HUMIDITY (PERCENT)
 HIGHEST    60          1000 PM
 LOWEST     11          1200 PM
 AVERAGE    36

..........................................................


THE DOWNTOWN LOS ANGELES (USC) CA CLIMATE NORMALS FOR TODAY
                         NORMAL    RECORD    YEAR
 MAXIMUM TEMPERATURE (F)   70        90      1903
 MINIMUM TEMPERATURE (F)   49        37      1897


SUNRISE AND SUNSET
NOVEMBER 27 2014......SUNRISE   637 AM PST   SUNSET   445 PM PST
NOVEMBER 28 2014......SUNRISE   638 AM PST   SUNSET   444 PM PST


-  INDICATES NEGATIVE NUMBERS.
R  INDICATES RECORD WAS SET OR TIED.
MM INDICATES DATA IS MISSING.
T  INDICATES TRACE AMOUNT.




$$
