815
CDUS46 KLOX 240903
CLICQT


CLIMATE REPORT
NATIONAL WEATHER SERVICE LOS ANGELES/OXNARD CA
103 AM PST FRI FEB 24 2017


...................................

...THE DOWNTOWN LOS ANGELES (USC) CA CLIMATE SUMMARY FOR FEBRUARY 23 2017...

CLIMATE NORMAL PERIOD 1981 TO 2010
CLIMATE RECORD PERIOD 1877 TO 2017


WEATHER ITEM   OBSERVED TIME   RECORD YEAR NORMAL DEPARTURE LAST
                VALUE   (LST)  VALUE       VALUE  FROM      YEAR
                                                  NORMAL
..................................................................
TEMPERATURE (F)
 YESTERDAY
  MAXIMUM         62   1225 PM  90    1954  69     -7       83
  MINIMUM         49    638 AM  35    1894  50     -1       55
  AVERAGE         56                        59     -3       69

PRECIPITATION (IN)
  YESTERDAY        0.00          2.11 1969   0.14  -0.14     0.00
  MONTH TO DATE    4.11                      3.15   0.96     0.79
  SINCE OCT 1     18.44                     10.30   8.14     4.99
  SINCE JAN 1     12.49                      6.27   6.22     3.96

SNOWFALL (IN)
  YESTERDAY        0.0
  MONTH TO DATE    0.0
  SINCE DEC 1      0.0
  SINCE JUL 1      0.0

DEGREE DAYS
 HEATING
  YESTERDAY        9                         6      3        0
  MONTH TO DATE   96                       156    -60       68
  SINCE DEC 1    533                       616    -83      535
  SINCE JUL 1    604                       747   -143      639

 COOLING
  YESTERDAY        0                         1     -1        4
  MONTH TO DATE    5                        10     -5       62
  SINCE DEC 1     14                        23     -9       72
  SINCE JAN 1      8                        19    -11       62
..................................................................


WIND (MPH)
  HIGHEST WIND SPEED    17   HIGHEST WIND DIRECTION     W (270)
  HIGHEST GUST SPEED    27   HIGHEST GUST DIRECTION     W (280)
  AVERAGE WIND SPEED     5.1


SKY COVER
  POSSIBLE SUNSHINE  MM
  AVERAGE SKY COVER 0.0


WEATHER CONDITIONS
 THE FOLLOWING WEATHER WAS RECORDED YESTERDAY.
  NO SIGNIFICANT WEATHER WAS OBSERVED.


RELATIVE HUMIDITY (PERCENT)
 HIGHEST    46           600 AM
 LOWEST     20           200 PM
 AVERAGE    33

..........................................................


THE DOWNTOWN LOS ANGELES (USC) CA CLIMATE NORMALS FOR TODAY
                         NORMAL    RECORD    YEAR
 MAXIMUM TEMPERATURE (F)   69        94      1986
 MINIMUM TEMPERATURE (F)   50        35      1890


SUNRISE AND SUNSET
FEBRUARY 24 2017......SUNRISE   627 AM PST   SUNSET   546 PM PST
FEBRUARY 25 2017......SUNRISE   626 AM PST   SUNSET   546 PM PST


-  INDICATES NEGATIVE NUMBERS.
R  INDICATES RECORD WAS SET OR TIED.
MM INDICATES DATA IS MISSING.
T  INDICATES TRACE AMOUNT.




$$
