000
CDUS46 KLOX 300910
CLICQT


CLIMATE REPORT
NATIONAL WEATHER SERVICE LOS ANGELES/OXNARD CA
209 AM PDT MON MAR 30 2015


...................................

...THE DOWNTOWN LOS ANGELES (USC) CA CLIMATE SUMMARY FOR MARCH 29 2015...

CLIMATE NORMAL PERIOD 1981 TO 2010
CLIMATE RECORD PERIOD 1877 TO 2015


WEATHER ITEM   OBSERVED TIME   RECORD YEAR NORMAL DEPARTURE LAST
                VALUE   (LST)  VALUE       VALUE  FROM      YEAR
                                                  NORMAL
..................................................................
TEMPERATURE (F)
 YESTERDAY
  MAXIMUM         78   1236 PM  99    1879  71      7       76
  MINIMUM         56    250 AM  41    1901  52      4       53
  AVERAGE         67                        61      6       65

PRECIPITATION (IN)
  YESTERDAY        0.00          1.04 1883   0.05  -0.05     0.00
  MONTH TO DATE    0.87                      2.33  -1.46     1.18
  SINCE OCT 1      7.40                     13.28  -5.88     5.64
  SINCE JAN 1      2.79                      9.25  -6.46     4.76

SNOWFALL (IN)
  YESTERDAY        0.0
  MONTH TO DATE    0.0
  SINCE MAR 1      0.0
  SINCE JUL 1      0.0

DEGREE DAYS
 HEATING
  YESTERDAY        0                         5     -5        0
  MONTH TO DATE   29                       149   -120       58
  SINCE MAR 1     29                       149   -120       58
  SINCE JUL 1    392                       924   -532      535

 COOLING
  YESTERDAY        2                         1      1        0
  MONTH TO DATE  134                        26    108       29
  SINCE MAR 1    134                        26    108       29
  SINCE JAN 1    191                        49    142       52
..................................................................


WIND (MPH)
  HIGHEST WIND SPEED     7   HIGHEST WIND DIRECTION     W (280)
  HIGHEST GUST SPEED    12   HIGHEST GUST DIRECTION     W (290)
  AVERAGE WIND SPEED     1.8


SKY COVER
  POSSIBLE SUNSHINE  MM
  AVERAGE SKY COVER 0.3


WEATHER CONDITIONS
 THE FOLLOWING WEATHER WAS RECORDED YESTERDAY.
  FOG
  FOG W/VISIBILITY <= 1/4 MILE
  HAZE


RELATIVE HUMIDITY (PERCENT)
 HIGHEST   100           300 AM
 LOWEST     50           300 PM
 AVERAGE    75

..........................................................


THE DOWNTOWN LOS ANGELES (USC) CA CLIMATE NORMALS FOR TODAY
                         NORMAL    RECORD    YEAR
 MAXIMUM TEMPERATURE (F)   71        89      2003
                                             1934
 MINIMUM TEMPERATURE (F)   52        36      1892


SUNRISE AND SUNSET
MARCH 30 2015.........SUNRISE   643 AM PDT   SUNSET   712 PM PDT
MARCH 31 2015.........SUNRISE   642 AM PDT   SUNSET   713 PM PDT


-  INDICATES NEGATIVE NUMBERS.
R  INDICATES RECORD WAS SET OR TIED.
MM INDICATES DATA IS MISSING.
T  INDICATES TRACE AMOUNT.




$$
