000
CDUS46 KLOX 240142
CLICQT


CLIMATE REPORT
NATIONAL WEATHER SERVICE LOS ANGELES/OXNARD CA
632 PM PDT MON OCT 23 2017


...................................

...THE DOWNTOWN LOS ANGELES (USC) CA CLIMATE SUMMARY FOR OCTOBER 23 2017...
VALID TODAY AS OF 0600 PM LOCAL TIME.

CLIMATE NORMAL PERIOD 1981 TO 2010
CLIMATE RECORD PERIOD 1877 TO 2017


WEATHER ITEM   OBSERVED TIME   RECORD YEAR NORMAL DEPARTURE LAST
                VALUE   (LST)  VALUE       VALUE  FROM      YEAR
                                                  NORMAL
..................................................................
TEMPERATURE (F)
 TODAY
  MAXIMUM        102R   321 PM  98    1965  78     24       80
                                      1909
  MINIMUM         67    219 AM  41    1892  57     10       61
  AVERAGE         85                        68     17       71

PRECIPITATION (IN)
  TODAY            0.00          1.87 1889   0.03  -0.03     0.05
  MONTH TO DATE    0.10                      0.44  -0.34     0.39
  SINCE OCT 1      0.10                      0.44  -0.34     0.39
  SINCE JAN 1     13.22                     11.34   1.88     6.24

SNOWFALL (IN)
  TODAY            0.0
  MONTH TO DATE    0.0
  SINCE SEP 1      0.0
  SINCE JUL 1      0.0

DEGREE DAYS
 HEATING
  TODAY            0                         1     -1        0
  MONTH TO DATE    0                         6     -6        0
  SINCE SEP 1      0                         8     -8        0
  SINCE JUL 1      0                         8     -8        0

 COOLING
  TODAY           20                         3     17        6
  MONTH TO DATE  212                       107    105      139
  SINCE SEP 1    525                       351    174      407
  SINCE JAN 1   1727                      1185    542     1402
..................................................................


WIND (MPH)
  HIGHEST WIND SPEED     8   HIGHEST WIND DIRECTION     W (270)
  HIGHEST GUST SPEED    11   HIGHEST GUST DIRECTION     W (270)
  AVERAGE WIND SPEED     1.4


SKY COVER
  POSSIBLE SUNSHINE  MM
  AVERAGE SKY COVER 0.0


WEATHER CONDITIONS
 THE FOLLOWING WEATHER WAS RECORDED TODAY.
  NO SIGNIFICANT WEATHER WAS OBSERVED.


RELATIVE HUMIDITY (PERCENT)
 HIGHEST    63          1200 AM
 LOWEST      6           300 PM
 AVERAGE    35

..........................................................


THE DOWNTOWN LOS ANGELES (USC) CA CLIMATE NORMALS FOR TOMORROW
                         NORMAL    RECORD    YEAR
 MAXIMUM TEMPERATURE (F)   78        99      1909
 MINIMUM TEMPERATURE (F)   57        43      1886


SUNRISE AND SUNSET
OCTOBER 23 2017.......SUNRISE   705 AM PDT   SUNSET   609 PM PDT
OCTOBER 24 2017.......SUNRISE   706 AM PDT   SUNSET   608 PM PDT


-  INDICATES NEGATIVE NUMBERS.
R  INDICATES RECORD WAS SET OR TIED.
MM INDICATES DATA IS MISSING.
T  INDICATES TRACE AMOUNT.




$$
