000
CDUS46 KLOX 300921
CLICQT


CLIMATE REPORT
NATIONAL WEATHER SERVICE LOS ANGELES/OXNARD CA
217 AM PDT SAT JUL 30 2016


...................................

...THE DOWNTOWN LOS ANGELES (USC) CA CLIMATE SUMMARY FOR JULY 29 2016...

CLIMATE NORMAL PERIOD 1981 TO 2010
CLIMATE RECORD PERIOD 1877 TO 2016


WEATHER ITEM   OBSERVED TIME   RECORD YEAR NORMAL DEPARTURE LAST
                VALUE   (LST)  VALUE       VALUE  FROM      YEAR
                                                  NORMAL
..................................................................
TEMPERATURE (F)
 YESTERDAY
  MAXIMUM         88   1004 AM 100    1995  84      4       82
  MINIMUM         69    541 AM  53    1909  64      5       65
                                      1903
                                      1885
  AVERAGE         79                        74      5       74

PRECIPITATION (IN)
  YESTERDAY        0.00          T    2003   0.00   0.00     0.00
                                      1912
                                      1911
  MONTH TO DATE    0.00                      0.01  -0.01     0.38
  SINCE OCT 1      6.88                     14.65  -7.77     8.85
  SINCE JAN 1      5.85                     10.62  -4.77     4.24

SNOWFALL (IN)
  YESTERDAY        0.0
  MONTH TO DATE    0.0
  SINCE JUN 1      0.0
  SINCE JUL 1      0.0

DEGREE DAYS
 HEATING
  YESTERDAY        0                         0      0        0
  MONTH TO DATE    0                         0      0        0
  SINCE JUN 1      0                         8     -8        0
  SINCE JUL 1      0                         0      0        0

 COOLING
  YESTERDAY       14                         9      5        9
  MONTH TO DATE  294                       243     51      253
  SINCE JUN 1    489                       377    112      428
  SINCE JAN 1    696                       531    165      716
..................................................................


WIND (MPH)
  HIGHEST WIND SPEED     9   HIGHEST WIND DIRECTION     W (280)
  HIGHEST GUST SPEED    14   HIGHEST GUST DIRECTION     W (280)
  AVERAGE WIND SPEED     1.4


SKY COVER
  POSSIBLE SUNSHINE  MM
  AVERAGE SKY COVER 0.0


WEATHER CONDITIONS
 THE FOLLOWING WEATHER WAS RECORDED YESTERDAY.
  HAZE


RELATIVE HUMIDITY (PERCENT)
 HIGHEST    78          1200 AM
 LOWEST     45          1000 AM
 AVERAGE    62

..........................................................


THE DOWNTOWN LOS ANGELES (USC) CA CLIMATE NORMALS FOR TODAY
                         NORMAL    RECORD    YEAR
 MAXIMUM TEMPERATURE (F)   84       100      1980
                                             1972
 MINIMUM TEMPERATURE (F)   64        54      1894
                                             1892
                                             1883


SUNRISE AND SUNSET
JULY 30 2016..........SUNRISE   604 AM PDT   SUNSET   755 PM PDT
JULY 31 2016..........SUNRISE   604 AM PDT   SUNSET   754 PM PDT


-  INDICATES NEGATIVE NUMBERS.
R  INDICATES RECORD WAS SET OR TIED.
MM INDICATES DATA IS MISSING.
T  INDICATES TRACE AMOUNT.




$$
