453
CDUS42 KILM 050950
CLICRE


CLIMATE REPORT
NATIONAL WEATHER SERVICE WILMINGTON NC
450 AM EST MON DEC 5 2016


...................................

...THE NORTH MYRTLE BEACH SC CLIMATE SUMMARY FOR DECEMBER 4 2016...

CLIMATE NORMAL PERIOD 1981 TO 2010
CLIMATE RECORD PERIOD 1949 TO 2016


WEATHER ITEM   OBSERVED TIME   RECORD YEAR NORMAL DEPARTURE LAST
                VALUE   (LST)  VALUE       VALUE  FROM      YEAR
                                                  NORMAL
..................................................................
TEMPERATURE (F)
 YESTERDAY
  MAXIMUM         56   1159 PM  77    1998  61     -5       58
  MINIMUM         46   1251 AM  22    1989  42      4       44
  AVERAGE         51                        51      0       51

PRECIPITATION (IN)
  YESTERDAY        0.01                      0.13  -0.12     0.00
  MONTH TO DATE    0.01                      0.49  -0.48     0.04
  SINCE DEC 1      0.01                      0.49  -0.48     0.04
  SINCE JAN 1     53.58                     49.04   4.54    61.75

SNOWFALL (IN)
  YESTERDAY       MM
  MONTH TO DATE   MM
  SINCE DEC 1     MM
  SINCE JUL 1     MM
  SNOW DEPTH      MM

DEGREE DAYS
 HEATING
  YESTERDAY       14                        14      0       14
  MONTH TO DATE   51                        54     -3       25
  SINCE DEC 1     51                        54     -3       25
  SINCE JUL 1    354                       415    -61      222

 COOLING
  YESTERDAY        0                         0      0        0
  MONTH TO DATE    0                         0      0        1
  SINCE DEC 1      0                         0      0        1
  SINCE JAN 1   2370                      1899    471     2211
..................................................................


WIND (MPH)
  HIGHEST WIND SPEED    13   HIGHEST WIND DIRECTION    NE (30)
  HIGHEST GUST SPEED    17   HIGHEST GUST DIRECTION     E (110)
  AVERAGE WIND SPEED     7.2


SKY COVER
  POSSIBLE SUNSHINE  MM
  AVERAGE SKY COVER 1.0


WEATHER CONDITIONS
 THE FOLLOWING WEATHER WAS RECORDED YESTERDAY.
  RAIN
  LIGHT RAIN
  FOG


RELATIVE HUMIDITY (PERCENT)
 HIGHEST    93          1000 PM
 LOWEST     56          1100 AM
 AVERAGE    75

..........................................................


THE NORTH MYRTLE BEACH SC CLIMATE NORMALS FOR TODAY
                         NORMAL    RECORD    YEAR
 MAXIMUM TEMPERATURE (F)   61        76      2012
 MINIMUM TEMPERATURE (F)   41        24      1989


SUNRISE AND SUNSET
DECEMBER  5 2016......SUNRISE   705 AM EST   SUNSET   506 PM EST
DECEMBER  6 2016......SUNRISE   706 AM EST   SUNSET   506 PM EST


-  INDICATES NEGATIVE NUMBERS.
R  INDICATES RECORD WAS SET OR TIED.
MM INDICATES DATA IS MISSING.
T  INDICATES TRACE AMOUNT.




$$
