000
CDUS42 KILM 192054
CLICRE


CLIMATE REPORT
NATIONAL WEATHER SERVICE WILMINGTON NC
453 PM EDT TUE SEP 19 2017


...................................

...THE N.MYRTLE BEACH SOUTH CAROLINA CLIMATE SUMMARY FOR SEPTEMBER 19 2017...
VALID TODAY AS OF 0400 PM LOCAL TIME.

CLIMATE NORMAL PERIOD 1981 TO 2010
CLIMATE RECORD PERIOD 1949 TO 2017


WEATHER ITEM   OBSERVED TIME   RECORD YEAR NORMAL DEPARTURE LAST
                VALUE   (LST)  VALUE       VALUE  FROM      YEAR
                                                  NORMAL
..................................................................
TEMPERATURE (F)
 TODAY
  MAXIMUM         87    248 PM  92    1949  83      4       85
  MINIMUM         68    648 AM  54    1990  66      2       72
  AVERAGE         78                        75      3       79

PRECIPITATION (IN)
  TODAY            0.00          3.00 2016   0.18  -0.18     3.00
  MONTH TO DATE    4.26                      4.28  -0.02    15.19
  SINCE SEP 1      4.26                      4.28  -0.02    15.19
  SINCE JAN 1     39.87                     39.63   0.24    40.83

DEGREE DAYS
 HEATING
  TODAY            0                         0      0        0
  MONTH TO DATE    0                         0      0        0
  SINCE SEP 1      0                         0      0        0
  SINCE JUL 1      0                         0      0        0

 COOLING
  TODAY           13                        10      3       14
  MONTH TO DATE  205                       220    -15      246
  SINCE SEP 1    205                       220    -15      246
  SINCE JAN 1   1870                      1696    174     2102
..................................................................


WIND (MPH)
  HIGHEST WIND SPEED    12   HIGHEST WIND DIRECTION    NW (310)
  HIGHEST GUST SPEED    16   HIGHEST GUST DIRECTION    NW (310)
  AVERAGE WIND SPEED     5.2


SKY COVER
  POSSIBLE SUNSHINE  MM
  AVERAGE SKY COVER 0.0


WEATHER CONDITIONS
 THE FOLLOWING WEATHER WAS RECORDED TODAY.
  NO SIGNIFICANT WEATHER WAS OBSERVED.


RELATIVE HUMIDITY (PERCENT)
 HIGHEST    93           500 AM
 LOWEST     51           200 PM
 AVERAGE    72

..........................................................


THE N.MYRTLE BEACH SOUTH CAROLINA CLIMATE NORMALS FOR TOMORROW
                         NORMAL    RECORD    YEAR
 MAXIMUM TEMPERATURE (F)   83        90      2015
 MINIMUM TEMPERATURE (F)   66        55      1951


SUNRISE AND SUNSET
SEPTEMBER 19 2017.....SUNRISE   701 AM EDT   SUNSET   715 PM EDT
SEPTEMBER 20 2017.....SUNRISE   702 AM EDT   SUNSET   714 PM EDT


-  INDICATES NEGATIVE NUMBERS.
R  INDICATES RECORD WAS SET OR TIED.
MM INDICATES DATA IS MISSING.
T  INDICATES TRACE AMOUNT.




$$
