000
CDUS42 KILM 230848
CLICRE


CLIMATE REPORT
NATIONAL WEATHER SERVICE WILMINGTON NC
447 AM EDT THU OCT 23 2014


...................................

...THE NORTH MYRTLE BEACH SC CLIMATE SUMMARY FOR OCTOBER 22 2014...

CLIMATE NORMAL PERIOD 1981 TO 2010
CLIMATE RECORD PERIOD 1949 TO 2014


WEATHER ITEM   OBSERVED TIME   RECORD YEAR NORMAL DEPARTURE LAST
                VALUE   (LST)  VALUE       VALUE  FROM      YEAR
                                                  NORMAL
..................................................................
TEMPERATURE (F)
 YESTERDAY
  MAXIMUM         69    330 PM  84    2005  73     -4       68
  MINIMUM         51    653 AM  34    1952  53     -2       58
  AVERAGE         60                        63     -3       63

PRECIPITATION (IN)
  YESTERDAY        0.00                      0.11  -0.11     0.16
  MONTH TO DATE    0.35                      3.01  -2.66     1.31
  SINCE SEP 1      4.92                      9.29  -4.37     2.67
  SINCE JAN 1     33.57                     44.64 -11.07    43.43

DEGREE DAYS
 HEATING
  YESTERDAY        5                         4      1        2
  MONTH TO DATE   31                        42    -11        8
  SINCE SEP 1     32                        46    -14        8
  SINCE JUL 1     32                        46    -14        8

 COOLING
  YESTERDAY        0                         2     -2        0
  MONTH TO DATE  101                        82     19       89
  SINCE SEP 1    422                       390     32      366
  SINCE JAN 1   2010                      1866    144     1817
..................................................................


WIND (MPH)
  HIGHEST WIND SPEED    16   HIGHEST WIND DIRECTION    NW (300)
  HIGHEST GUST SPEED    23   HIGHEST GUST DIRECTION     N (340)
  AVERAGE WIND SPEED     6.7


SKY COVER
  POSSIBLE SUNSHINE  MM
  AVERAGE SKY COVER 0.1


WEATHER CONDITIONS
 THE FOLLOWING WEATHER WAS RECORDED YESTERDAY.
  NO SIGNIFICANT WEATHER WAS OBSERVED.


RELATIVE HUMIDITY (PERCENT)
 HIGHEST    83           900 PM
 LOWEST     37           300 PM
 AVERAGE    60

..........................................................


THE NORTH MYRTLE BEACH SC CLIMATE NORMALS FOR TODAY
                         NORMAL    RECORD    YEAR
 MAXIMUM TEMPERATURE (F)   73        82      2007
 MINIMUM TEMPERATURE (F)   53        36      1954


SUNRISE AND SUNSET
OCTOBER 23 2014.......SUNRISE   726 AM EDT   SUNSET   632 PM EDT
OCTOBER 24 2014.......SUNRISE   727 AM EDT   SUNSET   630 PM EDT


-  INDICATES NEGATIVE NUMBERS.
R  INDICATES RECORD WAS SET OR TIED.
MM INDICATES DATA IS MISSING.
T  INDICATES TRACE AMOUNT.




$$
