000
CDUS42 KILM 050954
CLICRE


CLIMATE REPORT
NATIONAL WEATHER SERVICE WILMINGTON NC
453 AM EST THU MAR 5 2015


...................................

...THE NORTH MYRTLE BEACH SC CLIMATE SUMMARY FOR MARCH 4 2015...

CLIMATE NORMAL PERIOD 1981 TO 2010
CLIMATE RECORD PERIOD 1949 TO 2015


WEATHER ITEM   OBSERVED TIME   RECORD YEAR NORMAL DEPARTURE LAST
                VALUE   (LST)  VALUE       VALUE  FROM      YEAR
                                                  NORMAL
..................................................................
TEMPERATURE (F)
 YESTERDAY
  MAXIMUM         65    158 PM  80    1955  61      4       37
  MINIMUM         47    228 AM  21    2009  42      5       25
  AVERAGE         56                        51      5       31

PRECIPITATION (IN)
  YESTERDAY        0.00                      0.12  -0.12     0.00
  MONTH TO DATE    0.08                      0.47  -0.39     0.09
  SINCE MAR 1      0.08                      0.47  -0.39     0.09
  SINCE JAN 1      7.27                      7.58  -0.31     4.21

SNOWFALL (IN)
  YESTERDAY       MM
  MONTH TO DATE   MM
  SINCE MAR 1     MM
  SINCE JUL 1     MM
  SNOW DEPTH      MM

DEGREE DAYS
 HEATING
  YESTERDAY        9                        14     -5       34
  MONTH TO DATE   55                        56     -1       78
  SINCE MAR 1     55                        56     -1       78
  SINCE JUL 1   2110                      2000    110     2102

 COOLING
  YESTERDAY        0                         0      0        0
  MONTH TO DATE    0                         0      0        0
  SINCE MAR 1      0                         0      0        0
  SINCE JAN 1      1                         0      1        0
..................................................................


WIND (MPH)
  HIGHEST WIND SPEED    28   HIGHEST WIND DIRECTION    SW (210)
  HIGHEST GUST SPEED    36   HIGHEST GUST DIRECTION    SW (210)
  AVERAGE WIND SPEED    13.7


SKY COVER
  POSSIBLE SUNSHINE  MM
  AVERAGE SKY COVER 0.7


WEATHER CONDITIONS
 THE FOLLOWING WEATHER WAS RECORDED YESTERDAY.
  FOG
  FOG W/VISIBILITY <= 1/4 MILE
  HAZE


RELATIVE HUMIDITY (PERCENT)
 HIGHEST   100           100 AM
 LOWEST     78           200 PM
 AVERAGE    89

..........................................................


THE NORTH MYRTLE BEACH SC CLIMATE NORMALS FOR TODAY
                         NORMAL    RECORD    YEAR
 MAXIMUM TEMPERATURE (F)   62        80      1955
 MINIMUM TEMPERATURE (F)   42        24      2002


SUNRISE AND SUNSET
MARCH  5 2015.........SUNRISE   639 AM EST   SUNSET   614 PM EST
MARCH  6 2015.........SUNRISE   637 AM EST   SUNSET   615 PM EST


-  INDICATES NEGATIVE NUMBERS.
R  INDICATES RECORD WAS SET OR TIED.
MM INDICATES DATA IS MISSING.
T  INDICATES TRACE AMOUNT.




$$
