000
CDUS42 KILM 252043
CLICRE


CLIMATE REPORT
NATIONAL WEATHER SERVICE WILMINGTON NC
443 PM EDT FRI JUL 25 2014


...................................

...THE NORTH MYRTLE BEACH SC CLIMATE SUMMARY FOR JULY 25 2014...
VALID TODAY AS OF 0400 PM LOCAL TIME.

CLIMATE NORMAL PERIOD 1981 TO 2010
CLIMATE RECORD PERIOD 1949 TO 2014


WEATHER ITEM   OBSERVED TIME   RECORD YEAR NORMAL DEPARTURE LAST
                VALUE   (LST)  VALUE       VALUE  FROM      YEAR
                                                  NORMAL
..................................................................
TEMPERATURE (F)
 TODAY
  MAXIMUM         83   1259 PM  94    1992  87     -4       87
  MINIMUM         73    215 AM  68    2007  73      0       71
  AVERAGE         78                        80     -2       79

PRECIPITATION (IN)
  TODAY            0.07                      0.19  -0.12     0.00
  MONTH TO DATE    6.06                      4.80   1.26     5.49
  SINCE JUN 1      8.69                      9.44  -0.75    17.94
  SINCE JAN 1     21.67                     26.84  -5.17    35.38

DEGREE DAYS
 HEATING
  TODAY            0                         0      0        0
  MONTH TO DATE    0                         0      0        0
  SINCE JUN 1      0                         0      0        0
  SINCE JUL 1      0                         0      0        0

 COOLING
  TODAY           13                        15     -2       14
  MONTH TO DATE  367                       387    -20      390
  SINCE JUN 1    772                       744     28      777
  SINCE JAN 1   1054                       956     98      957
..................................................................


WIND (MPH)
  HIGHEST WIND SPEED    10   HIGHEST WIND DIRECTION     E (80)
  HIGHEST GUST SPEED    15   HIGHEST GUST DIRECTION     E (90)
  AVERAGE WIND SPEED     4.7


SKY COVER
  POSSIBLE SUNSHINE  MM
  AVERAGE SKY COVER 0.6


WEATHER CONDITIONS
 THE FOLLOWING WEATHER WAS RECORDED TODAY.
  THUNDERSTORM
  RAIN
  LIGHT RAIN
  FOG
  HAZE


RELATIVE HUMIDITY (PERCENT)
 HIGHEST    94           500 AM
 LOWEST     74           100 PM
 AVERAGE    84

..........................................................


THE NORTH MYRTLE BEACH SC CLIMATE NORMALS FOR TOMORROW
                         NORMAL    RECORD    YEAR
 MAXIMUM TEMPERATURE (F)   87        96      1949
 MINIMUM TEMPERATURE (F)   73        68      1954


SUNRISE AND SUNSET
JULY 25 2014..........SUNRISE   622 AM EDT   SUNSET   821 PM EDT
JULY 26 2014..........SUNRISE   622 AM EDT   SUNSET   820 PM EDT


-  INDICATES NEGATIVE NUMBERS.
R  INDICATES RECORD WAS SET OR TIED.
MM INDICATES DATA IS MISSING.
T  INDICATES TRACE AMOUNT.




$$
