000
CDUS44 KCRP 300706
CLICRP

CLIMATE REPORT
NATIONAL WEATHER SERVICE CORPUS CHRISTI TX
206 AM CDT SAT AUG 30 2014


...................................

...THE CORPUS CHRISTI CLIMATE SUMMARY FOR AUGUST 29 2014...

CLIMATE NORMAL PERIOD 1981 TO 2010
CLIMATE RECORD PERIOD 1887 TO 2014


WEATHER ITEM   OBSERVED TIME   RECORD YEAR NORMAL DEPARTURE LAST
                VALUE   (LST)  VALUE       VALUE  FROM      YEAR
                                                  NORMAL
..................................................................
TEMPERATURE (F)
 YESTERDAY
  MAXIMUM         90    330 PM 107    2012  93     -3       98
  MINIMUM         77    714 AM  69    1992  75      2       76
                                      1958
  AVERAGE         84                        84      0       87

PRECIPITATION (IN)
  YESTERDAY        0.18          2.90 1946   0.15   0.03     0.00
  MONTH TO DATE    1.26                      2.61  -1.35     1.21
  SINCE JUN 1      3.41                      8.76  -5.35     6.28
  SINCE JAN 1     10.51                     19.03  -8.52    11.01

SNOWFALL (IN)
  YESTERDAY        0.0
  MONTH TO DATE    0.0
  SINCE JUN 1      0.0
  SINCE JUL 1      0.0
  SNOW DEPTH       0

DEGREE DAYS
 HEATING
  YESTERDAY        0                         0      0        0
  MONTH TO DATE    0                         0      0        0
  SINCE JUN 1      0                         0      0        0
  SINCE JUL 1      0                         0      0        0

 COOLING
  YESTERDAY       19                        19      0       22
  MONTH TO DATE  635                       575     60      636
  SINCE JUN 1   1862                      1684    178     1951
  SINCE JAN 1   2668                      2525    143     2969
..................................................................


WIND (MPH)
  HIGHEST WIND SPEED    16   HIGHEST WIND DIRECTION     E (90)
  HIGHEST GUST SPEED    20   HIGHEST GUST DIRECTION     E (100)
  AVERAGE WIND SPEED     9.0


SKY COVER
  POSSIBLE SUNSHINE  MM
  AVERAGE SKY COVER 0.7


WEATHER CONDITIONS
 THE FOLLOWING WEATHER WAS RECORDED YESTERDAY.
  THUNDERSTORM
  LIGHT RAIN
  FOG


RELATIVE HUMIDITY (PERCENT)
 HIGHEST    91           900 AM
 LOWEST     63           400 PM
 AVERAGE    77

..........................................................


THE CORPUS CHRISTI CLIMATE NORMALS FOR TODAY
                         NORMAL    RECORD    YEAR
 MAXIMUM TEMPERATURE (F)   93       107      2012
 MINIMUM TEMPERATURE (F)   75        69      1942
                                             1893


SUNRISE AND SUNSET
AUGUST 30 2014........SUNRISE   708 AM CDT   SUNSET   753 PM CDT
AUGUST 31 2014........SUNRISE   708 AM CDT   SUNSET   752 PM CDT


-  INDICATES NEGATIVE NUMBERS.
R  INDICATES RECORD WAS SET OR TIED.
MM INDICATES DATA IS MISSING.
T  INDICATES TRACE AMOUNT.




$$
