000
CDUS44 KCRP 010651
CLICRP

CLIMATE REPORT
NATIONAL WEATHER SERVICE CORPUS CHRISTI TX
1249 AM CST SUN FEB 1 2015


...................................

...THE CORPUS CHRISTI CLIMATE SUMMARY FOR JANUARY 31 2015...

CLIMATE NORMAL PERIOD 1981 TO 2010
CLIMATE RECORD PERIOD 1887 TO 2015


WEATHER ITEM   OBSERVED TIME   RECORD YEAR NORMAL DEPARTURE LAST
                VALUE   (LST)  VALUE       VALUE  FROM      YEAR
                                                  NORMAL
..................................................................
TEMPERATURE (F)
 YESTERDAY
  MAXIMUM         74    119 PM  85    2002  68      6       78
                                      1917
  MINIMUM         58    340 AM  20    1949  48     10       48
  AVERAGE         66                        58      8       63

PRECIPITATION (IN)
  YESTERDAY        0.05          1.58 1921   0.04   0.01     0.00
  MONTH TO DATE    2.04                      1.54   0.50     0.67
  SINCE DEC 1      3.08                      3.37  -0.29     0.96
  SINCE JAN 1      2.04                      1.54   0.50     0.67

SNOWFALL (IN)
  YESTERDAY        0.0
  MONTH TO DATE    0.0
  SINCE DEC 1      0.0
  SINCE JUL 1      0.0
  SNOW DEPTH       0

DEGREE DAYS
 HEATING
  YESTERDAY        0                         8     -8        2
  MONTH TO DATE  391                       271    120      310
  SINCE DEC 1    545                       526     19      609
  SINCE JUL 1    706                       627     79      766

 COOLING
  YESTERDAY        1                         1      0        0
  MONTH TO DATE    3                        30    -27        2
  SINCE DEC 1     62                        79    -17       38
  SINCE JAN 1      3                        30    -27        2
..................................................................


WIND (MPH)
  HIGHEST WIND SPEED    28   HIGHEST WIND DIRECTION    SE (150)
  HIGHEST GUST SPEED    35   HIGHEST GUST DIRECTION     S (160)
  AVERAGE WIND SPEED    15.6


SKY COVER
  POSSIBLE SUNSHINE  MM
  AVERAGE SKY COVER 0.9


WEATHER CONDITIONS
 THE FOLLOWING WEATHER WAS RECORDED YESTERDAY.
  LIGHT RAIN
  FOG


RELATIVE HUMIDITY (PERCENT)
 HIGHEST    97           600 AM
 LOWEST     68           100 PM
 AVERAGE    83

..........................................................


THE CORPUS CHRISTI CLIMATE NORMALS FOR TODAY
                         NORMAL    RECORD    YEAR
 MAXIMUM TEMPERATURE (F)   68        87      1963
 MINIMUM TEMPERATURE (F)   48        18      1951


SUNRISE AND SUNSET
FEBRUARY  1 2015......SUNRISE   717 AM CST   SUNSET   611 PM CST
FEBRUARY  2 2015......SUNRISE   716 AM CST   SUNSET   611 PM CST


-  INDICATES NEGATIVE NUMBERS.
R  INDICATES RECORD WAS SET OR TIED.
MM INDICATES DATA IS MISSING.
T  INDICATES TRACE AMOUNT.

$$

GW
