000
CDUS44 KCRP 050053
CLICRP

CLIMATE REPORT
NATIONAL WEATHER SERVICE CORPUS CHRISTI TX
643 PM CST SUN DEC 4 2016


...................................

...THE CORPUS CHRISTI CLIMATE SUMMARY FOR DECEMBER 4 2016...
VALID TODAY AS OF 600 PM LOCAL TIME.

CLIMATE NORMAL PERIOD 1981 TO 2010
CLIMATE RECORD PERIOD 1887 TO 2016


WEATHER ITEM   OBSERVED TIME   RECORD YEAR NORMAL DEPARTURE LAST
                VALUE   (LST)  VALUE       VALUE  FROM      YEAR
                                                  NORMAL
..................................................................
TEMPERATURE (F)
 TODAY
  MAXIMUM         64   1204 AM  90    1977  71     -7       64
  MINIMUM         54    559 PM  29    1897  51      3       42
  AVERAGE         59                        61     -2       53

PRECIPITATION (IN)
  TODAY            0.79          1.76 1935   0.05   0.74     0.00
  MONTH TO DATE    1.81                      0.20   1.61     0.01
  SINCE DEC 1      1.81                      0.20   1.61     0.01
  SINCE JAN 1     32.34                     30.13   2.21    44.14

SNOWFALL (IN)
  TODAY            0.0
  MONTH TO DATE    0.0
  SINCE DEC 1      0.0
  SINCE JUL 1      0.0
  SNOW DEPTH       0

DEGREE DAYS
 HEATING
  TODAY            6                         6      0       12
  MONTH TO DATE    8                        24    -16       47
  SINCE DEC 1      8                        24    -16       47
  SINCE JUL 1     26                       125    -99      121

 COOLING
  TODAY            0                         2     -2        0
  MONTH TO DATE    8                         8      0        0
  SINCE DEC 1      8                         8      0        0
  SINCE JAN 1   4190                      3483    707     3672
..................................................................


WIND (MPH)
  HIGHEST WIND SPEED    28   HIGHEST WIND DIRECTION     N (20)
  HIGHEST GUST SPEED    32   HIGHEST GUST DIRECTION    NE (30)


SKY COVER
  POSSIBLE SUNSHINE  MM
  AVERAGE SKY COVER 1.0


WEATHER CONDITIONS
 THE FOLLOWING WEATHER WAS RECORDED TODAY.
  THUNDERSTORM
  HEAVY RAIN
  RAIN
  LIGHT RAIN
  FOG


RELATIVE HUMIDITY (PERCENT)
 HIGHEST   100           200 AM
 LOWEST     93          1200 AM
 AVERAGE    97

..........................................................


THE CORPUS CHRISTI CLIMATE NORMALS FOR TOMORROW
                         NORMAL    RECORD    YEAR
 MAXIMUM TEMPERATURE (F)   70        91      1977
 MINIMUM TEMPERATURE (F)   50        32      2009


SUNRISE AND SUNSET
DECEMBER  4 2016......SUNRISE   706 AM CST   SUNSET   535 PM CST
DECEMBER  5 2016......SUNRISE   707 AM CST   SUNSET   535 PM CST


-  INDICATES NEGATIVE NUMBERS.
R  INDICATES RECORD WAS SET OR TIED.
MM INDICATES DATA IS MISSING.
T  INDICATES TRACE AMOUNT.




$$

92
