000
CDUS44 KCRP 290038
CLICRP

CLIMATE REPORT
NATIONAL WEATHER SERVICE CORPUS CHRISTI TX
737 PM CDT THU APR 28 2016

...THE CORPUS CHRISTI CLIMATE SUMMARY FOR APRIL 28 2016...

VALID TODAY AS OF 0700 PM LOCAL TIME.

CLIMATE NORMAL PERIOD 1981 TO 2010
CLIMATE RECORD PERIOD 1887 TO 2016


WEATHER ITEM   OBSERVED TIME   RECORD YEAR NORMAL DEPARTURE LAST
                VALUE   (LST)  VALUE       VALUE  FROM      YEAR
                                                  NORMAL
..................................................................
TEMPERATURE (F)
 TODAY
  MAXIMUM         85    412 PM 103    2014  84      1       77
  MINIMUM         76   1213 AM  50    1997  66     10       60
  AVERAGE         81                        75      6       69

PRECIPITATION (IN)
  TODAY            T             0.95 1936   0.07  -0.07     0.02
  MONTH TO DATE    3.40                      1.69   1.71     6.36
  SINCE MAR 1      9.94                      3.58   6.36    12.49
  SINCE JAN 1     12.23                      7.05   5.18    15.94

SNOWFALL (IN)
  TODAY            0.0
  MONTH TO DATE    0.0
  SINCE MAR 1      0.0
  SINCE JUL 1      0.0
  SNOW DEPTH       0

DEGREE DAYS
 HEATING
  TODAY            0                         0      0        0
  MONTH TO DATE    0                        15    -15        0
  SINCE MAR 1     21                        96    -75      116
  SINCE JUL 1    640                       896   -256     1053

 COOLING
  TODAY           16                        10      6        4
  MONTH TO DATE  259                       217     42      278
  SINCE MAR 1    459                       332    127      353
  SINCE JAN 1    536                       408    128      381
..................................................................


WIND (MPH)
  HIGHEST WIND SPEED    22   HIGHEST WIND DIRECTION    SE (120)
  HIGHEST GUST SPEED    26   HIGHEST GUST DIRECTION    SE (140)


SKY COVER
  POSSIBLE SUNSHINE  MM
  AVERAGE SKY COVER 0.9


WEATHER CONDITIONS
 THE FOLLOWING WEATHER WAS RECORDED TODAY.
  FOG
  HAZE


RELATIVE HUMIDITY (PERCENT)
 HIGHEST    94          1200 AM
 LOWEST     70           400 PM
 AVERAGE    82

..........................................................


THE CORPUS CHRISTI CLIMATE NORMALS FOR TOMORROW
                         NORMAL    RECORD    YEAR
 MAXIMUM TEMPERATURE (F)   84        99      2014
 MINIMUM TEMPERATURE (F)   66        50      1996


SUNRISE AND SUNSET
APRIL 28 2016.........SUNRISE   652 AM CDT   SUNSET   803 PM CDT
APRIL 29 2016.........SUNRISE   652 AM CDT   SUNSET   803 PM CDT


-  INDICATES NEGATIVE NUMBERS.
R  INDICATES RECORD WAS SET OR TIED.
MM INDICATES DATA IS MISSING.
T  INDICATES TRACE AMOUNT.

$$

87
