000
CDUS44 KCRP 230929
CLICRP

CLIMATE REPORT
NATIONAL WEATHER SERVICE CORPUS CHRISTI TX
427 AM CDT SUN APR 23 2017

...THE CORPUS CHRISTI CLIMATE SUMMARY FOR APRIL 22 2017...

CLIMATE NORMAL PERIOD 1981 TO 2010
CLIMATE RECORD PERIOD 1887 TO 2017


WEATHER ITEM   OBSERVED TIME   RECORD YEAR NORMAL DEPARTURE LAST
                VALUE   (LST)  VALUE       VALUE  FROM      YEAR
                                                  NORMAL
..................................................................
TEMPERATURE (F)
 YESTERDAY
  MAXIMUM         88    244 PM  96    2009  83      5       88
  MINIMUM         64   1159 PM  49    1998  65     -1       67
  AVERAGE         76                        74      2       78

PRECIPITATION (IN)
  YESTERDAY        0.00          1.93 1952   0.06  -0.06     0.00
  MONTH TO DATE    1.91                      1.28   0.63     2.77
  SINCE MAR 1      6.90                      3.17   3.73     9.31
  SINCE JAN 1      9.74                      6.64   3.10    11.60

SNOWFALL (IN)
  YESTERDAY        0.0
  MONTH TO DATE    0.0
  SINCE MAR 1      0.0
  SINCE JUL 1      0.0
  SNOW DEPTH       0

DEGREE DAYS
 HEATING
  YESTERDAY        0                         0      0        0
  MONTH TO DATE    0                        15    -15        0
  SINCE MAR 1     16                        96    -80       21
  SINCE JUL 1    368                       896   -528      640

 COOLING
  YESTERDAY       11                         9      2       13
  MONTH TO DATE  215                       160     55      178
  SINCE MAR 1    418                       275    143      378
  SINCE JAN 1    687                       351    336      455
..................................................................


WIND (MPH)
  HIGHEST WIND SPEED    30   HIGHEST WIND DIRECTION     N (20)
  HIGHEST GUST SPEED    35   HIGHEST GUST DIRECTION     N (20)
  AVERAGE WIND SPEED    13.0


SKY COVER
  POSSIBLE SUNSHINE  MM
  AVERAGE SKY COVER 0.6


WEATHER CONDITIONS
 THE FOLLOWING WEATHER WAS RECORDED YESTERDAY.
  NO SIGNIFICANT WEATHER WAS OBSERVED.


RELATIVE HUMIDITY (PERCENT)
 HIGHEST   100           300 AM
 LOWEST     59           300 PM
 AVERAGE    80

..........................................................


THE CORPUS CHRISTI CLIMATE NORMALS FOR TODAY
                         NORMAL    RECORD    YEAR
 MAXIMUM TEMPERATURE (F)   83       102      1955
 MINIMUM TEMPERATURE (F)   65        48      1998


SUNRISE AND SUNSET
APRIL 23 2017.........SUNRISE   657 AM CDT   SUNSET   800 PM CDT
APRIL 24 2017.........SUNRISE   656 AM CDT   SUNSET   800 PM CDT


-  INDICATES NEGATIVE NUMBERS.
R  INDICATES RECORD WAS SET OR TIED.
MM INDICATES DATA IS MISSING.
T  INDICATES TRACE AMOUNT.

$$

87
