000
CDUS44 KCRP 230745
CLICRP

CLIMATE REPORT
NATIONAL WEATHER SERVICE CORPUS CHRISTI TX
244 AM CDT SAT JUL 23 2016

...................................

...THE CORPUS CHRISTI CLIMATE SUMMARY FOR JULY 22 2016...

CLIMATE NORMAL PERIOD 1981 TO 2010
CLIMATE RECORD PERIOD 1887 TO 2016

WEATHER ITEM   OBSERVED TIME   RECORD YEAR NORMAL DEPARTURE LAST
                VALUE   (LST)  VALUE       VALUE  FROM      YEAR
                                                  NORMAL
..................................................................
TEMPERATURE (F)
 YESTERDAY
  MAXIMUM         95    237 PM 100    1980  94      1       96
  MINIMUM         77    620 AM  71    2008  75      2       78
  AVERAGE         86                        84      2       87

PRECIPITATION (IN)
  YESTERDAY        0.00          1.30 1980   0.07  -0.07     0.00
  MONTH TO DATE    T                         2.24  -2.24     0.57
  SINCE JUN 1      2.95                      5.60  -2.65     2.20
  SINCE JAN 1     21.17                     15.87   5.30    32.46

SNOWFALL (IN)
  YESTERDAY        0.0
  MONTH TO DATE    0.0
  SINCE JUN 1      0.0
  SINCE JUL 1      0.0
  SNOW DEPTH       0

DEGREE DAYS
 HEATING
  YESTERDAY        0                         0      0        0
  MONTH TO DATE    0                         0      0        0
  SINCE JUN 1      0                         0      0        0
  SINCE JUL 1      0                         0      0        0

 COOLING
  YESTERDAY       21                        19      2       22
  MONTH TO DATE  472                       414     58      445
  SINCE JUN 1   1032                       936     96      984
  SINCE JAN 1   2068                      1777    291     1814
..................................................................

WIND (MPH)
  HIGHEST WIND SPEED    20   HIGHEST WIND DIRECTION     E (110)
  HIGHEST GUST SPEED    30   HIGHEST GUST DIRECTION     E (110)
  AVERAGE WIND SPEED     8.2

SKY COVER
  POSSIBLE SUNSHINE  MM
  AVERAGE SKY COVER 0.3

WEATHER CONDITIONS
 THE FOLLOWING WEATHER WAS RECORDED YESTERDAY.
  NO SIGNIFICANT WEATHER WAS OBSERVED.


RELATIVE HUMIDITY (PERCENT)
 HIGHEST    94           400 AM
 LOWEST     49           100 PM
 AVERAGE    72

..........................................................

THE CORPUS CHRISTI CLIMATE NORMALS FOR TODAY
                         NORMAL    RECORD    YEAR
 MAXIMUM TEMPERATURE (F)   94        98      2009
                                             2000
                                             1996
 MINIMUM TEMPERATURE (F)   75        68      1989

SUNRISE AND SUNSET
JULY 23 2016..........SUNRISE   648 AM CDT   SUNSET   824 PM CDT
JULY 24 2016..........SUNRISE   649 AM CDT   SUNSET   824 PM CDT

-  INDICATES NEGATIVE NUMBERS.
R  INDICATES RECORD WAS SET OR TIED.
MM INDICATES DATA IS MISSING.
T  INDICATES TRACE AMOUNT.

$$
