000
CDUS44 KCRP 170703
CLICRP

CLIMATE REPORT
NATIONAL WEATHER SERVICE CORPUS CHRISTI TX
202 AM CDT THU APR 17 2014


...THE CORPUS CHRISTI CLIMATE SUMMARY FOR APRIL 16 2014...

CLIMATE NORMAL PERIOD 1981 TO 2010
CLIMATE RECORD PERIOD 1887 TO 2014


WEATHER ITEM   OBSERVED TIME   RECORD YEAR NORMAL DEPARTURE LAST
                VALUE   (LST)  VALUE       VALUE  FROM      YEAR
                                                  NORMAL
..................................................................
TEMPERATURE (F)
 YESTERDAY
  MAXIMUM         75    218 PM  95    1987  82     -7       85
  MINIMUM         44R   415 AM  45    1983  63    -19       75
  AVERAGE         60                        72    -12       80

PRECIPITATION (IN)
  YESTERDAY        0.00          2.16 2012   0.07  -0.07      T
  MONTH TO DATE    0.31                      0.90  -0.59     0.17
  SINCE MAR 1      1.96                      2.79  -0.83     0.23
  SINCE JAN 1      2.87                      6.26  -3.39     1.92

SNOWFALL (IN)
  YESTERDAY        0.0
  MONTH TO DATE    0.0
  SINCE MAR 1      0.0
  SINCE JUL 1      T
  SNOW DEPTH       0

DEGREE DAYS
 HEATING
  YESTERDAY        5                         0      5        0
  MONTH TO DATE   14                        15     -1        6
  SINCE MAR 1    146                        96     50       70
  SINCE JUL 1   1145                       896    249      522

 COOLING
  YESTERDAY        0                         8     -8       15
  MONTH TO DATE  103                       109     -6      134
  SINCE MAR 1    187                       224    -37      291
  SINCE JAN 1    264                       300    -36      435
..................................................................


WIND (MPH)
  HIGHEST WIND SPEED    20   HIGHEST WIND DIRECTION    SE (120)
  HIGHEST GUST SPEED    28   HIGHEST GUST DIRECTION    SE (140)
  AVERAGE WIND SPEED    11.6


SKY COVER
  POSSIBLE SUNSHINE  MM
  AVERAGE SKY COVER 0.6


WEATHER CONDITIONS
 THE FOLLOWING WEATHER WAS RECORDED YESTERDAY.
  NO SIGNIFICANT WEATHER WAS OBSERVED.


RELATIVE HUMIDITY (PERCENT)
 HIGHEST    77           600 AM
 LOWEST     38           100 PM
 AVERAGE    58

..........................................................


THE CORPUS CHRISTI CLIMATE NORMALS FOR TODAY
                         NORMAL    RECORD    YEAR
 MAXIMUM TEMPERATURE (F)   82        92      1918
 MINIMUM TEMPERATURE (F)   63        44      1999


SUNRISE AND SUNSET
APRIL 17 2014.........SUNRISE   703 AM CDT   SUNSET   756 PM CDT
APRIL 18 2014.........SUNRISE   702 AM CDT   SUNSET   757 PM CDT


-  INDICATES NEGATIVE NUMBERS.
R  INDICATES RECORD WAS SET OR TIED.
MM INDICATES DATA IS MISSING.
T  INDICATES TRACE AMOUNT.

$$

TMT
