515
CDUS44 KCRP 220746
CLICRP

CLIMATE REPORT
NATIONAL WEATHER SERVICE CORPUS CHRISTI TX
146 AM CST MON JAN 22 2018


...THE CORPUS CHRISTI CLIMATE SUMMARY FOR JANUARY 21 2018...

CLIMATE NORMAL PERIOD 1981 TO 2010
CLIMATE RECORD PERIOD 1887 TO 2018


WEATHER ITEM   OBSERVED TIME   RECORD YEAR NORMAL DEPARTURE LAST
                VALUE   (LST)  VALUE       VALUE  FROM      YEAR
                                                  NORMAL
..................................................................
TEMPERATURE (F)
 YESTERDAY
  MAXIMUM         76    134 PM  92    2017  67      9       92
  MINIMUM         61   1150 PM  22    1985  47     14       63
  AVERAGE         69                        57     12       78

PRECIPITATION (IN)
  YESTERDAY        T             1.02 1980   0.05  -0.05      T
  MONTH TO DATE    0.34                      1.04  -0.70     0.22
  SINCE DEC 1      4.72                      2.87   1.85     2.42
  SINCE JAN 1      0.34                      1.04  -0.70     0.22

SNOWFALL (IN)
  YESTERDAY        0.0
  MONTH TO DATE    0.0
  SINCE DEC 1      1.0
  SINCE JUL 1      1.0
  SNOW DEPTH       0

DEGREE DAYS
 HEATING
  YESTERDAY        0                         9     -9        0
  MONTH TO DATE  295                       189    106       96
  SINCE DEC 1    584                       439    145      245
  SINCE JUL 1    648                       540    108      263

 COOLING
  YESTERDAY        4                         1      3       13
  MONTH TO DATE    5                        21    -16       84
  SINCE DEC 1     43                        70    -27      172
  SINCE JAN 1      5                        21    -16       84
..................................................................


WIND (MPH)
  HIGHEST WIND SPEED    36   HIGHEST WIND DIRECTION     S (170)
  HIGHEST GUST SPEED    43   HIGHEST GUST DIRECTION     S (170)
  AVERAGE WIND SPEED    17.9


SKY COVER
  POSSIBLE SUNSHINE  MM
  AVERAGE SKY COVER 1.0


WEATHER CONDITIONS
 THE FOLLOWING WEATHER WAS RECORDED YESTERDAY.
  LIGHT RAIN
  FOG


RELATIVE HUMIDITY (PERCENT)
 HIGHEST   100          1200 AM
 LOWEST     69           400 PM
 AVERAGE    85

..........................................................


THE CORPUS CHRISTI CLIMATE NORMALS FOR TODAY
                         NORMAL    RECORD    YEAR
 MAXIMUM TEMPERATURE (F)   67        89      1972
 MINIMUM TEMPERATURE (F)   47        20      1930


SUNRISE AND SUNSET
JANUARY 22 2018.......SUNRISE   721 AM CST   SUNSET   603 PM CST
JANUARY 23 2018.......SUNRISE   720 AM CST   SUNSET   604 PM CST


-  INDICATES NEGATIVE NUMBERS.
R  INDICATES RECORD WAS SET OR TIED.
MM INDICATES DATA IS MISSING.
T  INDICATES TRACE AMOUNT.

$$

TMT
