000
CDUS44 KCRP 271227 CCA
CLICRP

CLIMATE REPORT...CORRECTED
NATIONAL WEATHER SERVICE CORPUS CHRISTI TX
726 AM CDT THU JUL 27 2017


...................................

...THE CORPUS CHRISTI CLIMATE SUMMARY FOR JULY 26 2017...

CLIMATE NORMAL PERIOD 1981 TO 2010
CLIMATE RECORD PERIOD 1887 TO 2017


WEATHER ITEM   OBSERVED TIME   RECORD YEAR NORMAL DEPARTURE LAST
                VALUE   (LST)  VALUE       VALUE  FROM      YEAR
                                                  NORMAL
..................................................................
TEMPERATURE (F)
 YESTERDAY
  MAXIMUM         95   1229 PM 101    1954  94      1       90
  MINIMUM         74    610 AM  72    1993  75     -1       78
                                      1989
                                      1976
  AVERAGE         85                        84      1       84

PRECIPITATION (IN)
  YESTERDAY        T             1.59 1979   0.06  -0.06     0.00
  MONTH TO DATE    1.27                      2.49  -1.22      T
  SINCE JUN 1      3.20                      5.85  -2.65     2.95
  SINCE JAN 1     16.47                     16.12   0.35    21.17

SNOWFALL (IN)
  YESTERDAY        0.0
  MONTH TO DATE    0.0
  SINCE JUN 1      0.0
  SINCE JUL 1      0.0
  SNOW DEPTH       0

DEGREE DAYS
 HEATING
  YESTERDAY        0                         0      0        0
  MONTH TO DATE    0                         0      0        0
  SINCE JUN 1      0                         0      0        0
  SINCE JUL 1      0                         0      0        0

 COOLING
  YESTERDAY       20                        19      1       19
  MONTH TO DATE  500                       490     10      556
  SINCE JUN 1   1072                      1012     60     1116
  SINCE JAN 1   2262                      1853    409     2152
..................................................................


WIND (MPH)
  HIGHEST WIND SPEED    22   HIGHEST WIND DIRECTION     S (190)
  HIGHEST GUST SPEED    29   HIGHEST GUST DIRECTION    SE (150)
  AVERAGE WIND SPEED    10.7


SKY COVER
  POSSIBLE SUNSHINE  MM
  AVERAGE SKY COVER 0.6


WEATHER CONDITIONS
 THE FOLLOWING WEATHER WAS RECORDED YESTERDAY.
  LIGHT RAIN.


RELATIVE HUMIDITY (PERCENT)
 HIGHEST   100           400 AM
 LOWEST     52          1100 AM
 AVERAGE    76

..........................................................


THE CORPUS CHRISTI CLIMATE NORMALS FOR TODAY
                         NORMAL    RECORD    YEAR
 MAXIMUM TEMPERATURE (F)   94       100      2013
                                             1954
 MINIMUM TEMPERATURE (F)   75        70      1960
                                             1942
                                             1903


SUNRISE AND SUNSET
JULY 27 2017..........SUNRISE   650 AM CDT   SUNSET   822 PM CDT
JULY 28 2017..........SUNRISE   651 AM CDT   SUNSET   822 PM CDT


-  INDICATES NEGATIVE NUMBERS.
R  INDICATES RECORD WAS SET OR TIED.
MM INDICATES DATA IS MISSING.
T  INDICATES TRACE AMOUNT.




$$
