000
CDUS41 KRLX 242116
CLICRW


CLIMATE REPORT
NATIONAL WEATHER SERVICE CHARLESTON WV
516 PM EDT SUN SEP 24 2017


...................................

...THE CHARLESTON WV CLIMATE SUMMARY FOR SEPTEMBER 24 2017...
VALID TODAY AS OF 0500 PM LOCAL TIME.

CLIMATE NORMAL PERIOD 1981 TO 2010
CLIMATE RECORD PERIOD 1901 TO 2017


WEATHER ITEM   OBSERVED TIME   RECORD YEAR NORMAL DEPARTURE LAST
                VALUE   (LST)  VALUE       VALUE  FROM      YEAR
                                                  NORMAL
..................................................................
TEMPERATURE (F)
 TODAY
  MAXIMUM         90    259 PM  98    1930  75     15       90
  MINIMUM         54    625 AM  34    1983  54      0       62
                                      1974
                                      1963
  AVERAGE         72                        64      8       76

PRECIPITATION (IN)
  TODAY            0.00          1.19 2001   0.11  -0.11     0.00
  MONTH TO DATE    2.39                      2.64  -0.25     0.38
  SINCE SEP 1      2.39                      2.64  -0.25     0.38
  SINCE JAN 1     37.83                     33.75   4.08    29.88

DEGREE DAYS
 HEATING
  TODAY            0                         3     -3        0
  MONTH TO DATE   28                        30     -2        0
  SINCE SEP 1     28                        30     -2        0
  SINCE JUL 1     28                        32     -4        0

 COOLING
  TODAY            7                         2      5       11
  MONTH TO DATE   95                       113    -18      231
  SINCE SEP 1     95                       113    -18      231
  SINCE JAN 1   1033                      1059    -26     1412
..................................................................


WIND (MPH)
  HIGHEST WIND SPEED     6   HIGHEST WIND DIRECTION     S (160)
  HIGHEST GUST SPEED     9   HIGHEST GUST DIRECTION    SE (130)
  AVERAGE WIND SPEED     0.7


SKY COVER
  POSSIBLE SUNSHINE  MM
  AVERAGE SKY COVER 0.3


WEATHER CONDITIONS
 THE FOLLOWING WEATHER WAS RECORDED TODAY.
  FOG
  FOG W/VISIBILITY <= 1/4 MILE


RELATIVE HUMIDITY (PERCENT)
 HIGHEST    93           200 AM
 LOWEST     32           300 PM
 AVERAGE    63

..........................................................


THE CHARLESTON WV CLIMATE NORMALS FOR TOMORROW
                         NORMAL    RECORD    YEAR
 MAXIMUM TEMPERATURE (F)   74        96      1930
 MINIMUM TEMPERATURE (F)   53        35      1967


SUNRISE AND SUNSET
SEPTEMBER 24 2017.....SUNRISE   716 AM EDT   SUNSET   720 PM EDT
SEPTEMBER 25 2017.....SUNRISE   717 AM EDT   SUNSET   718 PM EDT


-  INDICATES NEGATIVE NUMBERS.
R  INDICATES RECORD WAS SET OR TIED.
MM INDICATES DATA IS MISSING.
T  INDICATES TRACE AMOUNT.




$$
