000
CDUS41 KRLX 260728
CLICRW


CLIMATE REPORT
NATIONAL WEATHER SERVICE CHARLESTON WV
327 AM EDT FRI AUG 26 2016


...................................

...THE CHARLESTON WV CLIMATE SUMMARY FOR AUGUST 25 2016...

CLIMATE NORMAL PERIOD 1981 TO 2010
CLIMATE RECORD PERIOD 1901 TO 2016


WEATHER ITEM   OBSERVED TIME   RECORD YEAR NORMAL DEPARTURE LAST
                VALUE   (LST)  VALUE       VALUE  FROM      YEAR
                                                  NORMAL
..................................................................
TEMPERATURE (F)
 YESTERDAY
  MAXIMUM         90    442 PM 102    1903  84      6       77
  MINIMUM         72    634 AM  46    1951  64      8       58
  AVERAGE         81                        74      7       68

PRECIPITATION (IN)
  YESTERDAY        0.00          1.64 1937   0.10  -0.10     0.00
  MONTH TO DATE    3.12                      3.08   0.04     3.40
  SINCE JAN 1     29.45                     30.45  -1.00    36.39

SNOWFALL (IN)
  YESTERDAY        0.0
  MONTH TO DATE    0.0
  SINCE SEP 1     33.5
  SNOW DEPTH       0

DEGREE DAYS
 HEATING
  YESTERDAY        0                         0      0        0
  MONTH TO DATE    0                         0      0        0
  SINCE JUN 1      3                        13    -10        8
  SINCE JUL 1      0                         0      0        0

 COOLING
  YESTERDAY       16                         9      7        3
  MONTH TO DATE  322                       242     80      232
  SINCE JUN 1    953                       786    167      848
  SINCE JAN 1   1083                       896    187     1037
..................................................................


WIND (MPH)
  HIGHEST WIND SPEED    14   HIGHEST WIND DIRECTION    SW (230)
  HIGHEST GUST SPEED    20   HIGHEST GUST DIRECTION    SW (230)
  AVERAGE WIND SPEED     5.6


SKY COVER
  POSSIBLE SUNSHINE  MM
  AVERAGE SKY COVER 0.5


WEATHER CONDITIONS
 THE FOLLOWING WEATHER WAS RECORDED YESTERDAY.
  LIGHT RAIN


RELATIVE HUMIDITY (PERCENT)
 HIGHEST    87          1200 AM
 LOWEST     55           600 PM
 AVERAGE    71

..........................................................


THE CHARLESTON WV CLIMATE NORMALS FOR TODAY
                         NORMAL    RECORD    YEAR
 MAXIMUM TEMPERATURE (F)   84       101      1903
 MINIMUM TEMPERATURE (F)   63        46      1951


SUNRISE AND SUNSET
AUGUST 26 2016........SUNRISE   651 AM EDT   SUNSET   804 PM EDT
AUGUST 27 2016........SUNRISE   652 AM EDT   SUNSET   803 PM EDT


-  INDICATES NEGATIVE NUMBERS.
R  INDICATES RECORD WAS SET OR TIED.
MM INDICATES DATA IS MISSING.
T  INDICATES TRACE AMOUNT.




$$
