000
CDUS41 KRLX 250727
CLICRW


CLIMATE REPORT
NATIONAL WEATHER SERVICE CHARLESTON WV
325 AM EDT MON MAY 25 2015


...................................

...THE CHARLESTON WV CLIMATE SUMMARY FOR MAY 24 2015...

CLIMATE NORMAL PERIOD 1981 TO 2010
CLIMATE RECORD PERIOD 1901 TO 2015


WEATHER ITEM   OBSERVED TIME   RECORD YEAR NORMAL DEPARTURE LAST
                VALUE   (LST)  VALUE       VALUE  FROM      YEAR
                                                  NORMAL
..................................................................
TEMPERATURE (F)
 YESTERDAY
  MAXIMUM         85    306 PM  92    1939  76      9       76
                                      1922
  MINIMUM         49    552 AM  32    1963  55     -6       47
  AVERAGE         67                        66      1       62

PRECIPITATION (IN)
  YESTERDAY        0.00          1.25 1955   0.16  -0.16     0.00
  MONTH TO DATE    1.16                      3.65  -2.49     2.24
  SINCE JAN 1     18.42                     16.99   1.43    15.99

SNOWFALL (IN)
  YESTERDAY        0.0
  MONTH TO DATE    0.0
  SINCE SEP 1     29.1
  SNOW DEPTH       0

DEGREE DAYS
 HEATING
  YESTERDAY        0                         3     -3        3
  MONTH TO DATE   54                       103    -49       87
  SINCE MAR 1    930                       997    -67     1006
  SINCE JUL 1   4835                      4451    384     4773

 COOLING
  YESTERDAY        2                         3     -1        0
  MONTH TO DATE  106                        49     57       65
  SINCE MAR 1    121                        81     40       83
  SINCE JAN 1    121                        81     40       83
..................................................................


WIND (MPH)
  HIGHEST WIND SPEED    10   HIGHEST WIND DIRECTION     W (250)
  HIGHEST GUST SPEED    14   HIGHEST GUST DIRECTION     W (250)
  AVERAGE WIND SPEED     2.4


SKY COVER
  POSSIBLE SUNSHINE  MM
  AVERAGE SKY COVER 0.2


WEATHER CONDITIONS
 THE FOLLOWING WEATHER WAS RECORDED YESTERDAY.
  NO SIGNIFICANT WEATHER WAS OBSERVED.


RELATIVE HUMIDITY (PERCENT)
 HIGHEST   100           500 AM
 LOWEST     32           300 PM
 AVERAGE    66

..........................................................


THE CHARLESTON WV CLIMATE NORMALS FOR TODAY
                         NORMAL    RECORD    YEAR
 MAXIMUM TEMPERATURE (F)   77        92      1991
                                             1970
                                             1939
 MINIMUM TEMPERATURE (F)   55        33      1956


SUNRISE AND SUNSET
MAY 25 2015...........SUNRISE   608 AM EDT   SUNSET   839 PM EDT
MAY 26 2015...........SUNRISE   607 AM EDT   SUNSET   840 PM EDT


-  INDICATES NEGATIVE NUMBERS.
R  INDICATES RECORD WAS SET OR TIED.
MM INDICATES DATA IS MISSING.
T  INDICATES TRACE AMOUNT.




$$
