000
CDUS41 KRLX 232228
CLICRW


CLIMATE REPORT
NATIONAL WEATHER SERVICE CHARLESTON WV
524 PM EST SUN NOV 23 2014


...................................

...THE CHARLESTON WV CLIMATE SUMMARY FOR NOVEMBER 23 2014...
VALID TODAY AS OF 0500 PM LOCAL TIME.

CLIMATE NORMAL PERIOD 1981 TO 2010
CLIMATE RECORD PERIOD 1901 TO 2014


WEATHER ITEM   OBSERVED TIME   RECORD YEAR NORMAL DEPARTURE LAST
                VALUE   (LST)  VALUE       VALUE  FROM      YEAR
                                                  NORMAL
..................................................................
TEMPERATURE (F)
 TODAY
  MAXIMUM         63    233 PM  86    1931  54      9       44
  MINIMUM         38    234 AM  14    1970  35      3       28
                                      1964
  AVERAGE         51                        44      7       36

PRECIPITATION (IN)
  TODAY            T             1.75 1941   0.13  -0.13      T
  MONTH TO DATE    1.89                      2.86  -0.97     1.75
  SINCE SEP 1     10.86                      8.78   2.08     5.51
  SINCE JAN 1     43.01                     39.89   3.12    39.55

DEGREE DAYS
 HEATING
  TODAY           14                        21     -7       29
  MONTH TO DATE  557                       390    167      412
  SINCE SEP 1    894                       728    166      715
  SINCE JUL 1    894                       730    164      718

 COOLING
  TODAY            0                         0      0        0
  MONTH TO DATE    0                         0      0        0
  SINCE SEP 1    142                       148     -6      155
  SINCE JAN 1   1049                      1094    -45     1121
..................................................................


WIND (MPH)
  HIGHEST WIND SPEED    20   HIGHEST WIND DIRECTION    SE (140)
  HIGHEST GUST SPEED    29   HIGHEST GUST DIRECTION    SE (140)
  AVERAGE WIND SPEED     3.3


SKY COVER
  POSSIBLE SUNSHINE  MM
  AVERAGE SKY COVER 0.7


WEATHER CONDITIONS
 THE FOLLOWING WEATHER WAS RECORDED TODAY.
  LIGHT RAIN


RELATIVE HUMIDITY (PERCENT)
 HIGHEST    76           600 AM
 LOWEST     39          1200 PM
 AVERAGE    58

..........................................................


THE CHARLESTON WV CLIMATE NORMALS FOR TOMORROW
                         NORMAL    RECORD    YEAR
 MAXIMUM TEMPERATURE (F)   53        87      1931
 MINIMUM TEMPERATURE (F)   35         9      1950


SUNRISE AND SUNSET
NOVEMBER 23 2014......SUNRISE   716 AM EST   SUNSET   509 PM EST
NOVEMBER 24 2014......SUNRISE   717 AM EST   SUNSET   508 PM EST


-  INDICATES NEGATIVE NUMBERS.
R  INDICATES RECORD WAS SET OR TIED.
MM INDICATES DATA IS MISSING.
T  INDICATES TRACE AMOUNT.




$$
