000
CDUS41 KRLX 010818
CLICRW


CLIMATE REPORT
NATIONAL WEATHER SERVICE CHARLESTON WV
317 AM EST SUN FEB 1 2015


...................................

...THE CHARLESTON WV CLIMATE SUMMARY FOR JANUARY 31 2015...

CLIMATE NORMAL PERIOD 1981 TO 2010
CLIMATE RECORD PERIOD 1901 TO 2015


WEATHER ITEM   OBSERVED TIME   RECORD YEAR NORMAL DEPARTURE LAST
                VALUE   (LST)  VALUE       VALUE  FROM      YEAR
                                                  NORMAL
..................................................................
TEMPERATURE (F)
 YESTERDAY
  MAXIMUM         38        MM  78    2002  44     -6       47
  MINIMUM         13        MM   2    1965  27    -14       30
                                      1955
                                      1936
  AVERAGE         26                        35     -9       39

PRECIPITATION (IN)
  YESTERDAY        0.00          1.88 1950   0.10  -0.10     0.00
  MONTH TO DATE    2.23                      3.00  -0.77     2.50
  SINCE JAN 1      2.23                      3.00  -0.77     2.50

SNOWFALL (IN)
  YESTERDAY        0.0
  MONTH TO DATE    3.0
  SINCE SEP 1      4.0
  SNOW DEPTH       T

DEGREE DAYS
 HEATING
  YESTERDAY       39                        30      9       26
  MONTH TO DATE 1001                       952     49     1152
  SINCE DEC 1   1767                      1804    -37     1945
  SINCE JUL 1   2810                      2688    122     2902

 COOLING
  YESTERDAY        0                         0      0        0
  MONTH TO DATE    0                         0      0        0
  SINCE DEC 1      0                         1     -1        2
  SINCE JAN 1      0                         0      0        0
..................................................................


WIND (MPH)
  HIGHEST WIND SPEED     9   HIGHEST WIND DIRECTION    SW (230)
  HIGHEST GUST SPEED    MM   HIGHEST GUST DIRECTION    MM
  AVERAGE WIND SPEED     1.9


SKY COVER
  POSSIBLE SUNSHINE  MM
  AVERAGE SKY COVER 0.3


WEATHER CONDITIONS
 THE FOLLOWING WEATHER WAS RECORDED YESTERDAY.
  NO SIGNIFICANT WEATHER WAS OBSERVED.


RELATIVE HUMIDITY (PERCENT)
 HIGHEST    88           300 AM
 LOWEST     40           300 PM
 AVERAGE    64

..........................................................


THE CHARLESTON WV CLIMATE NORMALS FOR TODAY
                         NORMAL    RECORD    YEAR
 MAXIMUM TEMPERATURE (F)   44        73      1988
 MINIMUM TEMPERATURE (F)   27        -1      1936


SUNRISE AND SUNSET
FEBRUARY  1 2015......SUNRISE   732 AM EST   SUNSET   549 PM EST
FEBRUARY  2 2015......SUNRISE   731 AM EST   SUNSET   550 PM EST


-  INDICATES NEGATIVE NUMBERS.
R  INDICATES RECORD WAS SET OR TIED.
MM INDICATES DATA IS MISSING.
T  INDICATES TRACE AMOUNT.




$$
