000
CDUS42 KFFC 260818
CLICSG


CLIMATE REPORT
NATIONAL WEATHER SERVICE PEACHTREE CITY GA
418 AM EDT SAT JUL 26 2014


...................................

...THE COLUMBUS CLIMATE SUMMARY FOR JULY 25 2014...

CLIMATE NORMAL PERIOD 1981 TO 2010
CLIMATE RECORD PERIOD 1948 TO 2014


WEATHER ITEM   OBSERVED TIME   RECORD YEAR NORMAL DEPARTURE LAST
                VALUE   (LST)  VALUE       VALUE  FROM      YEAR
                                                  NORMAL
..................................................................
TEMPERATURE (F)
 YESTERDAY
  MAXIMUM         90    355 PM 103    1952  92     -2       92
  MINIMUM         74    634 AM  66    1948  73      1       72
  AVERAGE         82                        83     -1       82

PRECIPITATION (IN)
  YESTERDAY        T             3.99 1955   0.14  -0.14     0.00
  MONTH TO DATE    4.49                      3.90   0.59     8.41
  SINCE JUN 1      8.70                      7.62   1.08    15.73
  SINCE JAN 1     34.49                     28.11   6.38    41.34

DEGREE DAYS
 HEATING
  YESTERDAY        0                         0      0        0
  MONTH TO DATE    0                         0      0        0
  SINCE JUN 1      0                         0      0        0
  SINCE JUL 1      0                         0      0        0

 COOLING
  YESTERDAY       17                        18     -1       17
  MONTH TO DATE  387                       442    -55      379
  SINCE JUN 1    846                       888    -42      841
  SINCE JAN 1   1182                      1246    -64     1204
..................................................................


WIND (MPH)
  HIGHEST WIND SPEED    14   HIGHEST WIND DIRECTION    NW (300)
  HIGHEST GUST SPEED    18   HIGHEST GUST DIRECTION     W (250)
  AVERAGE WIND SPEED     4.6


SKY COVER
  AVERAGE SKY COVER 0.6


WEATHER CONDITIONS
 THE FOLLOWING WEATHER WAS RECORDED YESTERDAY.
  FOG


RELATIVE HUMIDITY (PERCENT)
 HIGHEST    94           400 AM
 LOWEST     52           400 PM
 AVERAGE    73

..........................................................


THE COLUMBUS CLIMATE NORMALS FOR TODAY
                         NORMAL    RECORD    YEAR
 MAXIMUM TEMPERATURE (F)   92        99      2012
                                             2010
 MINIMUM TEMPERATURE (F)   73        66      1948


SUNRISE AND SUNSET
JULY 26 2014..........SUNRISE   650 AM EDT   SUNSET   842 PM EDT
JULY 27 2014..........SUNRISE   651 AM EDT   SUNSET   841 PM EDT


-  INDICATES NEGATIVE NUMBERS.
R  INDICATES RECORD WAS SET OR TIED.
MM INDICATES DATA IS MISSING.
T  INDICATES TRACE AMOUNT.




$$
