000
CDUS42 KFFC 180023
CLICSG


CLIMATE REPORT
NATIONAL WEATHER SERVICE PEACHTREE CITY GA
823 PM EDT WED SEP 17 2014


...................................

...THE COLUMBUS CLIMATE SUMMARY FOR SEPTEMBER 17 2014...
VALID AS OF 0800 PM LOCAL TIME.

CLIMATE NORMAL PERIOD 1981 TO 2010
CLIMATE RECORD PERIOD 1948 TO 2014


WEATHER ITEM   OBSERVED TIME   RECORD YEAR NORMAL DEPARTURE LAST
                VALUE   (LST)  VALUE       VALUE  FROM      YEAR
                                                  NORMAL
..................................................................
TEMPERATURE (F)
 TODAY
  MAXIMUM         91    236 PM  96    2010  86      5       82
                                      1991
                                      1953
  MINIMUM         71    251 AM  53    1961  67      4       68
  AVERAGE         81                        76      5       75

PRECIPITATION (IN)
  TODAY            0.00          4.15 1971   0.10  -0.10     0.00
  MONTH TO DATE    3.88                      1.80   2.08      T
  SINCE SEP 1      3.88                      1.80   2.08      T
  SINCE JAN 1     40.06                     34.54   5.52    50.37

DEGREE DAYS
 HEATING
  TODAY            0                         0      0        0
  MONTH TO DATE    0                         0      0        0
  SINCE SEP 1      0                         0      0        0
  SINCE JUL 1      0                         0      0        0

 COOLING
  TODAY           16                        11      5       10
  MONTH TO DATE  284                       230     54      283
  SINCE SEP 1    284                       230     54      283
  SINCE JAN 1   2079                      2102    -23     2067
..................................................................


WIND (MPH)
  HIGHEST WIND SPEED    16   HIGHEST WIND DIRECTION    NW (330)
  HIGHEST GUST SPEED    22   HIGHEST GUST DIRECTION    NW (320)
  AVERAGE WIND SPEED     4.8


SKY COVER
  AVERAGE SKY COVER 0.2


WEATHER CONDITIONS
 THE FOLLOWING WEATHER WAS RECORDED TODAY.
  NO SIGNIFICANT WEATHER WAS OBSERVED.


RELATIVE HUMIDITY (PERCENT)
 HIGHEST    93           400 AM
 LOWEST     41           300 PM

..........................................................


THE COLUMBUS CLIMATE NORMALS FOR TOMORROW
                         NORMAL    RECORD
 MAXIMUM TEMPERATURE (F)   86        98
 MINIMUM TEMPERATURE (F)   66        50


SUNRISE AND SUNSET
SEPTEMBER 17 2014.....SUNRISE   725 AM EDT   SUNSET   743 PM EDT
SEPTEMBER 18 2014.....SUNRISE   725 AM EDT   SUNSET   742 PM EDT


-  INDICATES NEGATIVE NUMBERS.
R  INDICATES RECORD WAS SET OR TIED.
MM INDICATES DATA IS MISSING.
T  INDICATES TRACE AMOUNT.




$$
