000
CDUS42 KFFC 240819
CLICSG


CLIMATE REPORT
NATIONAL WEATHER SERVICE PEACHTREE CITY GA
419 AM EDT FRI OCT 24 2014


...................................

...THE COLUMBUS CLIMATE SUMMARY FOR OCTOBER 23 2014...

CLIMATE NORMAL PERIOD 1981 TO 2010
CLIMATE RECORD PERIOD 1948 TO 2014


WEATHER ITEM   OBSERVED TIME   RECORD YEAR NORMAL DEPARTURE LAST
                VALUE   (LST)  VALUE       VALUE  FROM      YEAR
                                                  NORMAL
..................................................................
TEMPERATURE (F)
 YESTERDAY
  MAXIMUM         73    408 PM  90    1984  75     -2       71
  MINIMUM         46    718 AM  36    1987  53     -7       51
  AVERAGE         60                        64     -4       61

PRECIPITATION (IN)
  YESTERDAY        0.00          0.43 1972   0.07  -0.07     0.00
  MONTH TO DATE    4.26                      1.92   2.34     0.45
  SINCE SEP 1      8.37                      4.98   3.39     1.62
  SINCE JAN 1     44.55                     37.72   6.83    51.99

DEGREE DAYS
 HEATING
  YESTERDAY        5                         3      2        4
  MONTH TO DATE   26                        40    -14        9
  SINCE SEP 1     26                        43    -17        9
  SINCE JUL 1     26                        43    -17        9

 COOLING
  YESTERDAY        0                         3     -3        0
  MONTH TO DATE  112                       102     10      142
  SINCE SEP 1    498                       452     46      537
  SINCE JAN 1   2293                      2324    -31     2321
..................................................................


WIND (MPH)
  HIGHEST WIND SPEED    10   HIGHEST WIND DIRECTION     N (340)
  HIGHEST GUST SPEED    14   HIGHEST GUST DIRECTION     N (340)
  AVERAGE WIND SPEED     1.9


SKY COVER
  AVERAGE SKY COVER 0.0


WEATHER CONDITIONS
 THE FOLLOWING WEATHER WAS RECORDED YESTERDAY.
  NO SIGNIFICANT WEATHER WAS OBSERVED.


RELATIVE HUMIDITY (PERCENT)
 HIGHEST    86           400 AM
 LOWEST     29           500 PM
 AVERAGE    58

..........................................................


THE COLUMBUS CLIMATE NORMALS FOR TODAY
                         NORMAL    RECORD    YEAR
 MAXIMUM TEMPERATURE (F)   75        90      1984
 MINIMUM TEMPERATURE (F)   53        37      1974


SUNRISE AND SUNSET
OCTOBER 24 2014.......SUNRISE   750 AM EDT   SUNSET   657 PM EDT
OCTOBER 25 2014.......SUNRISE   751 AM EDT   SUNSET   656 PM EDT


-  INDICATES NEGATIVE NUMBERS.
R  INDICATES RECORD WAS SET OR TIED.
MM INDICATES DATA IS MISSING.
T  INDICATES TRACE AMOUNT.




$$
