841
CDUS42 KFFC 190023
CLICSG


CLIMATE REPORT
NATIONAL WEATHER SERVICE PEACHTREE CITY GA
823 PM EDT FRI AUG 18 2017


...................................

...THE COLUMBUS CLIMATE SUMMARY FOR AUGUST 18 2017...
VALID AS OF 0800 PM LOCAL TIME.

CLIMATE NORMAL PERIOD 1981 TO 2010
CLIMATE RECORD PERIOD 1948 TO 2017


WEATHER ITEM   OBSERVED TIME   RECORD YEAR NORMAL DEPARTURE LAST
                VALUE   (LST)  VALUE       VALUE  FROM      YEAR
                                                  NORMAL
..................................................................
TEMPERATURE (F)
 TODAY
  MAXIMUM         94    438 PM 104    2000  92      2       91
  MINIMUM         77    644 AM  62    1948  73      4       73
  AVERAGE         86                        82      4       82

PRECIPITATION (IN)
  TODAY            0.00          2.55 1939   0.12  -0.12     0.11
  MONTH TO DATE    2.81                      2.24   0.57     3.35
  SINCE JUN 1     11.37                     10.72   0.65     6.46
  SINCE JAN 1     36.94                     31.21   5.73    25.90

DEGREE DAYS
 COOLING
  TODAY           21                        17      4       17
  MONTH TO DATE  311                       310      1      327
  SINCE JUN 1   1319                      1300     19     1430
  SINCE JAN 1   1871                      1658    213     1816
..................................................................


WIND (MPH)
  HIGHEST WIND SPEED    17   HIGHEST WIND DIRECTION    NW (310)
  HIGHEST GUST SPEED    22   HIGHEST GUST DIRECTION    NW (310)
  AVERAGE WIND SPEED     6.8


SKY COVER
  AVERAGE SKY COVER 0.1


WEATHER CONDITIONS
 THE FOLLOWING WEATHER WAS RECORDED TODAY.
  NO SIGNIFICANT WEATHER WAS OBSERVED.


RELATIVE HUMIDITY (PERCENT)
 HIGHEST    85           200 AM
 LOWEST     44           200 PM

..........................................................


THE COLUMBUS CLIMATE NORMALS FOR TOMORROW
                         NORMAL    RECORD
 MAXIMUM TEMPERATURE (F)   91       101
 MINIMUM TEMPERATURE (F)   72        64


SUNRISE AND SUNSET
AUGUST 18 2017........SUNRISE   706 AM EDT   SUNSET   821 PM EDT
AUGUST 19 2017........SUNRISE   706 AM EDT   SUNSET   820 PM EDT


-  INDICATES NEGATIVE NUMBERS.
R  INDICATES RECORD WAS SET OR TIED.
MM INDICATES DATA IS MISSING.
T  INDICATES TRACE AMOUNT.




$$
