000
CDUS42 KFFC 190025
CLICSG


CLIMATE REPORT
NATIONAL WEATHER SERVICE PEACHTREE CITY GA
825 PM EDT FRI APR 18 2014


...................................

...THE COLUMBUS CLIMATE SUMMARY FOR APRIL 18 2014...
VALID AS OF 0800 PM LOCAL TIME.

CLIMATE NORMAL PERIOD 1981 TO 2010
CLIMATE RECORD PERIOD 1948 TO 2014


WEATHER ITEM   OBSERVED TIME   RECORD YEAR NORMAL DEPARTURE LAST
                VALUE   (LST)  VALUE       VALUE  FROM      YEAR
                                                  NORMAL
..................................................................
TEMPERATURE (F)
 TODAY
  MAXIMUM         60    214 AM  91    2002  77    -17       84
  MINIMUM         52    957 AM  37    1962  53     -1       61
                                      1956
  AVERAGE         56                        65     -9       73

PRECIPITATION (IN)
  TODAY            2.33          4.47 1969   0.11   2.22     0.00
  MONTH TO DATE    7.68                      2.26   5.42     2.17
  SINCE MAR 1     13.08                      7.72   5.36     5.51
  SINCE JAN 1     21.40                     16.01   5.39    21.20

SNOWFALL (IN)
  TODAY            0.0           0.0  2002   0.0    0.0      0.0
                                      2001
                                      2000
  MONTH TO DATE    0.0                       0.0    0.0      0.0
  SINCE MAR 1      0.0                       0.1   -0.1      0.0
  SINCE JUL 1      1.2                       0.4    0.8      0.0
  SNOW DEPTH       0

DEGREE DAYS
 HEATING
  TODAY            9                         3      6        0
  MONTH TO DATE   73                        71      2       46
  SINCE MAR 1    385                       317     68      396
  SINCE JUL 1   2328                      2094    234     1752

 COOLING
  TODAY            0                         3     -3        8
  MONTH TO DATE   25                        36    -11       59
  SINCE MAR 1     25                        59    -34       67
  SINCE JAN 1     28                        63    -35       92
..................................................................


WIND (MPH)
  HIGHEST WIND SPEED    18   HIGHEST WIND DIRECTION     E (80)
  HIGHEST GUST SPEED    28   HIGHEST GUST DIRECTION     E (80)
  AVERAGE WIND SPEED    10.6


SKY COVER
  AVERAGE SKY COVER 1.0


WEATHER CONDITIONS
 THE FOLLOWING WEATHER WAS RECORDED TODAY.
  HEAVY RAIN
  RAIN
  LIGHT RAIN
  FOG


RELATIVE HUMIDITY (PERCENT)
 HIGHEST    93           100 PM
 LOWEST     55          1200 AM

..........................................................


THE COLUMBUS CLIMATE NORMALS FOR TOMORROW
                         NORMAL    RECORD
 MAXIMUM TEMPERATURE (F)   78        91
 MINIMUM TEMPERATURE (F)   53        33


SUNRISE AND SUNSET
APRIL 18 2014.........SUNRISE   707 AM EDT   SUNSET   812 PM EDT
APRIL 19 2014.........SUNRISE   706 AM EDT   SUNSET   812 PM EDT


-  INDICATES NEGATIVE NUMBERS.
R  INDICATES RECORD WAS SET OR TIED.
MM INDICATES DATA IS MISSING.
T  INDICATES TRACE AMOUNT.




$$
