000
CDUS42 KFFC 050819
CLICSG


CLIMATE REPORT
NATIONAL WEATHER SERVICE PEACHTREE CITY GA
419 AM EDT SUN JUL 5 2015


...................................

...THE COLUMBUS CLIMATE SUMMARY FOR JULY 4 2015...

CLIMATE NORMAL PERIOD 1981 TO 2010
CLIMATE RECORD PERIOD 1948 TO 2015


WEATHER ITEM   OBSERVED TIME   RECORD YEAR NORMAL DEPARTURE LAST
                VALUE   (LST)  VALUE       VALUE  FROM      YEAR
                                                  NORMAL
..................................................................
TEMPERATURE (F)
 YESTERDAY
  MAXIMUM         84    146 PM  99    2006  92     -8       89
  MINIMUM         68    516 AM  64    1986  72     -4       66
  AVERAGE         76                        82     -6       78

PRECIPITATION (IN)
  YESTERDAY        0.38          3.50 1994   0.16   0.22     0.00
  MONTH TO DATE    1.13                      0.62   0.51     0.00
  SINCE JUN 1      5.20                      4.34   0.86     4.21
  SINCE JAN 1     24.68                     24.83  -0.15    30.00

DEGREE DAYS
 HEATING
  YESTERDAY        0                         0      0        0
  MONTH TO DATE    0                         0      0        0
  SINCE JUN 1      0                         0      0        0
  SINCE JUL 1      0                         0      0        0

 COOLING
  YESTERDAY       11                        17     -6       13
  MONTH TO DATE   53                        68    -15       69
  SINCE JUN 1    525                       514     11      528
  SINCE JAN 1    971                       872     99      864
..................................................................


WIND (MPH)
  HIGHEST WIND SPEED    26   HIGHEST WIND DIRECTION     W (290)
  HIGHEST GUST SPEED    37   HIGHEST GUST DIRECTION     W (270)
  AVERAGE WIND SPEED     4.9


SKY COVER
  AVERAGE SKY COVER 0.3


WEATHER CONDITIONS
 THE FOLLOWING WEATHER WAS RECORDED YESTERDAY.
  THUNDERSTORM
  HEAVY RAIN
  RAIN
  LIGHT RAIN
  FOG
  HAZE


RELATIVE HUMIDITY (PERCENT)
 HIGHEST    97           700 AM
 LOWEST     62          1200 PM
 AVERAGE    80

..........................................................


THE COLUMBUS CLIMATE NORMALS FOR TODAY
                         NORMAL    RECORD    YEAR
 MAXIMUM TEMPERATURE (F)   92       102      1979
 MINIMUM TEMPERATURE (F)   73        64      1952


SUNRISE AND SUNSET
JULY  5 2015..........SUNRISE   638 AM EDT   SUNSET   851 PM EDT
JULY  6 2015..........SUNRISE   638 AM EDT   SUNSET   851 PM EDT


-  INDICATES NEGATIVE NUMBERS.
R  INDICATES RECORD WAS SET OR TIED.
MM INDICATES DATA IS MISSING.
T  INDICATES TRACE AMOUNT.




$$
