000
CDUS42 KFFC 030918
CLICSG


CLIMATE REPORT
NATIONAL WEATHER SERVICE PEACHTREE CITY GA
417 AM EST SAT DEC 3 2016


...................................

...THE COLUMBUS CLIMATE SUMMARY FOR DECEMBER 2 2016...

CLIMATE NORMAL PERIOD 1981 TO 2010
CLIMATE RECORD PERIOD 1948 TO 2016


WEATHER ITEM   OBSERVED TIME   RECORD YEAR NORMAL DEPARTURE LAST
                VALUE   (LST)  VALUE       VALUE  FROM      YEAR
                                                  NORMAL
..................................................................
TEMPERATURE (F)
 YESTERDAY
  MAXIMUM         63    354 PM  80    1908  63      0       66
  MINIMUM         37    802 AM  24    1960  42     -5       51
  AVERAGE         50                        52     -2       59

PRECIPITATION (IN)
  YESTERDAY        0.00          3.63 2009   0.16  -0.16     0.14
  MONTH TO DATE    0.00                      0.31  -0.31     0.14
  SINCE DEC 1      0.00                      0.31  -0.31     0.14
  SINCE JAN 1     30.77                     42.79 -12.02    45.86

SNOWFALL (IN)
  YESTERDAY        0.0           0.0  2001   0.0    0.0      0.0
  MONTH TO DATE    0.0                       0.0    0.0      0.0
  SINCE DEC 1      0.0                       0.0    0.0      0.0
  SINCE JUL 1      0.0                       0.0    0.0      0.0
  SNOW DEPTH       0

DEGREE DAYS
 HEATING
  YESTERDAY       15                        13      2        6
  MONTH TO DATE   29                        26      3        6
  SINCE DEC 1     29                        26      3        6
  SINCE JUL 1    216                       358   -142      202

 COOLING
  YESTERDAY        0                         0      0        0
  MONTH TO DATE    0                         0      0        1
  SINCE DEC 1      0                         0      0        1
  SINCE JAN 1   2755                      2364    391     2490
..................................................................


WIND (MPH)
  HIGHEST WIND SPEED    15   HIGHEST WIND DIRECTION     N (350)
  HIGHEST GUST SPEED    21   HIGHEST GUST DIRECTION    NE (30)
  AVERAGE WIND SPEED     3.5


SKY COVER
  AVERAGE SKY COVER 0.0


WEATHER CONDITIONS
 THE FOLLOWING WEATHER WAS RECORDED YESTERDAY.
  NO SIGNIFICANT WEATHER WAS OBSERVED.


RELATIVE HUMIDITY (PERCENT)
 HIGHEST    82           500 AM
 LOWEST     25           200 PM
 AVERAGE    54

..........................................................


THE COLUMBUS CLIMATE NORMALS FOR TODAY
                         NORMAL    RECORD    YEAR
 MAXIMUM TEMPERATURE (F)   63        79      1982
                                             1922
 MINIMUM TEMPERATURE (F)   41        19      1960


SUNRISE AND SUNSET
DECEMBER  3 2016......SUNRISE   726 AM EST   SUNSET   534 PM EST
DECEMBER  4 2016......SUNRISE   726 AM EST   SUNSET   534 PM EST


-  INDICATES NEGATIVE NUMBERS.
R  INDICATES RECORD WAS SET OR TIED.
MM INDICATES DATA IS MISSING.
T  INDICATES TRACE AMOUNT.




$$
