000
CDUS42 KFFC 250935
CLICSG


CLIMATE REPORT
NATIONAL WEATHER SERVICE PEACHTREE CITY GA
435 AM EST THU DEC 25 2014


...................................

...THE COLUMBUS CLIMATE SUMMARY FOR DECEMBER 24 2014...

CLIMATE NORMAL PERIOD 1981 TO 2010
CLIMATE RECORD PERIOD 1948 TO 2014


WEATHER ITEM   OBSERVED TIME   RECORD YEAR NORMAL DEPARTURE LAST
                VALUE   (LST)  VALUE       VALUE  FROM      YEAR
                                                  NORMAL
..................................................................
TEMPERATURE (F)
 YESTERDAY
  MAXIMUM         66    138 PM  79    1984  58      8       49
  MINIMUM         49   1159 PM   9    1989  38     11       32
  AVERAGE         58                        48     10       41

PRECIPITATION (IN)
  YESTERDAY        1.51          1.84 1997   0.14   1.37     0.00
  MONTH TO DATE    3.55                      3.39   0.16     6.55
  SINCE DEC 1      3.55                      3.39   0.16     6.55
  SINCE JAN 1     51.06                     45.87   5.19    60.33

SNOWFALL (IN)
  YESTERDAY       MM             0.0  2001   0.0   MM        0.0
  MONTH TO DATE    0.0                       0.1   -0.1      0.0
  SINCE DEC 1      0.0                       0.1   -0.1      0.0
  SINCE JUL 1      0.0                       0.1   -0.1      0.0
  SNOW DEPTH       0

DEGREE DAYS
 HEATING
  YESTERDAY        7                        18    -11       24
  MONTH TO DATE  301                       370    -69      283
  SINCE DEC 1    301                       370    -69      283
  SINCE JUL 1    769                       702     67      631

 COOLING
  YESTERDAY        0                         0      0        0
  MONTH TO DATE    1                         0      1       17
  SINCE DEC 1      1                         0      1       17
  SINCE JAN 1   2314                      2364    -50     2364
..................................................................


WIND (MPH)
  HIGHEST WIND SPEED    21   HIGHEST WIND DIRECTION     W (290)
  HIGHEST GUST SPEED    28   HIGHEST GUST DIRECTION     W (290)
  AVERAGE WIND SPEED     8.7


SKY COVER
  AVERAGE SKY COVER 0.7


WEATHER CONDITIONS
 THE FOLLOWING WEATHER WAS RECORDED YESTERDAY.
  THUNDERSTORM
  RAIN
  LIGHT RAIN
  FOG


RELATIVE HUMIDITY (PERCENT)
 HIGHEST   100           200 AM
 LOWEST     71           800 PM
 AVERAGE    86

..........................................................


THE COLUMBUS CLIMATE NORMALS FOR TODAY
                         NORMAL    RECORD    YEAR
 MAXIMUM TEMPERATURE (F)   57        76      1982
 MINIMUM TEMPERATURE (F)   37         8      1983


SUNRISE AND SUNSET
DECEMBER 25 2014......SUNRISE   739 AM EST   SUNSET   540 PM EST
DECEMBER 26 2014......SUNRISE   740 AM EST   SUNSET   541 PM EST


-  INDICATES NEGATIVE NUMBERS.
R  INDICATES RECORD WAS SET OR TIED.
MM INDICATES DATA IS MISSING.
T  INDICATES TRACE AMOUNT.




$$
