658
CDUS42 KFFC 270817
CLICSG


CLIMATE REPORT
NATIONAL WEATHER SERVICE PEACHTREE CITY GA
417 AM EDT THU APR 27 2017


...................................

...THE COLUMBUS CLIMATE SUMMARY FOR APRIL 26 2017...

CLIMATE NORMAL PERIOD 1981 TO 2010
CLIMATE RECORD PERIOD 1948 TO 2017


WEATHER ITEM   OBSERVED TIME   RECORD YEAR NORMAL DEPARTURE LAST
                VALUE   (LST)  VALUE       VALUE  FROM      YEAR
                                                  NORMAL
..................................................................
TEMPERATURE (F)
 YESTERDAY
  MAXIMUM         84    346 PM  91    1986  79      5       83
  MINIMUM         56    606 AM  34    1910  55      1       61
  AVERAGE         70                        67      3       72

PRECIPITATION (IN)
  YESTERDAY        0.00          3.58 1908   0.11  -0.11     0.00
  MONTH TO DATE    2.37                      3.12  -0.75     6.38
  SINCE MAR 1      3.90                      8.58  -4.68     8.94
  SINCE JAN 1     18.16                     16.87   1.29    16.37

DEGREE DAYS
 HEATING
  YESTERDAY        0                         1     -1        0
  MONTH TO DATE   23                        86    -63       69
  SINCE MAR 1    226                       332   -106      214
  SINCE JUL 1   1356                      2109   -753     1604

 COOLING
  YESTERDAY        5                         4      1        7
  MONTH TO DATE  133                        62     71       41
  SINCE MAR 1    203                        85    118       98
  SINCE JAN 1    220                        89    131      100
..................................................................


WIND (MPH)
  HIGHEST WIND SPEED    16   HIGHEST WIND DIRECTION     S (170)
  HIGHEST GUST SPEED    22   HIGHEST GUST DIRECTION     S (180)
  AVERAGE WIND SPEED     5.8


SKY COVER
  AVERAGE SKY COVER 0.1


WEATHER CONDITIONS
 THE FOLLOWING WEATHER WAS RECORDED YESTERDAY.
  NO SIGNIFICANT WEATHER WAS OBSERVED.


RELATIVE HUMIDITY (PERCENT)
 HIGHEST    86           500 AM
 LOWEST     40           400 PM
 AVERAGE    63

..........................................................


THE COLUMBUS CLIMATE NORMALS FOR TODAY
                         NORMAL    RECORD    YEAR
 MAXIMUM TEMPERATURE (F)   79        93      1986
 MINIMUM TEMPERATURE (F)   56        39      1910


SUNRISE AND SUNSET
APRIL 27 2017.........SUNRISE   657 AM EDT   SUNSET   818 PM EDT
APRIL 28 2017.........SUNRISE   656 AM EDT   SUNSET   819 PM EDT


-  INDICATES NEGATIVE NUMBERS.
R  INDICATES RECORD WAS SET OR TIED.
MM INDICATES DATA IS MISSING.
T  INDICATES TRACE AMOUNT.




$$
