000
CDUS44 KOHX 011319
CLICSV

CLIMATE REPORT
NATIONAL WEATHER SERVICE NASHVILLE TN
818 AM CDT MON JUN 1 2015


......................................

UPDATED FOR MORNING CLIMATE AT BOTTOM

......................................


...THE CROSSVILLE CLIMATE SUMMARY FOR MAY 31 2015...

CLIMATE NORMAL PERIOD 1981 TO 2010
CLIMATE RECORD PERIOD 1954 TO 2015


WEATHER ITEM   OBSERVED TIME   RECORD YEAR NORMAL DEPARTURE
                VALUE   (LST)  VALUE       VALUE  FROM
                                                  NORMAL
...............................................................
TEMPERATURE (F)
 YESTERDAY
  MAXIMUM         80    156 PM  89    1991  78      2
  MINIMUM         64    520 AM  38    1984  57      7
  AVERAGE         72                        67      5

PRECIPITATION (IN)
  YESTERDAY        0.01          1.75 1997   0.18  -0.17
  MONTH TO DATE    1.90                      5.36  -3.46
  SINCE MAR 1     13.71                     15.16  -1.45
  SINCE JAN 1     21.14                     24.38  -3.24

DEGREE DAYS
 HEATING
  YESTERDAY        0                               -1
  MONTH TO DATE   48                              -61
  SINCE MAR 1    737                             -218
  SINCE JUL 1   4155                              -96

 COOLING
  YESTERDAY        7                                3
  MONTH TO DATE  124                               58
  SINCE MAR 1    137                               54
  SINCE JAN 1    137                               54
...............................................................


WIND (MPH)
  HIGHEST WIND SPEED    15   HIGHEST WIND DIRECTION     S (170)
  HIGHEST GUST SPEED    22   HIGHEST GUST DIRECTION     S (160)
  AVERAGE WIND SPEED     3.7




RELATIVE HUMIDITY (PERCENT)
 HIGHEST    93
 LOWEST     49
 AVERAGE    71

..........................................................


THE CROSSVILLE CLIMATE NORMALS FOR TODAY
                         NORMAL    RECORD    YEAR
 MAXIMUM TEMPERATURE (F)   78        87      2011
                                             2000
 MINIMUM TEMPERATURE (F)   57        34      1966


SUNRISE AND SUNSET
JUNE  1 2015..........SUNRISE   525 AM CDT   SUNSET   751 PM CDT
JUNE  2 2015..........SUNRISE   525 AM CDT   SUNSET   752 PM CDT


-  INDICATES NEGATIVE NUMBERS.
R  INDICATES RECORD WAS SET OR TIED.
MM INDICATES DATA IS MISSING.
T  INDICATES TRACE AMOUNT.

&&

THE LOW TEMPERATURE SINCE MIDNIGHT HAS BEEN 65 DEGREES.
0.24 INCHES OF RAIN HAVE FALLEN SINCE MIDNIGHT.

$$
