000
CDUS44 KOHX 090612
CLICSV


CLIMATE REPORT
NATIONAL WEATHER SERVICE NASHVILLE TN
111 AM CDT WED JUL 9 2014


...................................

...THE CROSSVILLE CLIMATE SUMMARY FOR JULY 8 2014...

CLIMATE NORMAL PERIOD 1981 TO 2010
CLIMATE RECORD PERIOD 1954 TO 2014


WEATHER ITEM   OBSERVED TIME   RECORD YEAR NORMAL DEPARTURE
                VALUE   (LST)  VALUE       VALUE  FROM
                                                  NORMAL
...............................................................
TEMPERATURE (F)
 YESTERDAY
  MAXIMUM         83    152 PM  97    1993  84     -1
  MINIMUM         71    300 AM  52    1972  65      6
  AVERAGE         77                        75      2

PRECIPITATION (IN)
  YESTERDAY        0.23          2.10 1964   0.16   0.07
  MONTH TO DATE    0.23                      1.29  -1.06
  SINCE JUN 1      4.56                      5.89  -1.33
  SINCE JAN 1     22.47                     30.27  -7.80

DEGREE DAYS
 HEATING
  YESTERDAY        0                                0
  MONTH TO DATE    0                                0
  SINCE JUN 1      0                              -14
  SINCE JUL 1      0                                0

 COOLING
  YESTERDAY       12                                2
  MONTH TO DATE   61                              -13
  SINCE JUN 1    289                               20
  SINCE JAN 1    407                               55
...............................................................


WIND (MPH)
  HIGHEST WIND SPEED    15   HIGHEST WIND DIRECTION     W (250)
  HIGHEST GUST SPEED    30   HIGHEST GUST DIRECTION     W (280)
  AVERAGE WIND SPEED     8.0


SKY COVER
  POSSIBLE SUNSHINE  MM
  AVERAGE SKY COVER 0.3


WEATHER CONDITIONS
 THE FOLLOWING WEATHER WAS RECORDED YESTERDAY.
  THUNDERSTORM
  HEAVY RAIN
  LIGHT RAIN
  HAZE


RELATIVE HUMIDITY (PERCENT)
 HIGHEST    84           900 PM
 LOWEST     62           500 PM
 AVERAGE    73

..........................................................


THE CROSSVILLE CLIMATE NORMALS FOR TODAY
                         NORMAL    RECORD    YEAR
 MAXIMUM TEMPERATURE (F)   84        98      1988
 MINIMUM TEMPERATURE (F)   65        53      1961


SUNRISE AND SUNSET
JULY  9 2014..........SUNRISE   532 AM CDT   SUNSET   759 PM CDT
JULY 10 2014..........SUNRISE   532 AM CDT   SUNSET   759 PM CDT


-  INDICATES NEGATIVE NUMBERS.
R  INDICATES RECORD WAS SET OR TIED.
MM INDICATES DATA IS MISSING.
T  INDICATES TRACE AMOUNT.




$$
