000
CDUS45 KTFX 260751
CLICTB


CLIMATE REPORT
NATIONAL WEATHER SERVICE GREAT FALLS MT
151 AM MDT THU MAY 26 2016


...................................

...THE CUT BANK MT CLIMATE SUMMARY FOR MAY 25 2016...

CLIMATE NORMAL PERIOD 1981 TO 2010
CLIMATE RECORD PERIOD 1903 TO 2016


WEATHER ITEM   OBSERVED TIME   RECORD YEAR NORMAL DEPARTURE LAST
                VALUE   (LST)  VALUE       VALUE  FROM      YEAR
                                                  NORMAL
..................................................................
TEMPERATURE (F)
 YESTERDAY
  MAXIMUM         68    229 PM  90    1928  65      3       72
  MINIMUM         36    527 AM  25    1904  40     -4       36
  AVERAGE         52                        53     -1       54

PRECIPITATION (IN)
  YESTERDAY        0.00          1.54 1997   0.08  -0.08     0.02
  MONTH TO DATE    1.96                      1.42   0.54     1.23
  SINCE OCT 1      6.54                      4.13   2.41     5.11
  SINCE JAN 1      4.62                      3.11   1.51     2.58

SNOWFALL (IN)
  YESTERDAY       MM
  SNOW DEPTH       0

DEGREE DAYS
 HEATING
  YESTERDAY       13                        13      0       11
  MONTH TO DATE  401                       400      1      447
  SINCE MAR 1   1816                      2160   -344     1923
  SINCE JUL 1   7281                      8220   -939     7585

 COOLING
  YESTERDAY        0                         0      0        0
  MONTH TO DATE    0                         0      0        0
  SINCE MAR 1      0                         0      0        0
  SINCE JAN 1      0                         0      0        0
..................................................................


WIND (MPH)
  HIGHEST WIND SPEED    24   HIGHEST WIND DIRECTION     N (360)
  HIGHEST GUST SPEED    28   HIGHEST GUST DIRECTION     N (340)
  AVERAGE WIND SPEED     8.5


SKY COVER
  AVERAGE SKY COVER 0.3


WEATHER CONDITIONS
 THE FOLLOWING WEATHER WAS RECORDED YESTERDAY.
  NO SIGNIFICANT WEATHER WAS OBSERVED.


RELATIVE HUMIDITY (PERCENT)
 HIGHEST    92           100 AM
 LOWEST     34           400 PM
 AVERAGE    63

..........................................................


THE CUT BANK MT CLIMATE NORMALS FOR TODAY
                         NORMAL    RECORD    YEAR
 MAXIMUM TEMPERATURE (F)   65        88      1928
 MINIMUM TEMPERATURE (F)   41        17      1918


SUNRISE AND SUNSET
MAY 26 2016...........SUNRISE   536 AM MDT   SUNSET   918 PM MDT
MAY 27 2016...........SUNRISE   535 AM MDT   SUNSET   919 PM MDT


-  INDICATES NEGATIVE NUMBERS.
R  INDICATES RECORD WAS SET OR TIED.
MM INDICATES DATA IS MISSING.
T  INDICATES TRACE AMOUNT.




$$
