000
CDUS45 KTFX 300839
CLICTB


CLIMATE REPORT
NATIONAL WEATHER SERVICE GREAT FALLS MT
238 AM MDT SUN APR 30 2017


...................................

...THE CUT BANK MT CLIMATE SUMMARY FOR APRIL 29 2017...

CLIMATE NORMAL PERIOD 1981 TO 2010
CLIMATE RECORD PERIOD 1903 TO 2017


WEATHER ITEM   OBSERVED TIME   RECORD YEAR NORMAL DEPARTURE LAST
                VALUE   (LST)  VALUE       VALUE  FROM      YEAR
                                                  NORMAL
..................................................................
TEMPERATURE (F)
 YESTERDAY
  MAXIMUM         56    332 PM  84    1939  58     -2       50
  MINIMUM         31    423 AM  10    1954  32     -1       35
  AVERAGE         44                        45     -1       43

PRECIPITATION (IN)
  YESTERDAY        0.00          1.12 1922   0.03  -0.03     0.00
  MONTH TO DATE    2.16                      0.74   1.42     1.91
  SINCE OCT 1      5.47                      2.67   2.80     4.58
  SINCE JAN 1      4.04                      1.65   2.39     2.66

SNOWFALL (IN)
  YESTERDAY       MM
  SNOW DEPTH       0

DEGREE DAYS
 HEATING
  YESTERDAY       21                        20      1       22
  MONTH TO DATE  669                       700    -31      549
  SINCE MAR 1   1690                      1738    -48     1393
  SINCE JUL 1   8041                      7798    243     6858

 COOLING
  YESTERDAY        0                         0      0        0
  MONTH TO DATE    0                         0      0        0
  SINCE MAR 1      0                         0      0        0
  SINCE JAN 1      0                         0      0        0
..................................................................


WIND (MPH)
  HIGHEST WIND SPEED    26   HIGHEST WIND DIRECTION     W (250)
  HIGHEST GUST SPEED    32   HIGHEST GUST DIRECTION     W (250)
  AVERAGE WIND SPEED    11.4


SKY COVER
  AVERAGE SKY COVER 0.3


WEATHER CONDITIONS
 THE FOLLOWING WEATHER WAS RECORDED YESTERDAY.
  NO SIGNIFICANT WEATHER WAS OBSERVED.


RELATIVE HUMIDITY (PERCENT)
 HIGHEST    92           300 AM
 LOWEST     28           200 PM
 AVERAGE    60

..........................................................


THE CUT BANK MT CLIMATE NORMALS FOR TODAY
                         NORMAL    RECORD    YEAR
 MAXIMUM TEMPERATURE (F)   58        82      1968
 MINIMUM TEMPERATURE (F)   33        13      1909


SUNRISE AND SUNSET
APRIL 30 2017.........SUNRISE   611 AM MDT   SUNSET   843 PM MDT
MAY  1 2017...........SUNRISE   609 AM MDT   SUNSET   845 PM MDT


-  INDICATES NEGATIVE NUMBERS.
R  INDICATES RECORD WAS SET OR TIED.
MM INDICATES DATA IS MISSING.
T  INDICATES TRACE AMOUNT.




$$
