000
CDUS45 KTFX 260817
CLICTB


CLIMATE REPORT
NATIONAL WEATHER SERVICE GREAT FALLS MT
216 AM MDT MON JUN 26 2017


...................................

...THE CUT BANK MT CLIMATE SUMMARY FOR JUNE 25 2017...

CLIMATE NORMAL PERIOD 1981 TO 2010
CLIMATE RECORD PERIOD 1903 TO 2017


WEATHER ITEM   OBSERVED TIME   RECORD YEAR NORMAL DEPARTURE LAST
                VALUE   (LST)  VALUE       VALUE  FROM      YEAR
                                                  NORMAL
..................................................................
TEMPERATURE (F)
 YESTERDAY
  MAXIMUM         80    501 PM  95    1962  73      7       70
  MINIMUM         45    526 AM  35    1920  47     -2       44
  AVERAGE         63                        60      3       57

PRECIPITATION (IN)
  YESTERDAY        0.00          1.07 1969   0.07  -0.07     0.02
  MONTH TO DATE    2.47                      2.23   0.24     0.77
  SINCE OCT 1      8.92                      6.89   2.03     7.54
  SINCE JAN 1      7.49                      5.87   1.62     5.62

SNOWFALL (IN)
  YESTERDAY       MM
  SNOW DEPTH       0

DEGREE DAYS
 HEATING
  YESTERDAY        2                         6     -4        8
  MONTH TO DATE  162                       206    -44      153
  SINCE JUN 1    162                       206    -44      153
  SINCE JUL 1   8598                      8494    104     7516

 COOLING
  YESTERDAY        0                         1     -1        0
  MONTH TO DATE    5                         9     -4       12
  SINCE JUN 1      5                         9     -4       12
  SINCE JAN 1      7                        11     -4       12
..................................................................


WIND (MPH)
  HIGHEST WIND SPEED    18   HIGHEST WIND DIRECTION    SE (140)
  HIGHEST GUST SPEED    22   HIGHEST GUST DIRECTION    SE (150)
  AVERAGE WIND SPEED     7.1


SKY COVER
  AVERAGE SKY COVER 0.0


WEATHER CONDITIONS
 THE FOLLOWING WEATHER WAS RECORDED YESTERDAY.
  NO SIGNIFICANT WEATHER WAS OBSERVED.


RELATIVE HUMIDITY (PERCENT)
 HIGHEST    86           600 AM
 LOWEST     25           300 PM
 AVERAGE    56

..........................................................


THE CUT BANK MT CLIMATE NORMALS FOR TODAY
                         NORMAL    RECORD    YEAR
 MAXIMUM TEMPERATURE (F)   74        94      1919
 MINIMUM TEMPERATURE (F)   47        31      1951


SUNRISE AND SUNSET
JUNE 26 2017..........SUNRISE   529 AM MDT   SUNSET   936 PM MDT
JUNE 27 2017..........SUNRISE   529 AM MDT   SUNSET   936 PM MDT


-  INDICATES NEGATIVE NUMBERS.
R  INDICATES RECORD WAS SET OR TIED.
MM INDICATES DATA IS MISSING.
T  INDICATES TRACE AMOUNT.




$$
