866
CDUS45 KTFX 220841
CLICTB


CLIMATE REPORT
NATIONAL WEATHER SERVICE GREAT FALLS MT
140 AM MST THU FEB 22 2018


...................................

...THE CUT BANK MT CLIMATE SUMMARY FOR FEBRUARY 21 2018...

CLIMATE NORMAL PERIOD 1981 TO 2010
CLIMATE RECORD PERIOD 1903 TO 2018


WEATHER ITEM   OBSERVED TIME   RECORD YEAR NORMAL DEPARTURE LAST
                VALUE   (LST)  VALUE       VALUE  FROM      YEAR
                                                  NORMAL
..................................................................
TEMPERATURE (F)
 YESTERDAY
  MAXIMUM         13    518 PM  57    1996  36    -23       38
  MINIMUM        -15    724 AM -27    1918  14    -29       29
  AVERAGE         -1                        25    -26       34

PRECIPITATION (IN)
  YESTERDAY        0.00          0.15 1914   0.01  -0.01     0.15
                                      1914
                                      2017
  MONTH TO DATE    T                         0.15  -0.15     0.76
  SINCE OCT 1      2.21                      1.37   0.84     2.79
  SINCE JAN 1      0.10                      0.35  -0.25     1.36

SNOWFALL (IN)
  YESTERDAY       MM
  SNOW DEPTH       8

DEGREE DAYS
 HEATING
  YESTERDAY       66                        40     26       31
  MONTH TO DATE 1239                       868    371      919
  SINCE DEC 1   3962                      3523    439     4048
  SINCE JUL 1   6186                      5786    400     6026

 COOLING
  YESTERDAY        0                         0      0        0
  MONTH TO DATE    0                         0      0        0
  SINCE DEC 1      0                         0      0        0
  SINCE JAN 1      0                         0      0        0
..................................................................


WIND (MPH)
  HIGHEST WIND SPEED    29   HIGHEST WIND DIRECTION     W (260)
  HIGHEST GUST SPEED    33   HIGHEST GUST DIRECTION     W (250)
  AVERAGE WIND SPEED    11.9


SKY COVER
  AVERAGE SKY COVER 0.0


WEATHER CONDITIONS
 THE FOLLOWING WEATHER WAS RECORDED YESTERDAY.
  HAZE


RELATIVE HUMIDITY (PERCENT)
 HIGHEST    86           700 AM
 LOWEST     63           800 PM
 AVERAGE    75

..........................................................


THE CUT BANK MT CLIMATE NORMALS FOR TODAY
                         NORMAL    RECORD    YEAR
 MAXIMUM TEMPERATURE (F)   36        59      1973
 MINIMUM TEMPERATURE (F)   14       -45      1910


SUNRISE AND SUNSET
FEBRUARY 22 2018......SUNRISE   724 AM MST   SUNSET   602 PM MST
FEBRUARY 23 2018......SUNRISE   722 AM MST   SUNSET   604 PM MST


-  INDICATES NEGATIVE NUMBERS.
R  INDICATES RECORD WAS SET OR TIED.
MM INDICATES DATA IS MISSING.
T  INDICATES TRACE AMOUNT.




$$
