000
CDUS45 KTFX 301227
CLICTB


CLIMATE REPORT
NATIONAL WEATHER SERVICE GREAT FALLS MT
624 AM MDT SAT MAY 30 2015


...................................

...THE CUT BANK MT CLIMATE SUMMARY FOR MAY 29 2015...

CLIMATE NORMAL PERIOD 1981 TO 2010
CLIMATE RECORD PERIOD 1903 TO 2015


WEATHER ITEM   OBSERVED TIME   RECORD YEAR NORMAL DEPARTURE LAST
                VALUE   (LST)  VALUE       VALUE  FROM      YEAR
                                                  NORMAL
..................................................................
TEMPERATURE (F)
 YESTERDAY
  MAXIMUM         62    425 PM  90    1936  66     -4       61
  MINIMUM         34    506 AM  23    1951  41     -7       41
  AVERAGE         48                        54     -6       51

PRECIPITATION (IN)
  YESTERDAY        0.00          0.80 1953   0.09  -0.09     0.00
  MONTH TO DATE    1.52                      1.77  -0.25     0.98
  SINCE OCT 1      5.40                      4.48   0.92     5.68
  SINCE JAN 1      2.87                      3.46  -0.59     4.48

SNOWFALL (IN)
  YESTERDAY       MM
  SNOW DEPTH       0

DEGREE DAYS
 HEATING
  YESTERDAY       17                        11      6       14
  MONTH TO DATE  499                       447     52      438
  SINCE MAR 1   1975                      2207   -232     2367
  SINCE JUL 1   7637                      8267   -630     8573

 COOLING
  YESTERDAY        0                         0      0        0
  MONTH TO DATE    0                         0      0        0
  SINCE MAR 1      0                         0      0        0
  SINCE JAN 1      0                         0      0        0
..................................................................


WIND (MPH)
  HIGHEST WIND SPEED    18   HIGHEST WIND DIRECTION    SE (130)
  HIGHEST GUST SPEED    25   HIGHEST GUST DIRECTION    SE (140)
  AVERAGE WIND SPEED    10.8


SKY COVER
  AVERAGE SKY COVER 0.6


WEATHER CONDITIONS
 THE FOLLOWING WEATHER WAS RECORDED YESTERDAY.
  FOG
  FOG W/VISIBILITY <= 1/4 MILE


RELATIVE HUMIDITY (PERCENT)
 HIGHEST   100           300 AM
 LOWEST     60           400 PM
 AVERAGE    80

..........................................................


THE CUT BANK MT CLIMATE NORMALS FOR TODAY
                         NORMAL    RECORD    YEAR
 MAXIMUM TEMPERATURE (F)   66        89      1986
 MINIMUM TEMPERATURE (F)   42        25      1924


SUNRISE AND SUNSET
MAY 30 2015...........SUNRISE   533 AM MDT   SUNSET   922 PM MDT
MAY 31 2015...........SUNRISE   532 AM MDT   SUNSET   923 PM MDT


-  INDICATES NEGATIVE NUMBERS.
R  INDICATES RECORD WAS SET OR TIED.
MM INDICATES DATA IS MISSING.
T  INDICATES TRACE AMOUNT.




$$
