000
CDUS45 KTFX 010901
CLICTB


CLIMATE REPORT
NATIONAL WEATHER SERVICE GREAT FALLS MT
159 AM MST SUN FEB 1 2015


...................................

...THE CUT BANK MT CLIMATE SUMMARY FOR JANUARY 31 2015...

CLIMATE NORMAL PERIOD 1981 TO 2010
CLIMATE RECORD PERIOD 1903 TO 2015


WEATHER ITEM   OBSERVED TIME   RECORD YEAR NORMAL DEPARTURE LAST
                VALUE   (LST)  VALUE       VALUE  FROM      YEAR
                                                  NORMAL
..................................................................
TEMPERATURE (F)
 YESTERDAY
  MAXIMUM         29   1200 AM  67    1962  34     -5       18
  MINIMUM         -2   1140 PM -46    1918  12    -14      -14
  AVERAGE         14                        23     -9        2

PRECIPITATION (IN)
  YESTERDAY        T             0.50 1989   0.01  -0.01      T
  MONTH TO DATE    0.64                      0.20   0.44     0.82
  SINCE OCT 1      3.17                      1.22   1.95     2.02
  SINCE JAN 1      0.64                      0.20   0.44     0.82

SNOWFALL (IN)
  YESTERDAY       MM
  SNOW DEPTH       0

DEGREE DAYS
 HEATING
  YESTERDAY       51                        42      9       63
  MONTH TO DATE 1238                      1327    -89     1179
  SINCE DEC 1   2513                      2655   -142     2619
  SINCE JUL 1   4611                      4918   -307     4708

 COOLING
  YESTERDAY        0                         0      0        0
  MONTH TO DATE    0                         0      0        0
  SINCE DEC 1      0                         0      0        0
  SINCE JAN 1      0                         0      0        0
..................................................................


WIND (MPH)
  HIGHEST WIND SPEED    32   HIGHEST WIND DIRECTION     N (360)
  HIGHEST GUST SPEED    38   HIGHEST GUST DIRECTION     N (350)
  AVERAGE WIND SPEED    15.6


SKY COVER
  AVERAGE SKY COVER 0.8


WEATHER CONDITIONS
 THE FOLLOWING WEATHER WAS RECORDED YESTERDAY.
  LIGHT SNOW
  FOG
  HAZE


RELATIVE HUMIDITY (PERCENT)
 HIGHEST   100           500 AM
 LOWEST     69          1200 AM
 AVERAGE    85

..........................................................


THE CUT BANK MT CLIMATE NORMALS FOR TODAY
                         NORMAL    RECORD    YEAR
 MAXIMUM TEMPERATURE (F)   34        62      1992
 MINIMUM TEMPERATURE (F)   12       -34      1989


SUNRISE AND SUNSET
FEBRUARY  1 2015......SUNRISE   759 AM MST   SUNSET   528 PM MST
FEBRUARY  2 2015......SUNRISE   758 AM MST   SUNSET   529 PM MST


-  INDICATES NEGATIVE NUMBERS.
R  INDICATES RECORD WAS SET OR TIED.
MM INDICATES DATA IS MISSING.
T  INDICATES TRACE AMOUNT.




$$
