000
CDUS45 KTFX 041027
CLICTB


CLIMATE REPORT
NATIONAL WEATHER SERVICE GREAT FALLS MT
425 AM MDT SAT JUL 4 2015


...................................

...THE CUT BANK MT CLIMATE SUMMARY FOR JULY 3 2015...

CLIMATE NORMAL PERIOD 1981 TO 2010
CLIMATE RECORD PERIOD 1903 TO 2015


WEATHER ITEM   OBSERVED TIME   RECORD YEAR NORMAL DEPARTURE LAST
                VALUE   (LST)  VALUE       VALUE  FROM      YEAR
                                                  NORMAL
..................................................................
TEMPERATURE (F)
 YESTERDAY
  MAXIMUM         92    538 PM  94    1922  76     16       87
  MINIMUM         55    424 AM  34    1979  48      7       52
  AVERAGE         74                        62     12       70

PRECIPITATION (IN)
  YESTERDAY        0.00          1.31 1956   0.06  -0.06     0.00
  MONTH TO DATE    0.03                      0.17  -0.14     0.00
  SINCE OCT 1      6.76                      7.38  -0.62    11.93
  SINCE JAN 1      4.23                      6.36  -2.13    10.73

SNOWFALL (IN)
  YESTERDAY       MM
  SNOW DEPTH       0

DEGREE DAYS
 HEATING
  YESTERDAY        0                         4     -4        0
  MONTH TO DATE    0                        14    -14        3
  SINCE JUN 1    130                       247   -117      276
  SINCE JUL 1      0                        14    -14        3

 COOLING
  YESTERDAY        9                         1      8        5
  MONTH TO DATE   13                         3     10        6
  SINCE JUN 1     73                        18     55        7
  SINCE JAN 1     73                        20     53        7
..................................................................


WIND (MPH)
  HIGHEST WIND SPEED    18   HIGHEST WIND DIRECTION     W (260)
  HIGHEST GUST SPEED    23   HIGHEST GUST DIRECTION     W (260)
  AVERAGE WIND SPEED     6.4


SKY COVER
  AVERAGE SKY COVER 0.0


WEATHER CONDITIONS
 THE FOLLOWING WEATHER WAS RECORDED YESTERDAY.
  NO SIGNIFICANT WEATHER WAS OBSERVED.


RELATIVE HUMIDITY (PERCENT)
 HIGHEST    72           500 AM
 LOWEST     14           300 PM
 AVERAGE    43

..........................................................


THE CUT BANK MT CLIMATE NORMALS FOR TODAY
                         NORMAL    RECORD    YEAR
 MAXIMUM TEMPERATURE (F)   76        96      1937
 MINIMUM TEMPERATURE (F)   48        35      1990


SUNRISE AND SUNSET
JULY  4 2015..........SUNRISE   533 AM MDT   SUNSET   934 PM MDT
JULY  5 2015..........SUNRISE   534 AM MDT   SUNSET   934 PM MDT


-  INDICATES NEGATIVE NUMBERS.
R  INDICATES RECORD WAS SET OR TIED.
MM INDICATES DATA IS MISSING.
T  INDICATES TRACE AMOUNT.




$$
