000
CDUS45 KTFX 090806
CLICTB


CLIMATE REPORT
NATIONAL WEATHER SERVICE GREAT FALLS MT
106 AM MST TUE FEB 9 2016


...................................

...THE CUT BANK MT CLIMATE SUMMARY FOR FEBRUARY 8 2016...

CLIMATE NORMAL PERIOD 1981 TO 2010
CLIMATE RECORD PERIOD 1903 TO 2016


WEATHER ITEM   OBSERVED TIME   RECORD YEAR NORMAL DEPARTURE LAST
                VALUE   (LST)  VALUE       VALUE  FROM      YEAR
                                                  NORMAL
..................................................................
TEMPERATURE (F)
 YESTERDAY
  MAXIMUM         59    147 PM  60    1954  34     25       53
  MINIMUM         36   1235 AM -44    1994  12     24       36
  AVERAGE         48                        23     25       45

PRECIPITATION (IN)
  YESTERDAY        0.00          0.33 1916   0.01  -0.01     0.00
  MONTH TO DATE    0.01                      0.05  -0.04      T
  SINCE OCT 1      2.37                      1.27   1.10     3.24
  SINCE JAN 1      0.45                      0.25   0.20     0.71

SNOWFALL (IN)
  YESTERDAY       MM
  SNOW DEPTH       0

DEGREE DAYS
 HEATING
  YESTERDAY       17                        42    -25       20
  MONTH TO DATE  257                       336    -79      292
  SINCE DEC 1   2870                      2991   -121     2805
  SINCE JUL 1   4908                      5254   -346     4903

 COOLING
  YESTERDAY        0                         0      0        0
  MONTH TO DATE    0                         0      0        0
  SINCE DEC 1      0                         0      0        0
  SINCE JAN 1      0                         0      0        0
..................................................................


WIND (MPH)
  HIGHEST WIND SPEED    31   HIGHEST WIND DIRECTION     W (260)
  HIGHEST GUST SPEED    38   HIGHEST GUST DIRECTION     W (260)
  AVERAGE WIND SPEED    22.7


SKY COVER
  AVERAGE SKY COVER 0.0


WEATHER CONDITIONS
 THE FOLLOWING WEATHER WAS RECORDED YESTERDAY.
  NO SIGNIFICANT WEATHER WAS OBSERVED.


RELATIVE HUMIDITY (PERCENT)
 HIGHEST    62           900 PM
 LOWEST     30           200 PM
 AVERAGE    46

..........................................................


THE CUT BANK MT CLIMATE NORMALS FOR TODAY
                         NORMAL    RECORD    YEAR
 MAXIMUM TEMPERATURE (F)   34        57      1984
 MINIMUM TEMPERATURE (F)   12       -40      1939


SUNRISE AND SUNSET
FEBRUARY  9 2016......SUNRISE   748 AM MST   SUNSET   540 PM MST
FEBRUARY 10 2016......SUNRISE   746 AM MST   SUNSET   542 PM MST


-  INDICATES NEGATIVE NUMBERS.
R  INDICATES RECORD WAS SET OR TIED.
MM INDICATES DATA IS MISSING.
T  INDICATES TRACE AMOUNT.




$$
