000
CDUS45 KTFX 290907
CLICTB


CLIMATE REPORT
NATIONAL WEATHER SERVICE GREAT FALLS MT
305 AM MDT SUN MAR 29 2015


...................................

...THE CUT BANK MT CLIMATE SUMMARY FOR MARCH 28 2015...

CLIMATE NORMAL PERIOD 1981 TO 2010
CLIMATE RECORD PERIOD 1903 TO 2015


WEATHER ITEM   OBSERVED TIME   RECORD YEAR NORMAL DEPARTURE LAST
                VALUE   (LST)  VALUE       VALUE  FROM      YEAR
                                                  NORMAL
..................................................................
TEMPERATURE (F)
 YESTERDAY
  MAXIMUM         55    852 AM  66    1986  47      8       47
  MINIMUM         39   1125 PM -25    1936  24     15       10
  AVERAGE         47                        36     11       29

PRECIPITATION (IN)
  YESTERDAY        T             0.81 1977   0.02  -0.02      T
  MONTH TO DATE    0.25                      0.44  -0.19     0.58
  SINCE OCT 1      3.67                      1.87   1.80     3.11
  SINCE JAN 1      1.14                      0.85   0.29     1.91

SNOWFALL (IN)
  YESTERDAY       MM
  SNOW DEPTH       0

DEGREE DAYS
 HEATING
  YESTERDAY       18                        30    -12       36
  MONTH TO DATE  728                       955   -227     1119
  SINCE MAR 1    728                       955   -227     1119
  SINCE JUL 1   6390                      7015   -625     7325

 COOLING
  YESTERDAY        0                         0      0        0
  MONTH TO DATE    0                         0      0        0
  SINCE MAR 1      0                         0      0        0
  SINCE JAN 1      0                         0      0        0
..................................................................


WIND (MPH)
  HIGHEST WIND SPEED    56   HIGHEST WIND DIRECTION     W (250)
  HIGHEST GUST SPEED    66   HIGHEST GUST DIRECTION     W (260)
  AVERAGE WIND SPEED    24.2


SKY COVER
  AVERAGE SKY COVER 0.5


WEATHER CONDITIONS
 THE FOLLOWING WEATHER WAS RECORDED YESTERDAY.
  LIGHT RAIN


RELATIVE HUMIDITY (PERCENT)
 HIGHEST    77           500 AM
 LOWEST     39           200 PM
 AVERAGE    58

..........................................................


THE CUT BANK MT CLIMATE NORMALS FOR TODAY
                         NORMAL    RECORD    YEAR
 MAXIMUM TEMPERATURE (F)   47        67      1966
 MINIMUM TEMPERATURE (F)   24       -11      1936


SUNRISE AND SUNSET
MARCH 29 2015.........SUNRISE   714 AM MDT   SUNSET   756 PM MDT
MARCH 30 2015.........SUNRISE   712 AM MDT   SUNSET   757 PM MDT


-  INDICATES NEGATIVE NUMBERS.
R  INDICATES RECORD WAS SET OR TIED.
MM INDICATES DATA IS MISSING.
T  INDICATES TRACE AMOUNT.




$$
