000
CDUS42 KTAE 250631
CLICTY


CLIMATE REPORT
NATIONAL WEATHER SERVICE TALLAHASSEE FL
231 AM EDT SAT OCT 25 2014


...................................

...THE CROSS CITY (AWOS) CLIMATE SUMMARY FOR OCTOBER 24 2014...

CLIMATE NORMAL PERIOD 1981 TO 2010
CLIMATE RECORD PERIOD 1948 TO 2014


WEATHER ITEM   OBSERVED TIME   NORMAL DEPARTURE LAST
                VALUE   (LST)  VALUE  FROM      YEAR
                                      NORMAL
......................................................
TEMPERATURE (F)
 YESTERDAY
  MAXIMUM         78    420 PM  81     -3
  MINIMUM         43    623 AM  55    -12
  AVERAGE         61            68     -7

PRECIPITATION (IN)
  YESTERDAY        0.00          0.09  -0.09     0.00
  MONTH TO DATE    1.76          2.79  -1.03     1.23
  SINCE SEP 1     14.43          7.25   7.18     6.39
  SINCE JAN 1     54.81         42.62  12.19    59.17

DEGREE DAYS
 HEATING
  YESTERDAY        4             2      2
  MONTH TO DATE   12            17     -5
  SINCE SEP 1     12            17     -5
  SINCE JUL 1     12            17     -5

 COOLING
  YESTERDAY        0             5     -5
  MONTH TO DATE  174           172      2
  SINCE SEP 1    601           576     25
  SINCE JAN 1   2663          2514    149
......................................................


WIND (MPH)
  RESULTANT WIND SPEED   1   RESULTANT WIND DIRECTION  NE (50)
  HIGHEST WIND SPEED    12   HIGHEST WIND DIRECTION     N (20)
  HIGHEST GUST SPEED    16   HIGHEST GUST DIRECTION     N (20)
  AVERAGE WIND SPEED     2.0



WEATHER CONDITIONS
 THE FOLLOWING WEATHER WAS RECORDED YESTERDAY.
  NO SIGNIFICANT WEATHER WAS OBSERVED.


RELATIVE HUMIDITY (PERCENT)
 HIGHEST    93
 LOWEST     35

..........................................................




SUNRISE AND SUNSET
OCTOBER 25 2014.......SUNRISE   741 AM EDT   SUNSET   652 PM EDT
OCTOBER 26 2014.......SUNRISE   741 AM EDT   SUNSET   651 PM EDT


-  INDICATES NEGATIVE NUMBERS.
R  INDICATES RECORD WAS SET OR TIED.
MM INDICATES DATA IS MISSING.
T  INDICATES TRACE AMOUNT.




$$
