000
CDUS42 KTAE 290634
CLICTY


CLIMATE REPORT
NATIONAL WEATHER SERVICE TALLAHASSEE FL
234 AM EDT THU SEP 29 2016


...................................

...THE CROSS CITY  CLIMATE SUMMARY FOR SEPTEMBER 28 2016...

CLIMATE NORMAL PERIOD 1981 TO 2010
CLIMATE RECORD PERIOD 1948 TO 2016


WEATHER ITEM   OBSERVED TIME   NORMAL DEPARTURE LAST
                VALUE   (LST)  VALUE  FROM      YEAR
                                      NORMAL
......................................................
TEMPERATURE (F)
 YESTERDAY
  MAXIMUM         84   1030 AM  87     -3       84
  MINIMUM         70    150 AM  65      5       75
  AVERAGE         77            76      1

PRECIPITATION (IN)
  YESTERDAY       MM             0.11  MM        0.27
  MONTH TO DATE   15.07          4.24  10.83     8.06
  SINCE SEP 1     15.07          4.24  10.83     8.06
  SINCE JAN 1     59.42         39.61  19.81    62.30

DEGREE DAYS
 HEATING
  YESTERDAY        0             0      0
  MONTH TO DATE    0             0      0
  SINCE SEP 1      0             0      0
  SINCE JUL 1      0             0      0

 COOLING
  YESTERDAY       12            11      1
  MONTH TO DATE  441           380     61
  SINCE SEP 1    441           380     61
  SINCE JAN 1   2755          2318    437
......................................................


WIND (MPH)
  RESULTANT WIND SPEED   2   RESULTANT WIND DIRECTION   S (200)
  HIGHEST WIND SPEED     7   HIGHEST WIND DIRECTION     S (200)
  HIGHEST GUST SPEED    MM   HIGHEST GUST DIRECTION    MM
  AVERAGE WIND SPEED     2.4



WEATHER CONDITIONS
 THE FOLLOWING WEATHER WAS RECORDED YESTERDAY.
  THUNDERSTORM
  LIGHT RAIN
  FOG


RELATIVE HUMIDITY (PERCENT)
 HIGHEST   100
 LOWEST     74

..........................................................




SUNRISE AND SUNSET
SEPTEMBER 29 2016.....SUNRISE   725 AM EDT   SUNSET   720 PM EDT
SEPTEMBER 30 2016.....SUNRISE   725 AM EDT   SUNSET   719 PM EDT


-  INDICATES NEGATIVE NUMBERS.
R  INDICATES RECORD WAS SET OR TIED.
MM INDICATES DATA IS MISSING.
T  INDICATES TRACE AMOUNT.




$$
