000
CDUS42 KTAE 260632
CLICTY


CLIMATE REPORT
NATIONAL WEATHER SERVICE TALLAHASSEE FL
231 AM EDT SAT JUL 26 2014


...................................

...THE CROSS CITY (AWOS) CLIMATE SUMMARY FOR JULY 25 2014...

CLIMATE NORMAL PERIOD 1981 TO 2010
CLIMATE RECORD PERIOD 1948 TO 2014


WEATHER ITEM   OBSERVED TIME   NORMAL DEPARTURE LAST
                VALUE   (LST)  VALUE  FROM      YEAR
                                      NORMAL
......................................................
TEMPERATURE (F)
 YESTERDAY
  MAXIMUM         92    330 PM  91      1
  MINIMUM         75    557 AM  72      3
  AVERAGE         84            82      2

PRECIPITATION (IN)
  YESTERDAY        0.04          0.21  -0.17     0.00
  MONTH TO DATE    7.11          4.44   2.67    19.62
  SINCE JUN 1     10.88          9.53   1.35    28.97
  SINCE JAN 1     36.38         26.70   9.68    41.51

DEGREE DAYS
 HEATING
  YESTERDAY        0             0      0
  MONTH TO DATE    0             0      0
  SINCE JUN 1      0             0      0
  SINCE JUL 1      0             0      0

 COOLING
  YESTERDAY       19            17      2
  MONTH TO DATE  414           409      5
  SINCE JUN 1    893           856     37
  SINCE JAN 1   1385          1335     50
......................................................


WIND (MPH)
  RESULTANT WIND SPEED   4   RESULTANT WIND DIRECTION  SW (240)
  HIGHEST WIND SPEED    15   HIGHEST WIND DIRECTION    SW (230)
  HIGHEST GUST SPEED    18   HIGHEST GUST DIRECTION    SW (230)
  AVERAGE WIND SPEED     4.6



WEATHER CONDITIONS
 THE FOLLOWING WEATHER WAS RECORDED YESTERDAY.
  NO SIGNIFICANT WEATHER WAS OBSERVED.


RELATIVE HUMIDITY (PERCENT)
 HIGHEST    94
 LOWEST     52

..........................................................




SUNRISE AND SUNSET
JULY 26 2014..........SUNRISE   649 AM EDT   SUNSET   829 PM EDT
JULY 27 2014..........SUNRISE   649 AM EDT   SUNSET   828 PM EDT


-  INDICATES NEGATIVE NUMBERS.
R  INDICATES RECORD WAS SET OR TIED.
MM INDICATES DATA IS MISSING.
T  INDICATES TRACE AMOUNT.




$$
