000
CDUS42 KTAE 310634
CLICTY


CLIMATE REPORT
NATIONAL WEATHER SERVICE TALLAHASSEE FL
234 AM EDT SUN JUL 31 2016


...................................

...THE CROSS CITY  CLIMATE SUMMARY FOR JULY 30 2016...

CLIMATE NORMAL PERIOD 1981 TO 2010
CLIMATE RECORD PERIOD 1948 TO 2016


WEATHER ITEM   OBSERVED TIME   NORMAL DEPARTURE LAST
                VALUE   (LST)  VALUE  FROM      YEAR
                                      NORMAL
......................................................
TEMPERATURE (F)
 YESTERDAY
  MAXIMUM         96    421 PM  91      5       91
  MINIMUM         74    622 AM  72      2       75
  AVERAGE         85            82      3

PRECIPITATION (IN)
  YESTERDAY        0.13          0.21  -0.08     0.10
  MONTH TO DATE    6.41          5.46   0.95    18.28
  SINCE JUN 1     11.49         10.55   0.94    25.65
  SINCE JAN 1     28.24         27.72   0.52    38.79

DEGREE DAYS
 HEATING
  YESTERDAY        0             0      0
  MONTH TO DATE    0             0      0
  SINCE JUN 1      0             0      0
  SINCE JUL 1      0             0      0

 COOLING
  YESTERDAY       20            17      3
  MONTH TO DATE  582           494     88
  SINCE JUN 1   1117           941    176
  SINCE JAN 1   1792          1420    372
......................................................


WIND (MPH)
  RESULTANT WIND SPEED   2   RESULTANT WIND DIRECTION   W (260)
  HIGHEST WIND SPEED    14   HIGHEST WIND DIRECTION     W (280)
  HIGHEST GUST SPEED    19   HIGHEST GUST DIRECTION     W (260)
  AVERAGE WIND SPEED     3.4



WEATHER CONDITIONS
 THE FOLLOWING WEATHER WAS RECORDED YESTERDAY.
  NO SIGNIFICANT WEATHER WAS OBSERVED.


RELATIVE HUMIDITY (PERCENT)
 HIGHEST    94
 LOWEST     49

..........................................................




SUNRISE AND SUNSET
JULY 31 2016..........SUNRISE   652 AM EDT   SUNSET   825 PM EDT
AUGUST  1 2016........SUNRISE   652 AM EDT   SUNSET   825 PM EDT


-  INDICATES NEGATIVE NUMBERS.
R  INDICATES RECORD WAS SET OR TIED.
MM INDICATES DATA IS MISSING.
T  INDICATES TRACE AMOUNT.




$$
