000
CDUS42 KTAE 020637
CLICTY


CLIMATE REPORT
NATIONAL WEATHER SERVICE TALLAHASSEE FL
237 AM EDT TUE SEP 2 2014


...................................

...THE CROSS CITY (AWOS) CLIMATE SUMMARY FOR SEPTEMBER 1 2014...

CLIMATE NORMAL PERIOD 1981 TO 2010
CLIMATE RECORD PERIOD 1948 TO 2014


WEATHER ITEM   OBSERVED TIME   NORMAL DEPARTURE LAST
                VALUE   (LST)  VALUE  FROM      YEAR
                                      NORMAL
......................................................
TEMPERATURE (F)
 YESTERDAY
  MAXIMUM         94    108 PM  90      4
  MINIMUM         73    637 AM  71      2
  AVERAGE         84            80      4

PRECIPITATION (IN)
  YESTERDAY        0.05          0.18  -0.13     0.00
  MONTH TO DATE    0.05          0.18  -0.13     0.00
  SINCE SEP 1      0.05          0.18  -0.13     0.00
  SINCE JAN 1     40.43         35.55   4.88    52.78

DEGREE DAYS
 HEATING
  YESTERDAY        0             0      0
  MONTH TO DATE    0             0      0
  SINCE SEP 1      0             0      0
  SINCE JUL 1      0             0      0

 COOLING
  YESTERDAY       19            15      4
  MONTH TO DATE   19            15      4
  SINCE SEP 1     19            15      4
  SINCE JAN 1   2081          1953    128
......................................................


WIND (MPH)
  RESULTANT WIND SPEED   1   RESULTANT WIND DIRECTION  SW (220)
  HIGHEST WIND SPEED    12   HIGHEST WIND DIRECTION     W (250)
  HIGHEST GUST SPEED    17   HIGHEST GUST DIRECTION     W (250)
  AVERAGE WIND SPEED     3.5



WEATHER CONDITIONS
 THE FOLLOWING WEATHER WAS RECORDED YESTERDAY.
  NO SIGNIFICANT WEATHER WAS OBSERVED.


RELATIVE HUMIDITY (PERCENT)
 HIGHEST    94
 LOWEST     56

..........................................................




SUNRISE AND SUNSET
SEPTEMBER  2 2014.....SUNRISE   710 AM EDT   SUNSET   753 PM EDT
SEPTEMBER  3 2014.....SUNRISE   711 AM EDT   SUNSET   752 PM EDT


-  INDICATES NEGATIVE NUMBERS.
R  INDICATES RECORD WAS SET OR TIED.
MM INDICATES DATA IS MISSING.
T  INDICATES TRACE AMOUNT.




$$
