000
CDUS42 KTAE 102232
CLICTY


CLIMATE REPORT
NATIONAL WEATHER SERVICE TALLAHASSEE FL
532 PM EST SUN DEC 10 2017


...................................

...THE CROSS CITY  CLIMATE SUMMARY FOR DECEMBER 10 2017...
VALID TODAY AS OF 0500 PM LOCAL TIME.

CLIMATE NORMAL PERIOD 1981 TO 2010
CLIMATE RECORD PERIOD 1948 TO 2017


WEATHER ITEM   OBSERVED TIME   NORMAL DEPARTURE LAST
                VALUE   (LST)  VALUE  FROM      YEAR
                                      NORMAL
......................................................
TEMPERATURE (F)
 TODAY
  MAXIMUM         56    300 PM  68    -12       63
  MINIMUM         25        MM  44    -19       34
  AVERAGE         41            56    -15

PRECIPITATION (IN)
  TODAY            0.00          0.08  -0.08     0.00
  MONTH TO DATE    3.11          0.92   2.19     3.09
  SINCE DEC 1      3.11          0.92   2.19     3.09
  SINCE JAN 1     58.85         46.76  12.09    62.69

DEGREE DAYS
 HEATING
  TODAY           24
  MONTH TO DATE   79
  SINCE DEC 1     79
  SINCE JUL 1    232

 COOLING
  TODAY            0
  MONTH TO DATE    8
  SINCE DEC 1      8
  SINCE JAN 1   2897
......................................................


WIND (MPH)
  RESULTANT WIND SPEED   3   RESULTANT WIND DIRECTION  NW (320)
  HIGHEST WIND SPEED     9   HIGHEST WIND DIRECTION    NW (300)
  HIGHEST GUST SPEED    MM   HIGHEST GUST DIRECTION    MM
  AVERAGE WIND SPEED     4.5



WEATHER CONDITIONS
 THE FOLLOWING WEATHER WAS RECORDED TODAY.
  NO SIGNIFICANT WEATHER WAS OBSERVED.


RELATIVE HUMIDITY (PERCENT)
 HIGHEST    96
 LOWEST     31
 AVERAGE    64

..........................................................


THE CROSS CITY  CLIMATE NORMALS FOR TOMORROW
                         NORMAL
 MAXIMUM TEMPERATURE (F)   67
 MINIMUM TEMPERATURE (F)   44



-  INDICATES NEGATIVE NUMBERS.
R  INDICATES RECORD WAS SET OR TIED.
MM INDICATES DATA IS MISSING.
T  INDICATES TRACE AMOUNT.




$$
