000
CDUS42 KTAE 170633
CLICTY


CLIMATE REPORT
NATIONAL WEATHER SERVICE TALLAHASSEE FL
231 AM EDT TUE OCT 17 2017


...................................

...THE CROSS CITY  CLIMATE SUMMARY FOR OCTOBER 16 2017...

CLIMATE NORMAL PERIOD 1981 TO 2010
CLIMATE RECORD PERIOD 1948 TO 2017


WEATHER ITEM   OBSERVED TIME   NORMAL DEPARTURE LAST
                VALUE   (LST)  VALUE  FROM      YEAR
                                      NORMAL
......................................................
TEMPERATURE (F)
 YESTERDAY
  MAXIMUM         90        MM  83      7       86
  MINIMUM         69        MM  58     11       66
  AVERAGE         80            70     10

PRECIPITATION (IN)
  YESTERDAY        0.08          0.10  -0.02     0.00
  MONTH TO DATE    0.48          2.06  -1.58     0.18
  SINCE SEP 1      6.24          6.52  -0.28    15.25
  SINCE JAN 1     52.69         41.89  10.80    59.60

DEGREE DAYS
 HEATING
  YESTERDAY        0             1     -1
  MONTH TO DATE    0             6     -6
  SINCE SEP 1      0             6     -6
  SINCE JUL 1      0             6     -6

 COOLING
  YESTERDAY       15             6      9
  MONTH TO DATE  241           130    111
  SINCE SEP 1    661           534    127
  SINCE JAN 1   2779          2472    307
......................................................


WIND (MPH)
  RESULTANT WIND SPEED   2   RESULTANT WIND DIRECTION  NW (320)
  HIGHEST WIND SPEED    15   HIGHEST WIND DIRECTION    NW (300)
  HIGHEST GUST SPEED    MM   HIGHEST GUST DIRECTION    MM
  AVERAGE WIND SPEED     3.5



WEATHER CONDITIONS
 THE FOLLOWING WEATHER WAS RECORDED YESTERDAY.
  THUNDERSTORM
  FOG


RELATIVE HUMIDITY (PERCENT)
 HIGHEST   100
 LOWEST     57

..........................................................




SUNRISE AND SUNSET
OCTOBER 17 2017.......SUNRISE   735 AM EDT   SUNSET   659 PM EDT
OCTOBER 18 2017.......SUNRISE   736 AM EDT   SUNSET   658 PM EDT


-  INDICATES NEGATIVE NUMBERS.
R  INDICATES RECORD WAS SET OR TIED.
MM INDICATES DATA IS MISSING.
T  INDICATES TRACE AMOUNT.




$$
