000
CDUS42 KCAE 100613
CLICUB


CLIMATE REPORT
NATIONAL WEATHER SERVICE COLUMBIA SC
113 AM EST WED FEB 10 2016


...................................

...THE HAMILTON - OWENS AIRPORT SC CLIMATE SUMMARY FOR FEBRUARY 9 2016...

CLIMATE NORMAL PERIOD 1981 TO 2010
CLIMATE RECORD PERIOD 9999 TO 9999


WEATHER ITEM   OBSERVED TIME   NORMAL DEPARTURE LAST
                VALUE   (LST)  VALUE  FROM      YEAR
                                      NORMAL
......................................................
TEMPERATURE (F)
 YESTERDAY
  MAXIMUM         42    334 PM  59    -17       68
  MINIMUM         33   1159 PM  38     -5       45
  AVERAGE         38            48    -10       57

PRECIPITATION (IN)
  YESTERDAY        0.00          0.11  -0.11     0.17
  MONTH TO DATE    1.79          0.95   0.84     0.77
  SINCE DEC 1      8.58          7.78   0.80     8.35
  SINCE JAN 1      3.34          4.58  -1.24     4.17

DEGREE DAYS
 HEATING
  YESTERDAY       27            17     10        8
  MONTH TO DATE  122           156    -34      159
  SINCE DEC 1    929          1277   -348     1207
  SINCE JUL 1   1176          1648   -472     1682

 COOLING
  YESTERDAY        0             0      0        0
  MONTH TO DATE    3             0      3        0
  SINCE DEC 1     59             5     54        0
  SINCE JAN 1      3             1      2        0
......................................................


WIND (MPH)
  HIGHEST WIND SPEED    23   HIGHEST WIND DIRECTION     W (260)
  HIGHEST GUST SPEED    29   HIGHEST GUST DIRECTION     W (250)
  AVERAGE WIND SPEED    13.3


SKY COVER
  AVERAGE SKY COVER 0.6


WEATHER CONDITIONS
 THE FOLLOWING WEATHER WAS RECORDED YESTERDAY.
  NO SIGNIFICANT WEATHER WAS OBSERVED.


RELATIVE HUMIDITY (PERCENT)
 HIGHEST    75           200 AM
 LOWEST     43           300 PM

..........................................................


THE HAMILTON - OWENS AIRPORT SC CLIMATE NORMALS FOR TODAY
                         NORMAL    RECORD    YEAR
 MAXIMUM TEMPERATURE (F)   59        MM        MM
 MINIMUM TEMPERATURE (F)   38        MM        MM


SUNRISE AND SUNSET
FEBRUARY 10 2016......SUNRISE   714 AM EST   SUNSET   603 PM EST
FEBRUARY 11 2016......SUNRISE   713 AM EST   SUNSET   604 PM EST


-  INDICATES NEGATIVE NUMBERS.
R  INDICATES RECORD WAS SET OR TIED.
MM INDICATES DATA IS MISSING.
T  INDICATES TRACE AMOUNT.




$$
