641
CDUS42 KCAE 300547
CLICUB


CLIMATE REPORT
NATIONAL WEATHER SERVICE COLUMBIA SC
147 AM EDT THU MAR 30 2017


...................................

...THE HAMILTON - OWENS AIRPORT SC CLIMATE SUMMARY FOR MARCH 29 2017...

CLIMATE NORMAL PERIOD 1981 TO 2010
CLIMATE RECORD PERIOD 9999 TO 9999


WEATHER ITEM   OBSERVED TIME   NORMAL DEPARTURE LAST
                VALUE   (LST)  VALUE  FROM      YEAR
                                      NORMAL
......................................................
TEMPERATURE (F)
 YESTERDAY
  MAXIMUM         84    453 PM  72     12       71
  MINIMUM         55    649 AM  48      7       48
  AVERAGE         70            60     10       60

PRECIPITATION (IN)
  YESTERDAY        0.00          0.13  -0.13     0.00
  MONTH TO DATE    2.22          3.64  -1.42     2.09
  SINCE MAR 1      2.22          3.64  -1.42     2.09
  SINCE JAN 1      9.92         10.92  -1.00     7.01

DEGREE DAYS
 HEATING
  YESTERDAY        0             6     -6        5
  MONTH TO DATE  269           263      6      135
  SINCE MAR 1    269           263      6      135
  SINCE JUL 1   1533          2192   -659     1635

 COOLING
  YESTERDAY        5             1      4        0
  MONTH TO DATE   36             9     27       70
  SINCE MAR 1     36             9     27       70
  SINCE JAN 1     54            12     42       73
......................................................


WIND (MPH)
  HIGHEST WIND SPEED    10   HIGHEST WIND DIRECTION     W (270)
  HIGHEST GUST SPEED    17   HIGHEST GUST DIRECTION    SE (120)
  AVERAGE WIND SPEED     2.4


SKY COVER
  AVERAGE SKY COVER 0.1


WEATHER CONDITIONS
 THE FOLLOWING WEATHER WAS RECORDED YESTERDAY.
  NO SIGNIFICANT WEATHER WAS OBSERVED.


RELATIVE HUMIDITY (PERCENT)
 HIGHEST    93           500 AM
 LOWEST     25           500 PM

..........................................................


THE HAMILTON - OWENS AIRPORT SC CLIMATE NORMALS FOR TODAY
                         NORMAL    RECORD    YEAR
 MAXIMUM TEMPERATURE (F)   73        MM        MM
 MINIMUM TEMPERATURE (F)   49        MM        MM


SUNRISE AND SUNSET
MARCH 30 2017.........SUNRISE   714 AM EDT   SUNSET   743 PM EDT
MARCH 31 2017.........SUNRISE   712 AM EDT   SUNSET   744 PM EDT


-  INDICATES NEGATIVE NUMBERS.
R  INDICATES RECORD WAS SET OR TIED.
MM INDICATES DATA IS MISSING.
T  INDICATES TRACE AMOUNT.




$$
