000
CDUS42 KCAE 230656
CLICUB


CLIMATE REPORT
NATIONAL WEATHER SERVICE COLUMBIA SC
156 AM EST FRI FEB 23 2018


...................................

...THE HAMILTON - OWENS AIRPORT SC CLIMATE SUMMARY FOR FEBRUARY 22 2018...

CLIMATE NORMAL PERIOD 1981 TO 2010
CLIMATE RECORD PERIOD 9999 TO 9999


WEATHER ITEM   OBSERVED TIME   NORMAL DEPARTURE LAST
                VALUE   (LST)  VALUE  FROM      YEAR
                                      NORMAL
......................................................
TEMPERATURE (F)
 YESTERDAY
  MAXIMUM         81    347 PM  62     19       74
  MINIMUM         64   1031 PM  39     25       57
  AVERAGE         73            51     22       66

PRECIPITATION (IN)
  YESTERDAY        0.00          0.15  -0.15     0.00
  MONTH TO DATE    1.09          2.78  -1.69     1.56
  SINCE DEC 1      6.73          9.61  -2.88    11.08
  SINCE JAN 1      3.40          6.41  -3.01     7.70

DEGREE DAYS
 HEATING
  YESTERDAY        0            14    -14        0
  MONTH TO DATE  179           355   -176      193
  SINCE DEC 1   1300          1476   -176      979
  SINCE JUL 1   1653          1847   -194     1240

 COOLING
  YESTERDAY        8             0      8        1
  MONTH TO DATE   36             0     36        5
  SINCE DEC 1     37             5     32        8
  SINCE JAN 1     37             1     36        7
......................................................


WIND (MPH)
  HIGHEST WIND SPEED    12   HIGHEST WIND DIRECTION     S (200)
  HIGHEST GUST SPEED    15   HIGHEST GUST DIRECTION    SW (210)
  AVERAGE WIND SPEED     4.8


SKY COVER
  AVERAGE SKY COVER 0.6


WEATHER CONDITIONS
 THE FOLLOWING WEATHER WAS RECORDED YESTERDAY.
  NO SIGNIFICANT WEATHER WAS OBSERVED.


RELATIVE HUMIDITY (PERCENT)
 HIGHEST    93           100 AM
 LOWEST     49           500 PM

..........................................................


THE HAMILTON - OWENS AIRPORT SC CLIMATE NORMALS FOR TODAY
                         NORMAL    RECORD    YEAR
 MAXIMUM TEMPERATURE (F)   62        MM        MM
 MINIMUM TEMPERATURE (F)   40        MM        MM


SUNRISE AND SUNSET
FEBRUARY 23 2018......SUNRISE   700 AM EST   SUNSET   615 PM EST
FEBRUARY 24 2018......SUNRISE   659 AM EST   SUNSET   616 PM EST


-  INDICATES NEGATIVE NUMBERS.
R  INDICATES RECORD WAS SET OR TIED.
MM INDICATES DATA IS MISSING.
T  INDICATES TRACE AMOUNT.




$$
