968
CDUS42 KCAE 240603
CLICUB


CLIMATE REPORT
NATIONAL WEATHER SERVICE COLUMBIA SC
203 AM EDT MON JUL 24 2017


...................................

...THE HAMILTON - OWENS AIRPORT SC CLIMATE SUMMARY FOR JULY 23 2017...

CLIMATE NORMAL PERIOD 1981 TO 2010
CLIMATE RECORD PERIOD 9999 TO 9999


WEATHER ITEM   OBSERVED TIME   NORMAL DEPARTURE LAST
                VALUE   (LST)  VALUE  FROM      YEAR
                                      NORMAL
......................................................
TEMPERATURE (F)
 YESTERDAY
  MAXIMUM         97    329 PM  93      4       97
  MINIMUM         72    626 PM  73     -1       76
  AVERAGE         85            83      2       87

PRECIPITATION (IN)
  YESTERDAY        1.43          0.15   1.28     0.32
  MONTH TO DATE    5.24          4.03   1.21     2.52
  SINCE JUN 1     10.73          8.94   1.79     6.94
  SINCE JAN 1     32.14         25.76   6.38    20.93

DEGREE DAYS
 HEATING
  YESTERDAY        0             0      0        0
  MONTH TO DATE    0             0      0        0
  SINCE JUN 1      0             0      0        0
  SINCE JUL 1      0             0      0        0

 COOLING
  YESTERDAY       20            18      2       22
  MONTH TO DATE  443           407     36      473
  SINCE JUN 1    886           840     46     1004
  SINCE JAN 1   1413          1176    237     1441
......................................................


WIND (MPH)
  HIGHEST WIND SPEED    16   HIGHEST WIND DIRECTION     S (160)
  HIGHEST GUST SPEED    26   HIGHEST GUST DIRECTION    NE (30)
  AVERAGE WIND SPEED     5.1


SKY COVER
  AVERAGE SKY COVER 0.2


WEATHER CONDITIONS
 THE FOLLOWING WEATHER WAS RECORDED YESTERDAY.
  THUNDERSTORM
  HEAVY RAIN
  RAIN
  LIGHT RAIN
  FOG
  HAZE


RELATIVE HUMIDITY (PERCENT)
 HIGHEST    94           900 PM
 LOWEST     45           300 PM

..........................................................


THE HAMILTON - OWENS AIRPORT SC CLIMATE NORMALS FOR TODAY
                         NORMAL    RECORD    YEAR
 MAXIMUM TEMPERATURE (F)   93        MM        MM
 MINIMUM TEMPERATURE (F)   73        MM        MM


SUNRISE AND SUNSET
JULY 24 2017..........SUNRISE   630 AM EDT   SUNSET   831 PM EDT
JULY 25 2017..........SUNRISE   631 AM EDT   SUNSET   830 PM EDT


-  INDICATES NEGATIVE NUMBERS.
R  INDICATES RECORD WAS SET OR TIED.
MM INDICATES DATA IS MISSING.
T  INDICATES TRACE AMOUNT.




$$
