000
CDUS42 KCAE 240626
CLICUB


CLIMATE REPORT
NATIONAL WEATHER SERVICE COLUMBIA SC
125 AM EST MON NOV 24 2014


...................................

...THE HAMILTON - OWENS AIRPORT SC CLIMATE SUMMARY FOR NOVEMBER 23 2014...

CLIMATE NORMAL PERIOD 1981 TO 2010
CLIMATE RECORD PERIOD 9999 TO 9999


WEATHER ITEM   OBSERVED TIME   RECORD YEAR NORMAL DEPARTURE LAST
                VALUE   (LST)  VALUE       VALUE  FROM      YEAR
                                                  NORMAL
..................................................................
TEMPERATURE (F)
 YESTERDAY
  MAXIMUM         68    955 PM  MM      MM  65      3       66
  MINIMUM         48    512 AM  MM      MM  43      5       55
  AVERAGE         58                        54      4       61

PRECIPITATION (IN)
  YESTERDAY        2.39         MM      MM   0.11   2.28     0.09
  MONTH TO DATE    3.56                      2.24   1.32     1.17
  SINCE SEP 1     11.68                      9.60   2.08     3.27
  SINCE JAN 1     41.34                     41.45  -0.11    46.16

DEGREE DAYS
 HEATING
  YESTERDAY        7                        11     -4        4
  MONTH TO DATE  320                       196    124      200
  SINCE SEP 1    380                       285     95      260
  SINCE JUL 1    380                       285     95      260

 COOLING
  YESTERDAY        0                         0      0        0
  MONTH TO DATE    4                        11     -7       19
  SINCE SEP 1    484                       435     49      495
  SINCE JAN 1   2411                      2253    158     2223
..................................................................


WIND (MPH)
  HIGHEST WIND SPEED    25   HIGHEST WIND DIRECTION    SW (210)
  HIGHEST GUST SPEED    42   HIGHEST GUST DIRECTION     S (200)
  AVERAGE WIND SPEED     4.9


SKY COVER
  AVERAGE SKY COVER 0.9


WEATHER CONDITIONS
 THE FOLLOWING WEATHER WAS RECORDED YESTERDAY.
  THUNDERSTORM
  HEAVY RAIN
  RAIN
  LIGHT RAIN
  FOG


RELATIVE HUMIDITY (PERCENT)
 HIGHEST   100           600 AM
 LOWEST     63          1200 AM

..........................................................


THE HAMILTON - OWENS AIRPORT SC CLIMATE NORMALS FOR TODAY
                         NORMAL    RECORD    YEAR
 MAXIMUM TEMPERATURE (F)   65        MM        MM
 MINIMUM TEMPERATURE (F)   42        MM        MM


SUNRISE AND SUNSET
NOVEMBER 24 2014......SUNRISE   705 AM EST   SUNSET   516 PM EST
NOVEMBER 25 2014......SUNRISE   706 AM EST   SUNSET   516 PM EST


-  INDICATES NEGATIVE NUMBERS.
R  INDICATES RECORD WAS SET OR TIED.
MM INDICATES DATA IS MISSING.
T  INDICATES TRACE AMOUNT.




$$
