000
CDUS43 KUNR 240843
CLICUT


CLIMATE REPORT
NATIONAL WEATHER SERVICE RAPID CITY SD
242 AM MDT SUN SEP 24 2017


...................................

...THE CUSTER COUNTY AIRPORT SD CLIMATE SUMMARY FOR SEPTEMBER 23 2017...

CLIMATE NORMAL PERIOD 1981 TO 2010
CLIMATE RECORD PERIOD 9999 TO 9999


WEATHER ITEM   OBSERVED TIME   NORMAL DEPARTURE LAST
                VALUE   (LST)  VALUE  FROM      YEAR
                                      NORMAL
......................................................
TEMPERATURE (F)
 YESTERDAY
  MAXIMUM         48    959 AM  64    -16       71
  MINIMUM         38    651 AM  38      0       47
  AVERAGE         43            51     -8       59

PRECIPITATION (IN)
  YESTERDAY        0.12          0.05   0.07     0.50
  MONTH TO DATE    1.28          1.31  -0.03     1.63
  SINCE SEP 1      1.28          1.31  -0.03     1.63
  SINCE JAN 1     18.85         16.23   2.62    14.47

DEGREE DAYS
 HEATING
  YESTERDAY       22            14      8        6
  MONTH TO DATE  164           221    -57      181
  SINCE SEP 1    164           221    -57      181
  SINCE JUL 1    265           375   -110      317

 COOLING
  YESTERDAY        0             0      0        0
  MONTH TO DATE   27            11     16        7
  SINCE SEP 1     27            11     16        7
  SINCE JAN 1    235           177     58      259
......................................................


WIND (MPH)
  HIGHEST WIND SPEED    18   HIGHEST WIND DIRECTION     E (70)
  HIGHEST GUST SPEED    24   HIGHEST GUST DIRECTION     E (80)
  AVERAGE WIND SPEED     6.2


SKY COVER
  AVERAGE SKY COVER 1.0


WEATHER CONDITIONS
 THE FOLLOWING WEATHER WAS RECORDED YESTERDAY.
  LIGHT RAIN
  FOG
  FOG W/VISIBILITY <= 1/4 MILE


RELATIVE HUMIDITY (PERCENT)
 HIGHEST   100
 LOWEST     80
 AVERAGE    90

..........................................................




SUNRISE AND SUNSET
SEPTEMBER 24 2017.....SUNRISE   644 AM MDT   SUNSET   648 PM MDT
SEPTEMBER 25 2017.....SUNRISE   645 AM MDT   SUNSET   646 PM MDT


-  INDICATES NEGATIVE NUMBERS.
R  INDICATES RECORD WAS SET OR TIED.
MM INDICATES DATA IS MISSING.
T  INDICATES TRACE AMOUNT.




$$
