898
CDUS43 KUNR 080832
CLICUT


CLIMATE REPORT
NATIONAL WEATHER SERVICE RAPID CITY SD
131 AM MST MON FEB 8 2016


...................................

...THE CUSTER COUNTY AIRPORT SD CLIMATE SUMMARY FOR FEBRUARY 7 2016...

CLIMATE NORMAL PERIOD 1981 TO 2010
CLIMATE RECORD PERIOD 9999 TO 9999


WEATHER ITEM   OBSERVED TIME   NORMAL DEPARTURE LAST
                VALUE   (LST)  VALUE  FROM      YEAR
                                      NORMAL
......................................................
TEMPERATURE (F)
 YESTERDAY
  MAXIMUM         29   1245 AM  35     -6       58
  MINIMUM         22   1159 PM  14      8       40
  AVERAGE         26            25      1       49

PRECIPITATION (IN)
  YESTERDAY        T             0.02  -0.02      T
  MONTH TO DATE    0.29          0.14   0.15      T
  SINCE DEC 1      0.71          0.85  -0.14     0.39
  SINCE JAN 1      0.33          0.47  -0.14     0.24

DEGREE DAYS
 HEATING
  YESTERDAY       39            40     -1       16
  MONTH TO DATE  305           285     20      237
  SINCE DEC 1   2622          2839   -217     2507
  SINCE JUL 1   4410          5020   -610     4595

 COOLING
  YESTERDAY        0             0      0        0
  MONTH TO DATE    0             0      0        0
  SINCE DEC 1      0             0      0        0
  SINCE JAN 1      0             0      0        0
......................................................


WIND (MPH)
  HIGHEST WIND SPEED    37   HIGHEST WIND DIRECTION    NW (310)
  HIGHEST GUST SPEED    58   HIGHEST GUST DIRECTION    NW (320)
  AVERAGE WIND SPEED    22.0


SKY COVER
  AVERAGE SKY COVER 0.3


WEATHER CONDITIONS
 THE FOLLOWING WEATHER WAS RECORDED YESTERDAY.
  LIGHT SNOW


RELATIVE HUMIDITY (PERCENT)
 HIGHEST    57
 LOWEST     31
 AVERAGE    44

..........................................................




SUNRISE AND SUNSET
FEBRUARY  8 2016......SUNRISE   703 AM MST   SUNSET   514 PM MST
FEBRUARY  9 2016......SUNRISE   702 AM MST   SUNSET   516 PM MST


-  INDICATES NEGATIVE NUMBERS.
R  INDICATES RECORD WAS SET OR TIED.
MM INDICATES DATA IS MISSING.
T  INDICATES TRACE AMOUNT.




$$
