000
CDUS43 KUNR 240857
CLICUT


CLIMATE REPORT
NATIONAL WEATHER SERVICE RAPID CITY SD
241 AM MDT TUE MAY 24 2016


...................................

...THE CUSTER COUNTY AIRPORT SD CLIMATE SUMMARY FOR MAY 23 2016...

CLIMATE NORMAL PERIOD 1981 TO 2010
CLIMATE RECORD PERIOD 9999 TO 9999


WEATHER ITEM   OBSERVED TIME   NORMAL DEPARTURE LAST
                VALUE   (LST)  VALUE  FROM      YEAR
                                      NORMAL
......................................................
TEMPERATURE (F)
 YESTERDAY
  MAXIMUM         65    302 PM  62      3       51
  MINIMUM         37    422 AM  38     -1       40
  AVERAGE         51            50      1       46

PRECIPITATION (IN)
  YESTERDAY        0.00          0.11  -0.11     0.35
  MONTH TO DATE    0.87          2.24  -1.37     4.43
  SINCE MAR 1      3.17          5.37  -2.20     6.74
  SINCE JAN 1      3.78          6.23  -2.45     7.14

DEGREE DAYS
 HEATING
  YESTERDAY       14            15     -1       19
  MONTH TO DATE  407           411     -4      491
  SINCE MAR 1   1948          2226   -278     2031
  SINCE JUL 1   7003          8061  -1058     7480

 COOLING
  YESTERDAY        0             0      0        0
  MONTH TO DATE    0             0      0        0
  SINCE MAR 1      0             0      0        0
  SINCE JAN 1      0             0      0        0
......................................................


WIND (MPH)
  HIGHEST WIND SPEED    22   HIGHEST WIND DIRECTION     W (270)
  HIGHEST GUST SPEED    34   HIGHEST GUST DIRECTION     W (290)
  AVERAGE WIND SPEED     8.7


SKY COVER
  AVERAGE SKY COVER 0.1


WEATHER CONDITIONS
 THE FOLLOWING WEATHER WAS RECORDED YESTERDAY.
  NO SIGNIFICANT WEATHER WAS OBSERVED.


RELATIVE HUMIDITY (PERCENT)
 HIGHEST    70
 LOWEST     20
 AVERAGE    45

..........................................................




SUNRISE AND SUNSET
MAY 24 2016...........SUNRISE   520 AM MDT   SUNSET   823 PM MDT
MAY 25 2016...........SUNRISE   520 AM MDT   SUNSET   824 PM MDT


-  INDICATES NEGATIVE NUMBERS.
R  INDICATES RECORD WAS SET OR TIED.
MM INDICATES DATA IS MISSING.
T  INDICATES TRACE AMOUNT.




$$
