000
CDUS43 KUNR 160835
CLICUT


CLIMATE REPORT
NATIONAL WEATHER SERVICE RAPID CITY SD
234 AM MDT TUE SEP 16 2014


...................................

...THE CUSTER COUNTY AIRPORT SD CLIMATE SUMMARY FOR SEPTEMBER 15 2014...

CLIMATE NORMAL PERIOD 1981 TO 2010
CLIMATE RECORD PERIOD 9999 TO 9999


WEATHER ITEM   OBSERVED TIME   NORMAL DEPARTURE LAST
                VALUE   (LST)  VALUE  FROM      YEAR
                                      NORMAL
......................................................
TEMPERATURE (F)
 YESTERDAY
  MAXIMUM         63    330 PM  68     -5       57
  MINIMUM         34    613 AM  41     -7       45
  AVERAGE         49            55     -6       51

PRECIPITATION (IN)
  YESTERDAY        0.00          0.06  -0.06      T
  MONTH TO DATE    0.71          0.91  -0.20     0.94
  SINCE SEP 1      0.71          0.91  -0.20     0.94
  SINCE JAN 1     15.22         15.83  -0.61    16.89

DEGREE DAYS
 HEATING
  YESTERDAY       16            11      5       14
  MONTH TO DATE  211           120     91       58
  SINCE SEP 1    211           120     91       58
  SINCE JUL 1    342           274     68      155

 COOLING
  YESTERDAY        0             0      0        0
  MONTH TO DATE    5            11     -6       38
  SINCE SEP 1      5            11     -6       38
  SINCE JAN 1    139           177    -38      187
......................................................


WIND (MPH)
  HIGHEST WIND SPEED    15   HIGHEST WIND DIRECTION     S (200)
  HIGHEST GUST SPEED    20   HIGHEST GUST DIRECTION     S (190)
  AVERAGE WIND SPEED     4.5


SKY COVER
  AVERAGE SKY COVER 0.0


WEATHER CONDITIONS
 THE FOLLOWING WEATHER WAS RECORDED YESTERDAY.
  FOG


RELATIVE HUMIDITY (PERCENT)
 HIGHEST    96
 LOWEST     39
 AVERAGE    68

..........................................................




SUNRISE AND SUNSET
SEPTEMBER 16 2014.....SUNRISE   635 AM MDT   SUNSET   703 PM MDT
SEPTEMBER 17 2014.....SUNRISE   636 AM MDT   SUNSET   701 PM MDT


-  INDICATES NEGATIVE NUMBERS.
R  INDICATES RECORD WAS SET OR TIED.
MM INDICATES DATA IS MISSING.
T  INDICATES TRACE AMOUNT.




$$
