000
CDUS43 KUNR 230833
CLICUT


CLIMATE REPORT
NATIONAL WEATHER SERVICE RAPID CITY SD
232 AM MDT TUE AUG 23 2016


...................................

...THE CUSTER COUNTY AIRPORT SD CLIMATE SUMMARY FOR AUGUST 22 2016...

CLIMATE NORMAL PERIOD 1981 TO 2010
CLIMATE RECORD PERIOD 9999 TO 9999


WEATHER ITEM   OBSERVED TIME   NORMAL DEPARTURE LAST
                VALUE   (LST)  VALUE  FROM      YEAR
                                      NORMAL
......................................................
TEMPERATURE (F)
 YESTERDAY
  MAXIMUM         89    320 PM  77     12       64
  MINIMUM         52    509 AM  49      3       39
  AVERAGE         71            63      8       52

PRECIPITATION (IN)
  YESTERDAY        0.00          0.06  -0.06     0.00
  MONTH TO DATE    0.99          1.50  -0.51     2.03
  SINCE JUN 1      7.52          7.16   0.36    10.83
  SINCE JAN 1     12.10         14.27  -2.17    20.14

DEGREE DAYS
 HEATING
  YESTERDAY        0             3     -3       13
  MONTH TO DATE   56            54      2       70
  SINCE JUN 1    155           335   -180      228
  SINCE JUL 1     99           115    -16      126

 COOLING
  YESTERDAY        6             1      5        0
  MONTH TO DATE   51            43      8       65
  SINCE JUN 1    246           149     97      162
  SINCE JAN 1    246           150     96      162
......................................................


WIND (MPH)
  HIGHEST WIND SPEED    21   HIGHEST WIND DIRECTION     W (280)
  HIGHEST GUST SPEED    28   HIGHEST GUST DIRECTION     W (250)
  AVERAGE WIND SPEED     5.6


SKY COVER
  AVERAGE SKY COVER 0.0


WEATHER CONDITIONS
 THE FOLLOWING WEATHER WAS RECORDED YESTERDAY.
  NO SIGNIFICANT WEATHER WAS OBSERVED.


RELATIVE HUMIDITY (PERCENT)
 HIGHEST    59
 LOWEST      8
 AVERAGE    34

..........................................................




SUNRISE AND SUNSET
AUGUST 23 2016........SUNRISE   608 AM MDT   SUNSET   745 PM MDT
AUGUST 24 2016........SUNRISE   610 AM MDT   SUNSET   743 PM MDT


-  INDICATES NEGATIVE NUMBERS.
R  INDICATES RECORD WAS SET OR TIED.
MM INDICATES DATA IS MISSING.
T  INDICATES TRACE AMOUNT.




$$
