000
CDUS43 KUNR 250835
CLICUT


CLIMATE REPORT
NATIONAL WEATHER SERVICE RAPID CITY SD
234 AM MDT TUE JUL 25 2017


...................................

...THE CUSTER COUNTY AIRPORT SD CLIMATE SUMMARY FOR JULY 24 2017...

CLIMATE NORMAL PERIOD 1981 TO 2010
CLIMATE RECORD PERIOD 9999 TO 9999


WEATHER ITEM   OBSERVED TIME   NORMAL DEPARTURE LAST
                VALUE   (LST)  VALUE  FROM      YEAR
                                      NORMAL
......................................................
TEMPERATURE (F)
 YESTERDAY
  MAXIMUM         95    218 PM  80     15       79
  MINIMUM         59    504 AM  52      7       54
  AVERAGE         77            66     11       67

PRECIPITATION (IN)
  YESTERDAY        0.01          0.08  -0.07     0.04
  MONTH TO DATE    1.49          1.93  -0.44     1.54
  SINCE JUN 1      2.83          5.15  -2.32     4.24
  SINCE JAN 1     10.71         12.26  -1.55     8.82

DEGREE DAYS
 HEATING
  YESTERDAY        0             2     -2        0
  MONTH TO DATE    3            52    -49       36
  SINCE JUN 1    158           272   -114       92
  SINCE JUL 1      3            52    -49       36

 COOLING
  YESTERDAY       12             3      9        2
  MONTH TO DATE  146            62     84       97
  SINCE JUN 1    166            87     79      174
  SINCE JAN 1    166            88     78      174
......................................................


WIND (MPH)
  HIGHEST WIND SPEED    21   HIGHEST WIND DIRECTION     E (80)
  HIGHEST GUST SPEED    25   HIGHEST GUST DIRECTION     E (80)
  AVERAGE WIND SPEED     8.7


SKY COVER
  AVERAGE SKY COVER 0.0


WEATHER CONDITIONS
 THE FOLLOWING WEATHER WAS RECORDED YESTERDAY.
  THUNDERSTORM
  LIGHT RAIN


RELATIVE HUMIDITY (PERCENT)
 HIGHEST    56
 LOWEST     11
 AVERAGE    34

..........................................................




SUNRISE AND SUNSET
JULY 25 2017..........SUNRISE   536 AM MDT   SUNSET   825 PM MDT
JULY 26 2017..........SUNRISE   537 AM MDT   SUNSET   824 PM MDT


-  INDICATES NEGATIVE NUMBERS.
R  INDICATES RECORD WAS SET OR TIED.
MM INDICATES DATA IS MISSING.
T  INDICATES TRACE AMOUNT.




$$
