000
CDUS43 KUNR 230831
CLICUT


CLIMATE REPORT
NATIONAL WEATHER SERVICE RAPID CITY SD
131 AM MST THU NOV 23 2017


...................................

...THE CUSTER COUNTY AIRPORT SD CLIMATE SUMMARY FOR NOVEMBER 22 2017...

CLIMATE NORMAL PERIOD 1981 TO 2010
CLIMATE RECORD PERIOD 9999 TO 9999


WEATHER ITEM   OBSERVED TIME   NORMAL DEPARTURE LAST
                VALUE   (LST)  VALUE  FROM      YEAR
                                      NORMAL
......................................................
TEMPERATURE (F)
 YESTERDAY
  MAXIMUM         62   1232 PM  39     23       42
  MINIMUM         33   1234 AM  18     15       26
  AVERAGE         48            29     19       34

PRECIPITATION (IN)
  YESTERDAY        0.00          0.01  -0.01      T
  MONTH TO DATE    0.81          0.47   0.34     0.12
  SINCE SEP 1      3.14          3.51  -0.37     2.43
  SINCE JAN 1     20.71         18.43   2.28    15.27

DEGREE DAYS
 HEATING
  YESTERDAY       17            36    -19       31
  MONTH TO DATE  676           696    -20      468
  SINCE SEP 1   1665          1721    -56     1217
  SINCE JUL 1   1766          1875   -109     1353

 COOLING
  YESTERDAY        0             0      0        0
  MONTH TO DATE    0             0      0        0
  SINCE SEP 1     27            11     16        7
  SINCE JAN 1    235           177     58      259
......................................................


WIND (MPH)
  HIGHEST WIND SPEED    24   HIGHEST WIND DIRECTION     W (290)
  HIGHEST GUST SPEED    37   HIGHEST GUST DIRECTION    NW (300)
  AVERAGE WIND SPEED     9.3


SKY COVER
  AVERAGE SKY COVER 0.2


WEATHER CONDITIONS
 THE FOLLOWING WEATHER WAS RECORDED YESTERDAY.
  NO SIGNIFICANT WEATHER WAS OBSERVED.


RELATIVE HUMIDITY (PERCENT)
 HIGHEST    69
 LOWEST     33
 AVERAGE    51

..........................................................




SUNRISE AND SUNSET
NOVEMBER 23 2017......SUNRISE   659 AM MST   SUNSET   422 PM MST
NOVEMBER 24 2017......SUNRISE   700 AM MST   SUNSET   422 PM MST


-  INDICATES NEGATIVE NUMBERS.
R  INDICATES RECORD WAS SET OR TIED.
MM INDICATES DATA IS MISSING.
T  INDICATES TRACE AMOUNT.




$$
