000
CDUS43 KUNR 160848
CLICUT


CLIMATE REPORT
NATIONAL WEATHER SERVICE RAPID CITY SD
248 AM MDT WED APR 16 2014


...................................

...THE CUSTER COUNTY AIRPORT SD CLIMATE SUMMARY FOR APRIL 15 2014...

CLIMATE NORMAL PERIOD 1981 TO 2010
CLIMATE RECORD PERIOD 9999 TO 9999


WEATHER ITEM   OBSERVED TIME   NORMAL DEPARTURE LAST
                VALUE   (LST)  VALUE  FROM      YEAR
                                      NORMAL
......................................................
TEMPERATURE (F)
 YESTERDAY
  MAXIMUM         56    330 PM  50      6       29
  MINIMUM         25    442 AM  28     -3       11
  AVERAGE         41            39      2       20

PRECIPITATION (IN)
  YESTERDAY        0.04          0.08  -0.04      T
  MONTH TO DATE    0.75          0.91  -0.16     1.15
  SINCE MAR 1      1.95          1.92   0.03     1.89
  SINCE JAN 1      3.28          2.78   0.50     2.82

DEGREE DAYS
 HEATING
  YESTERDAY       24            26     -2       45
  MONTH TO DATE  436           422     14      504
  SINCE MAR 1   1488          1462     26     1589
  SINCE JUL 1   7346          7297     49     7131

 COOLING
  YESTERDAY        0             0      0        0
  MONTH TO DATE    0             0      0        0
  SINCE MAR 1      0             0      0        0
  SINCE JAN 1      0             0      0        0
......................................................


WIND (MPH)
  HIGHEST WIND SPEED    20   HIGHEST WIND DIRECTION     W (270)
  HIGHEST GUST SPEED    29   HIGHEST GUST DIRECTION     W (290)
  AVERAGE WIND SPEED     8.4


SKY COVER
  AVERAGE SKY COVER 0.3


WEATHER CONDITIONS
 THE FOLLOWING WEATHER WAS RECORDED YESTERDAY.
  LIGHT RAIN


RELATIVE HUMIDITY (PERCENT)
 HIGHEST    57
 LOWEST     22
 AVERAGE    40

..........................................................




SUNRISE AND SUNSET
APRIL 16 2014.........SUNRISE   610 AM MDT   SUNSET   739 PM MDT
APRIL 17 2014.........SUNRISE   608 AM MDT   SUNSET   740 PM MDT


-  INDICATES NEGATIVE NUMBERS.
R  INDICATES RECORD WAS SET OR TIED.
MM INDICATES DATA IS MISSING.
T  INDICATES TRACE AMOUNT.




$$
