667
CDUS43 KUNR 240834
CLICUT


CLIMATE REPORT
NATIONAL WEATHER SERVICE RAPID CITY SD
233 AM MDT SAT SEP 24 2016


...................................

...THE CUSTER COUNTY AIRPORT SD CLIMATE SUMMARY FOR SEPTEMBER 23 2016...

CLIMATE NORMAL PERIOD 1981 TO 2010
CLIMATE RECORD PERIOD 9999 TO 9999


WEATHER ITEM   OBSERVED TIME   NORMAL DEPARTURE LAST
                VALUE   (LST)  VALUE  FROM      YEAR
                                      NORMAL
......................................................
TEMPERATURE (F)
 YESTERDAY
  MAXIMUM         71    346 PM  64      7       70
  MINIMUM         47   1159 PM  38      9       48
  AVERAGE         59            51      8       59

PRECIPITATION (IN)
  YESTERDAY        0.50          0.05   0.45     0.00
  MONTH TO DATE    1.63          1.31   0.32     0.06
  SINCE SEP 1      1.63          1.31   0.32     0.06
  SINCE JAN 1     14.47         16.23  -1.76    20.30

DEGREE DAYS
 HEATING
  YESTERDAY        6            14     -8        6
  MONTH TO DATE  181           221    -40      116
  SINCE SEP 1    181           221    -40      116
  SINCE JUL 1    317           375    -58      262

 COOLING
  YESTERDAY        0             0      0        0
  MONTH TO DATE    7            11     -4       42
  SINCE SEP 1      7            11     -4       42
  SINCE JAN 1    259           177     82      229
......................................................


WIND (MPH)
  HIGHEST WIND SPEED    25   HIGHEST WIND DIRECTION    SW (230)
  HIGHEST GUST SPEED    36   HIGHEST GUST DIRECTION    SW (230)
  AVERAGE WIND SPEED     6.6


SKY COVER
  AVERAGE SKY COVER 0.8


WEATHER CONDITIONS
 THE FOLLOWING WEATHER WAS RECORDED YESTERDAY.
  THUNDERSTORM
  HEAVY RAIN
  RAIN
  LIGHT RAIN
  FOG
  FOG W/VISIBILITY <= 1/4 MILE


RELATIVE HUMIDITY (PERCENT)
 HIGHEST   100
 LOWEST     57
 AVERAGE    79

..........................................................




SUNRISE AND SUNSET
SEPTEMBER 24 2016.....SUNRISE   645 AM MDT   SUNSET   647 PM MDT
SEPTEMBER 25 2016.....SUNRISE   646 AM MDT   SUNSET   645 PM MDT


-  INDICATES NEGATIVE NUMBERS.
R  INDICATES RECORD WAS SET OR TIED.
MM INDICATES DATA IS MISSING.
T  INDICATES TRACE AMOUNT.




$$
