664
CDUS41 KILN 272049
CLICVG


CLIMATE REPORT
NATIONAL WEATHER SERVICE WILMINGTON OH
449 PM EDT SAT AUG 27 2016


...................................

...THE CINCINNATI OH CLIMATE SUMMARY FOR AUGUST 27 2016...
VALID TODAY AS OF 0400 PM LOCAL TIME.

CLIMATE NORMAL PERIOD 1981 TO 2010
CLIMATE RECORD PERIOD 1869 TO 2016


WEATHER ITEM   OBSERVED TIME   RECORD YEAR NORMAL DEPARTURE LAST
                VALUE   (LST)  VALUE       VALUE  FROM      YEAR
                                                  NORMAL
..................................................................
TEMPERATURE (F)
 TODAY
  MAXIMUM         90   1236 PM  99    1948  84      6       77
  MINIMUM         71    332 AM  50    1945  64      7       60
  AVERAGE         81                        74      7       69

PRECIPITATION (IN)
  TODAY            0.02          1.88 1882   0.10  -0.08     0.00
  MONTH TO DATE    5.10                      3.01   2.09     2.60
  SINCE JUN 1     12.65                     10.80   1.85    14.97
  SINCE JAN 1     32.26                     29.39   2.87    32.20

SNOWFALL (IN)
  TODAY            0.0           0.0    MM   0.0    0.0      0.0
  MONTH TO DATE    0.0                       0.0    0.0      0.0
  SINCE JUN 1      0.0                       0.0    0.0      0.0
  SINCE JUL 1      0.0                       0.0    0.0      0.0
  SNOW DEPTH       0

DEGREE DAYS
 HEATING
  TODAY            0                         0      0        0
  MONTH TO DATE    0                         0      0        2
  SINCE JUN 1      2                        15    -13       21
  SINCE JUL 1      0                         0      0        2

 COOLING
  TODAY           16                         9      7        4
  MONTH TO DATE  360                       275     85      192
  SINCE JUN 1   1022                       840    182      770
  SINCE JAN 1   1115                       934    181      919
..................................................................


WIND (MPH)
  HIGHEST WIND SPEED    37   HIGHEST WIND DIRECTION     W (290)
  HIGHEST GUST SPEED    44   HIGHEST GUST DIRECTION     W (290)
  AVERAGE WIND SPEED     3.4


SKY COVER
  POSSIBLE SUNSHINE  MM
  AVERAGE SKY COVER 0.8


WEATHER CONDITIONS
 THE FOLLOWING WEATHER WAS RECORDED TODAY.
  THUNDERSTORM
  LIGHT RAIN
  FOG
  HAZE


RELATIVE HUMIDITY (PERCENT)
 HIGHEST   100           200 AM
 LOWEST     59          1200 PM
 AVERAGE    80

..........................................................


THE CINCINNATI OH CLIMATE NORMALS FOR TOMORROW
                         NORMAL    RECORD    YEAR
 MAXIMUM TEMPERATURE (F)   84        98      2007
                                             1953
 MINIMUM TEMPERATURE (F)   63        47      1986


SUNRISE AND SUNSET
AUGUST 27 2016........SUNRISE   703 AM EDT   SUNSET   816 PM EDT
AUGUST 28 2016........SUNRISE   704 AM EDT   SUNSET   814 PM EDT


-  INDICATES NEGATIVE NUMBERS.
R  INDICATES RECORD WAS SET OR TIED.
MM INDICATES DATA IS MISSING.
T  INDICATES TRACE AMOUNT.




$$
