000
CDUS41 KILN 222154
CLICVG


CLIMATE REPORT
NATIONAL WEATHER SERVICE WILMINGTON OH
454 PM EST SUN JAN 22 2017


...................................

...THE CINCINNATI OH CLIMATE SUMMARY FOR JANUARY 22 2017...
VALID TODAY AS OF 0400 PM LOCAL TIME.

CLIMATE NORMAL PERIOD 1981 TO 2010
CLIMATE RECORD PERIOD 1869 TO 2017


WEATHER ITEM   OBSERVED TIME   RECORD YEAR NORMAL DEPARTURE LAST
                VALUE   (LST)  VALUE       VALUE  FROM      YEAR
                                                  NORMAL
..................................................................
TEMPERATURE (F)
 TODAY
  MAXIMUM         62    427 PM  69    1993  39     23       28
                                      1933
                                      1874
  MINIMUM         46    419 AM -15    1936  23     23       22
  AVERAGE         54                        31     23       25

PRECIPITATION (IN)
  TODAY            0.00          2.22 1982   0.09  -0.09     0.08
  MONTH TO DATE    3.44                      2.13   1.31     1.35
  SINCE DEC 1      7.87                      5.50   2.37     7.44
  SINCE JAN 1      3.44                      2.13   1.31     1.35

SNOWFALL (IN)
  TODAY            0.0           4.5  1966   0.3   -0.3      1.2
  MONTH TO DATE    2.5                       4.4   -1.9      8.4
  SINCE DEC 1      4.7                       9.2   -4.5      8.4
  SINCE JUL 1      4.7                      10.0   -5.3      8.4
  SNOW DEPTH       0

DEGREE DAYS
 HEATING
  TODAY           11                        34    -23       40
  MONTH TO DATE  592                       748   -156      798
  SINCE DEC 1   1561                      1707   -146     1374
  SINCE JUL 1   2243                      2667   -424     2119

 COOLING
  TODAY            0                         0      0        0
  MONTH TO DATE    0                         0      0        0
  SINCE DEC 1      0                         0      0        0
  SINCE JAN 1      0                         0      0        0
..................................................................


WIND (MPH)
  HIGHEST WIND SPEED    16   HIGHEST WIND DIRECTION    NE (60)
  HIGHEST GUST SPEED    19   HIGHEST GUST DIRECTION    NE (50)
  AVERAGE WIND SPEED     7.2


SKY COVER
  POSSIBLE SUNSHINE  MM
  AVERAGE SKY COVER 0.8


WEATHER CONDITIONS
 THE FOLLOWING WEATHER WAS RECORDED TODAY.
  FOG


RELATIVE HUMIDITY (PERCENT)
 HIGHEST   100           300 AM
 LOWEST     69           300 PM
 AVERAGE    85

..........................................................


THE CINCINNATI OH CLIMATE NORMALS FOR TOMORROW
                         NORMAL    RECORD    YEAR
 MAXIMUM TEMPERATURE (F)   39        70      1993
 MINIMUM TEMPERATURE (F)   23       -16      1963
                                             1936


SUNRISE AND SUNSET
JANUARY 22 2017.......SUNRISE   753 AM EST   SUNSET   549 PM EST
JANUARY 23 2017.......SUNRISE   752 AM EST   SUNSET   550 PM EST


-  INDICATES NEGATIVE NUMBERS.
R  INDICATES RECORD WAS SET OR TIED.
MM INDICATES DATA IS MISSING.
T  INDICATES TRACE AMOUNT.




$$
