913
CDUS41 KILN 270539
CLICVG


CLIMATE REPORT
NATIONAL WEATHER SERVICE WILMINGTON OH
127 AM EDT MON MAR 27 2017


...................................

...THE CINCINNATI OH CLIMATE SUMMARY FOR MARCH 26 2017...

CLIMATE NORMAL PERIOD 1981 TO 2010
CLIMATE RECORD PERIOD 1869 TO 2017


WEATHER ITEM   OBSERVED TIME   RECORD YEAR NORMAL DEPARTURE LAST
                VALUE   (LST)  VALUE       VALUE  FROM      YEAR
                                                  NORMAL
..................................................................
TEMPERATURE (F)
 YESTERDAY
  MAXIMUM         68    330 PM  82    1907  57     11       63
  MINIMUM         54   1159 PM  13    1955  37     17       32
  AVERAGE         61                        47     14       48

PRECIPITATION (IN)
  YESTERDAY        0.73          2.07 1904   0.14   0.59     0.00
  MONTH TO DATE    4.02                      3.26   0.76     3.14
  SINCE MAR 1      4.02                      3.26   0.76     3.14
  SINCE JAN 1     11.24                      9.07   2.17     9.77

SNOWFALL (IN)
  YESTERDAY        0.0           1.0  1969   0.0    0.0      0.0
                                      1930
  MONTH TO DATE    2.0                       2.7   -0.7      2.3
  SINCE MAR 1      2.0                       2.7   -0.7      2.3
  SINCE JUL 1     10.0                      21.3  -11.3     19.2
  SNOW DEPTH       0

DEGREE DAYS
 HEATING
  YESTERDAY        4                        18    -14       17
  MONTH TO DATE  578                       581     -3      403
  SINCE MAR 1    578                       581     -3      403
  SINCE JUL 1   3658                      4408   -750     3611

 COOLING
  YESTERDAY        0                         0      0        0
  MONTH TO DATE    1                         0      1        0
  SINCE MAR 1      1                         0      1        0
  SINCE JAN 1      1                         0      1        0
..................................................................


WIND (MPH)
  RESULTANT WIND SPEED   7   RESULTANT WIND DIRECTION   S (200)
  HIGHEST WIND SPEED    24   HIGHEST WIND DIRECTION     W (270)
  HIGHEST GUST SPEED    29   HIGHEST GUST DIRECTION     W (270)
  AVERAGE WIND SPEED     7.9


SKY COVER
  POSSIBLE SUNSHINE  MM
  AVERAGE SKY COVER 0.8


WEATHER CONDITIONS
 THE FOLLOWING WEATHER WAS RECORDED YESTERDAY.
  HEAVY RAIN
  RAIN
  LIGHT RAIN
  FOG


RELATIVE HUMIDITY (PERCENT)
 HIGHEST   100          1100 AM
 LOWEST     63           400 PM
 AVERAGE    82

..........................................................


THE CINCINNATI OH CLIMATE NORMALS FOR TODAY
                         NORMAL    RECORD    YEAR
 MAXIMUM TEMPERATURE (F)   58        85      1910
 MINIMUM TEMPERATURE (F)   37        14      1955


SUNRISE AND SUNSET
MARCH 27 2017.........SUNRISE   731 AM EDT   SUNSET   758 PM EDT
MARCH 28 2017.........SUNRISE   729 AM EDT   SUNSET   759 PM EDT


-  INDICATES NEGATIVE NUMBERS.
R  INDICATES RECORD WAS SET OR TIED.
MM INDICATES DATA IS MISSING.
T  INDICATES TRACE AMOUNT.




$$
