000
CDUS41 KILN 232157
CLICVG


CLIMATE REPORT
NATIONAL WEATHER SERVICE WILMINGTON OH
457 PM EST FRI FEB 23 2018


...................................

...THE CINCINNATI OH CLIMATE SUMMARY FOR FEBRUARY 23 2018...
VALID TODAY AS OF 0400 PM LOCAL TIME.

CLIMATE NORMAL PERIOD 1981 TO 2010
CLIMATE RECORD PERIOD 1869 TO 2018


WEATHER ITEM   OBSERVED TIME   RECORD YEAR NORMAL DEPARTURE LAST
                VALUE   (LST)  VALUE       VALUE  FROM      YEAR
                                                  NORMAL
..................................................................
TEMPERATURE (F)
 TODAY
  MAXIMUM         63    359 PM  72    1996  45     18       71
                                      1985
  MINIMUM         45    126 AM  -1    1963  28     17       56
  AVERAGE         54                        36     18       64

PRECIPITATION (IN)
  TODAY            0.97          2.69 1909   0.10   0.87     0.00
  MONTH TO DATE    5.26                      2.31   2.95     1.86
  SINCE DEC 1      9.86                      8.68   1.18     9.96
  SINCE JAN 1      7.47                      5.31   2.16     5.53

SNOWFALL (IN)
  TODAY            0.0           7.0  1914   0.2   -0.2      0.0
  MONTH TO DATE    1.6                       5.6   -4.0      1.6
  SINCE DEC 1     11.6                      16.9   -5.3      8.0
  SINCE JUL 1     11.6                      17.7   -6.1      8.0
  SNOW DEPTH       0

DEGREE DAYS
 HEATING
  TODAY           11                        28    -17        1
  MONTH TO DATE  597                       717   -120      492
  SINCE DEC 1   2719                      2729    -10     2309
  SINCE JUL 1   3610                      3689    -79     2991

 COOLING
  TODAY            0                         0      0        0
  MONTH TO DATE    5                         0      5        0
  SINCE DEC 1      5                         0      5        0
  SINCE JAN 1      5                         0      5        0
..................................................................


WIND (MPH)
  HIGHEST WIND SPEED    20   HIGHEST WIND DIRECTION     S (200)
  HIGHEST GUST SPEED    26   HIGHEST GUST DIRECTION    SW (220)
  AVERAGE WIND SPEED     9.1


SKY COVER
  POSSIBLE SUNSHINE  MM
  AVERAGE SKY COVER 1.0


WEATHER CONDITIONS
 THE FOLLOWING WEATHER WAS RECORDED TODAY.
  HEAVY RAIN
  RAIN
  LIGHT RAIN
  FOG
  FOG W/VISIBILITY <= 1/4 MILE


RELATIVE HUMIDITY (PERCENT)
 HIGHEST   100          1200 AM
 LOWEST     90           400 PM
 AVERAGE    95

..........................................................


THE CINCINNATI OH CLIMATE NORMALS FOR TOMORROW
                         NORMAL    RECORD    YEAR
 MAXIMUM TEMPERATURE (F)   46        78      2017
 MINIMUM TEMPERATURE (F)   28        -7      2015


SUNRISE AND SUNSET
FEBRUARY 23 2018......SUNRISE   720 AM EST   SUNSET   625 PM EST
FEBRUARY 24 2018......SUNRISE   718 AM EST   SUNSET   626 PM EST


-  INDICATES NEGATIVE NUMBERS.
R  INDICATES RECORD WAS SET OR TIED.
MM INDICATES DATA IS MISSING.
T  INDICATES TRACE AMOUNT.




$$
