000
CDUS41 KILN 220540
CLICVG


CLIMATE REPORT
NATIONAL WEATHER SERVICE WILMINGTON OH
1240 AM EST MON DEC 22 2014


...................................

...THE CINCINNATI OH CLIMATE SUMMARY FOR DECEMBER 21 2014...

CLIMATE NORMAL PERIOD 1981 TO 2010
CLIMATE RECORD PERIOD 1869 TO 2014


WEATHER ITEM   OBSERVED TIME   RECORD YEAR NORMAL DEPARTURE LAST
                VALUE   (LST)  VALUE       VALUE  FROM      YEAR
                                                  NORMAL
..................................................................
TEMPERATURE (F)
 YESTERDAY
  MAXIMUM         38    313 PM  69    1967  40     -2       68
  MINIMUM         26    848 AM -14    1989  25      1       59
  AVERAGE         32                        32      0       64

PRECIPITATION (IN)
  YESTERDAY        0.00          2.47 1998   0.11  -0.11     1.86
  MONTH TO DATE    2.61                      2.27   0.34     4.20
  SINCE DEC 1      2.61                      2.27   0.34     4.20
  SINCE JAN 1     41.30                     41.42  -0.12    48.77

SNOWFALL (IN)
  YESTERDAY        0.0           3.9  1981   0.1   -0.1      0.0
  MONTH TO DATE    T                         2.8   -2.8     10.1
  SINCE DEC 1      T                         2.8   -2.8     10.1
  SINCE JUL 1      5.1                       3.6    1.5     12.5
  SNOW DEPTH       0

DEGREE DAYS
 HEATING
  YESTERDAY       33                        32      1        1
  MONTH TO DATE  577                       625    -48      602
  SINCE DEC 1    577                       625    -48      602
  SINCE JUL 1   1715                      1585    130     1638

 COOLING
  YESTERDAY        0                         0      0        0
  MONTH TO DATE    0                         0      0        0
  SINCE DEC 1      0                         0      0        0
  SINCE JAN 1   1077                      1121    -44     1150
..................................................................


WIND (MPH)
  RESULTANT WIND SPEED   4   RESULTANT WIND DIRECTION   E (100)
  HIGHEST WIND SPEED    10   HIGHEST WIND DIRECTION     E (90)
  HIGHEST GUST SPEED    13   HIGHEST GUST DIRECTION    SE (140)
  AVERAGE WIND SPEED     5.1


SKY COVER
  POSSIBLE SUNSHINE  MM
  AVERAGE SKY COVER 0.7


WEATHER CONDITIONS
 THE FOLLOWING WEATHER WAS RECORDED YESTERDAY.
  HAZE


RELATIVE HUMIDITY (PERCENT)
 HIGHEST    81           900 AM
 LOWEST     59           200 PM
 AVERAGE    70

..........................................................


THE CINCINNATI OH CLIMATE NORMALS FOR TODAY
                         NORMAL    RECORD    YEAR
 MAXIMUM TEMPERATURE (F)   40        64      1941
 MINIMUM TEMPERATURE (F)   25       -20      1989


SUNRISE AND SUNSET
DECEMBER 22 2014......SUNRISE   755 AM EST   SUNSET   520 PM EST
DECEMBER 23 2014......SUNRISE   755 AM EST   SUNSET   521 PM EST


-  INDICATES NEGATIVE NUMBERS.
R  INDICATES RECORD WAS SET OR TIED.
MM INDICATES DATA IS MISSING.
T  INDICATES TRACE AMOUNT.




$$
