000
CDUS41 KILN 260558
CLICVG


CLIMATE REPORT
NATIONAL WEATHER SERVICE WILMINGTON OH
151 AM EDT TUE MAY 26 2015


...................................

...THE CINCINNATI OH CLIMATE SUMMARY FOR MAY 25 2015...

CLIMATE NORMAL PERIOD 1981 TO 2010
CLIMATE RECORD PERIOD 1869 TO 2015


WEATHER ITEM   OBSERVED TIME   RECORD YEAR NORMAL DEPARTURE LAST
                VALUE   (LST)  VALUE       VALUE  FROM      YEAR
                                                  NORMAL
..................................................................
TEMPERATURE (F)
 YESTERDAY
  MAXIMUM         76    414 PM  93    1908  76      0       80
  MINIMUM         65    921 AM  32    1925  56      9       58
  AVERAGE         71                        66      5       69

PRECIPITATION (IN)
  YESTERDAY        0.18          1.90 1995   0.16   0.02     0.00
  MONTH TO DATE    0.95                      3.97  -3.02     2.86
  SINCE MAR 1     12.40                     11.82   0.58    11.93
  SINCE JAN 1     16.55                     17.63  -1.08    17.47

SNOWFALL (IN)
  YESTERDAY        0.0           0.0    MM   0.0    0.0      0.0
  MONTH TO DATE    0.0                       0.0    0.0      0.0
  SINCE MAR 1      4.9                       3.5    1.4      3.9
  SINCE JUL 1     29.9                      22.1    7.8     47.5
  SNOW DEPTH       0

DEGREE DAYS
 HEATING
  YESTERDAY        0                         3     -3        0
  MONTH TO DATE   67                       114    -47      109
  SINCE MAR 1   1049                      1121    -72     1162
  SINCE JUL 1   5276                      4948    328     5406

 COOLING
  YESTERDAY        6                         4      2        4
  MONTH TO DATE   98                        52     46       68
  SINCE MAR 1    103                        70     33       75
  SINCE JAN 1    103                        70     33       75
..................................................................


WIND (MPH)
  RESULTANT WIND SPEED  10   RESULTANT WIND DIRECTION   S (200)
  HIGHEST WIND SPEED    20   HIGHEST WIND DIRECTION     S (190)
  HIGHEST GUST SPEED    29   HIGHEST GUST DIRECTION    SW (210)
  AVERAGE WIND SPEED    10.4


SKY COVER
  POSSIBLE SUNSHINE  MM
  AVERAGE SKY COVER 0.8


WEATHER CONDITIONS
 THE FOLLOWING WEATHER WAS RECORDED YESTERDAY.
  RAIN
  LIGHT RAIN
  FOG


RELATIVE HUMIDITY (PERCENT)
 HIGHEST    93           900 AM
 LOWEST     57          1200 AM
 AVERAGE    75

..........................................................


THE CINCINNATI OH CLIMATE NORMALS FOR TODAY
                         NORMAL    RECORD    YEAR
 MAXIMUM TEMPERATURE (F)   76        95      1911
 MINIMUM TEMPERATURE (F)   56        37      1983


SUNRISE AND SUNSET
MAY 26 2015...........SUNRISE   618 AM EDT   SUNSET   854 PM EDT
MAY 27 2015...........SUNRISE   617 AM EDT   SUNSET   855 PM EDT


-  INDICATES NEGATIVE NUMBERS.
R  INDICATES RECORD WAS SET OR TIED.
MM INDICATES DATA IS MISSING.
T  INDICATES TRACE AMOUNT.




$$
