000
CDUS41 KILN 290637
CLICVG


CLIMATE REPORT
NATIONAL WEATHER SERVICE WILMINGTON OH
237 AM EDT THU SEP 29 2016


...................................

...THE CINCINNATI OH CLIMATE SUMMARY FOR SEPTEMBER 28 2016...

CLIMATE NORMAL PERIOD 1981 TO 2010
CLIMATE RECORD PERIOD 1869 TO 2016


WEATHER ITEM   OBSERVED TIME   RECORD YEAR NORMAL DEPARTURE LAST
                VALUE   (LST)  VALUE       VALUE  FROM      YEAR
                                                  NORMAL
..................................................................
TEMPERATURE (F)
 YESTERDAY
  MAXIMUM         64   1058 AM  92    1939  73     -9       85
  MINIMUM         49    943 PM  32    1942  52     -3       62
  AVERAGE         57                        62     -5       74

PRECIPITATION (IN)
  YESTERDAY        0.65          1.36 1916   0.09   0.56     0.03
  MONTH TO DATE    2.28                      2.44  -0.16     0.92
  SINCE SEP 1      2.28                      2.44  -0.16     0.92
  SINCE JAN 1     35.36                     32.23   3.13    33.13

SNOWFALL (IN)
  YESTERDAY        0.0          MM      MM   0.0    0.0      0.0
  MONTH TO DATE    0.0                       0.0    0.0      0.0
  SINCE SEP 1      0.0                       0.0    0.0      0.0
  SINCE JUL 1      0.0                       0.0    0.0      0.0
  SNOW DEPTH       0

DEGREE DAYS
 HEATING
  YESTERDAY        8                         5      3        0
  MONTH TO DATE   13                        48    -35       14
  SINCE SEP 1     13                        48    -35       14
  SINCE JUL 1     13                        48    -35       16

 COOLING
  YESTERDAY        0                         2     -2        9
  MONTH TO DATE  236                       133    103      180
  SINCE SEP 1    236                       133    103      180
  SINCE JAN 1   1411                      1101    310     1135
..................................................................


WIND (MPH)
  RESULTANT WIND SPEED   6   RESULTANT WIND DIRECTION   S (180)
  HIGHEST WIND SPEED    23   HIGHEST WIND DIRECTION     W (270)
  HIGHEST GUST SPEED    29   HIGHEST GUST DIRECTION     W (270)
  AVERAGE WIND SPEED     7.6


SKY COVER
  POSSIBLE SUNSHINE  MM
  AVERAGE SKY COVER 0.7


WEATHER CONDITIONS
 THE FOLLOWING WEATHER WAS RECORDED YESTERDAY.
  THUNDERSTORM
  HEAVY RAIN
  RAIN
  LIGHT RAIN
  FOG
  FOG W/VISIBILITY <= 1/4 MILE


RELATIVE HUMIDITY (PERCENT)
 HIGHEST   100           200 PM
 LOWEST     64           800 AM
 AVERAGE    82

..........................................................


THE CINCINNATI OH CLIMATE NORMALS FOR TODAY
                         NORMAL    RECORD    YEAR
 MAXIMUM TEMPERATURE (F)   73        97      1953
 MINIMUM TEMPERATURE (F)   51        33      1962


SUNRISE AND SUNSET
SEPTEMBER 29 2016.....SUNRISE   733 AM EDT   SUNSET   724 PM EDT
SEPTEMBER 30 2016.....SUNRISE   734 AM EDT   SUNSET   722 PM EDT


-  INDICATES NEGATIVE NUMBERS.
R  INDICATES RECORD WAS SET OR TIED.
MM INDICATES DATA IS MISSING.
T  INDICATES TRACE AMOUNT.




$$
