000
CDUS41 KILN 302050
CLICVG


CLIMATE REPORT
NATIONAL WEATHER SERVICE WILMINGTON OH
449 PM EDT SUN APR 30 2017


...................................

...THE CINCINNATI OH CLIMATE SUMMARY FOR APRIL 30 2017...
VALID TODAY AS OF 0400 PM LOCAL TIME.

CLIMATE NORMAL PERIOD 1981 TO 2010
CLIMATE RECORD PERIOD 1869 TO 2017


WEATHER ITEM   OBSERVED TIME   RECORD YEAR NORMAL DEPARTURE LAST
                VALUE   (LST)  VALUE       VALUE  FROM      YEAR
                                                  NORMAL
..................................................................
TEMPERATURE (F)
 TODAY
  MAXIMUM         81    324 PM  89    1942  69     12       62
  MINIMUM         67    612 AM  31    1958  48     19       53
  AVERAGE         74                        59     15       58

PRECIPITATION (IN)
  TODAY            T             1.31 1924   0.14  -0.14     0.55
  MONTH TO DATE    5.15                      3.89   1.26     4.88
  SINCE MAR 1      9.96                      7.85   2.11    10.18
  SINCE JAN 1     17.18                     13.66   3.52    16.81

SNOWFALL (IN)
  TODAY            0.0           1.5  1908   0.0    0.0      0.0
  MONTH TO DATE    0.0                       0.5   -0.5       T
  SINCE MAR 1      2.0                       3.5   -1.5      2.3
  SINCE JUL 1     10.0                      22.1  -12.1     19.2
  SNOW DEPTH       0

DEGREE DAYS
 HEATING
  TODAY            0                         7     -7        7
  MONTH TO DATE  169                       341   -172      311
  SINCE MAR 1    792                      1007   -215      765
  SINCE JUL 1   3872                      4834   -962     3973

 COOLING
  TODAY            9                         1      8        0
  MONTH TO DATE   51                        18     33       18
  SINCE MAR 1     52                        18     34       18
  SINCE JAN 1     52                        18     34       18
..................................................................


WIND (MPH)
  HIGHEST WIND SPEED    28   HIGHEST WIND DIRECTION     S (180)
  HIGHEST GUST SPEED    39   HIGHEST GUST DIRECTION     S (180)
  AVERAGE WIND SPEED    11.1


SKY COVER
  POSSIBLE SUNSHINE  MM
  AVERAGE SKY COVER 0.8


WEATHER CONDITIONS
 THE FOLLOWING WEATHER WAS RECORDED TODAY.
  THUNDERSTORM


RELATIVE HUMIDITY (PERCENT)
 HIGHEST    90           200 AM
 LOWEST     58           200 PM
 AVERAGE    74

..........................................................


THE CINCINNATI OH CLIMATE NORMALS FOR TOMORROW
                         NORMAL    RECORD    YEAR
 MAXIMUM TEMPERATURE (F)   70        92      1951
 MINIMUM TEMPERATURE (F)   49        27      1963


SUNRISE AND SUNSET
APRIL 30 2017.........SUNRISE   641 AM EDT   SUNSET   831 PM EDT
MAY  1 2017...........SUNRISE   640 AM EDT   SUNSET   832 PM EDT


-  INDICATES NEGATIVE NUMBERS.
R  INDICATES RECORD WAS SET OR TIED.
MM INDICATES DATA IS MISSING.
T  INDICATES TRACE AMOUNT.




$$
