000
CDUS41 KILN 070608
CLICVG


CLIMATE REPORT
NATIONAL WEATHER SERVICE WILMINGTON OH
105 AM EST WED DEC 7 2016


...................................

...THE CINCINNATI OH CLIMATE SUMMARY FOR DECEMBER 6 2016...

CLIMATE NORMAL PERIOD 1981 TO 2010
CLIMATE RECORD PERIOD 1869 TO 2016


WEATHER ITEM   OBSERVED TIME   RECORD YEAR NORMAL DEPARTURE LAST
                VALUE   (LST)  VALUE       VALUE  FROM      YEAR
                                                  NORMAL
..................................................................
TEMPERATURE (F)
 YESTERDAY
  MAXIMUM         43    705 PM  73    1998  44     -1       54
  MINIMUM         33   1151 PM  -3    1977  29      4       25
  AVERAGE         38                        37      1       40

PRECIPITATION (IN)
  YESTERDAY        0.58          1.27 1957   0.11   0.47     0.00
  MONTH TO DATE    0.69                      0.66   0.03     0.43
  SINCE DEC 1      0.69                      0.66   0.03     0.43
  SINCE JAN 1     40.69                     39.81   0.88    43.22

SNOWFALL (IN)
  YESTERDAY        0.0           5.3  2013   0.1   -0.1      0.0
  MONTH TO DATE    0.0                       0.6   -0.6       T
  SINCE DEC 1      0.0                       0.6   -0.6       T
  SINCE JUL 1      T                         1.4   -1.4       T
  SNOW DEPTH       0

DEGREE DAYS
 HEATING
  YESTERDAY       27                        28     -1       25
  MONTH TO DATE  158                       164     -6      158
  SINCE DEC 1    158                       164     -6      158
  SINCE JUL 1    840                      1124   -284      903

 COOLING
  YESTERDAY        0                         0      0        0
  MONTH TO DATE    0                         0      0        0
  SINCE DEC 1      0                         0      0        0
  SINCE JAN 1   1477                      1121    356     1157
..................................................................


WIND (MPH)
  RESULTANT WIND SPEED   5   RESULTANT WIND DIRECTION   N (340)
  HIGHEST WIND SPEED    26   HIGHEST WIND DIRECTION     W (290)
  HIGHEST GUST SPEED    34   HIGHEST GUST DIRECTION    NW (310)
  AVERAGE WIND SPEED    11.3


SKY COVER
  POSSIBLE SUNSHINE  MM
  AVERAGE SKY COVER 1.0


WEATHER CONDITIONS
 THE FOLLOWING WEATHER WAS RECORDED YESTERDAY.
  RAIN
  LIGHT RAIN
  FOG
  FOG W/VISIBILITY <= 1/4 MILE


RELATIVE HUMIDITY (PERCENT)
 HIGHEST   100           700 AM
 LOWEST     73           800 PM
 AVERAGE    87

..........................................................


THE CINCINNATI OH CLIMATE NORMALS FOR TODAY
                         NORMAL    RECORD    YEAR
 MAXIMUM TEMPERATURE (F)   44        69      1998
 MINIMUM TEMPERATURE (F)   29        -4      1977


SUNRISE AND SUNSET
DECEMBER  7 2016......SUNRISE   745 AM EST   SUNSET   516 PM EST
DECEMBER  8 2016......SUNRISE   745 AM EST   SUNSET   516 PM EST


-  INDICATES NEGATIVE NUMBERS.
R  INDICATES RECORD WAS SET OR TIED.
MM INDICATES DATA IS MISSING.
T  INDICATES TRACE AMOUNT.




$$
