000
CDUS41 KILN 310545
CLICVG


CLIMATE REPORT
NATIONAL WEATHER SERVICE WILMINGTON OH
143 AM EDT THU JUL 31 2014


...................................

...THE CINCINNATI OH CLIMATE SUMMARY FOR JULY 30 2014...

CLIMATE NORMAL PERIOD 1981 TO 2010
CLIMATE RECORD PERIOD 1869 TO 2014


WEATHER ITEM   OBSERVED TIME   RECORD YEAR NORMAL DEPARTURE LAST
                VALUE   (LST)  VALUE       VALUE  FROM      YEAR
                                                  NORMAL
..................................................................
TEMPERATURE (F)
 YESTERDAY
  MAXIMUM         80    314 PM 101    1999  85     -5       78
                                      1940
                                      1913
  MINIMUM         58    625 AM  52    1965  66     -8       57
  AVERAGE         69                        76     -7       68

PRECIPITATION (IN)
  YESTERDAY        T             1.59 1891   0.12  -0.12     0.00
  MONTH TO DATE    2.83                      3.64  -0.81     5.37
  SINCE JUN 1      9.05                      7.67   1.38    11.39
  SINCE JAN 1     26.52                     26.26   0.26    29.27

SNOWFALL (IN)
  YESTERDAY        0.0           0.0    MM   0.0    0.0      0.0
  MONTH TO DATE    0.0                       0.0    0.0      0.0
  SINCE JUN 1      0.0                       0.0    0.0      0.0
  SINCE JUL 1      0.0                       0.0    0.0      0.0
  SNOW DEPTH       0

DEGREE DAYS
 HEATING
  YESTERDAY        0                         0      0        0
  MONTH TO DATE    5                         0      5        2
  SINCE JUN 1      8                        15     -7        3
  SINCE JUL 1      5                         0      5        2

 COOLING
  YESTERDAY        4                        11     -7        3
  MONTH TO DATE  210                       328   -118      298
  SINCE JUN 1    484                       554    -70      537
  SINCE JAN 1    618                       648    -30      676
..................................................................


WIND (MPH)
  RESULTANT WIND SPEED   6   RESULTANT WIND DIRECTION   W (250)
  HIGHEST WIND SPEED    20   HIGHEST WIND DIRECTION     W (280)
  HIGHEST GUST SPEED    25   HIGHEST GUST DIRECTION     W (280)
  AVERAGE WIND SPEED     6.1


SKY COVER
  POSSIBLE SUNSHINE  MM
  AVERAGE SKY COVER 0.6


WEATHER CONDITIONS
 THE FOLLOWING WEATHER WAS RECORDED YESTERDAY.
  FOG


RELATIVE HUMIDITY (PERCENT)
 HIGHEST    93           600 AM
 LOWEST     47           400 PM
 AVERAGE    70

..........................................................


THE CINCINNATI OH CLIMATE NORMALS FOR TODAY
                         NORMAL    RECORD    YEAR
 MAXIMUM TEMPERATURE (F)   85       100      1913
 MINIMUM TEMPERATURE (F)   66        50      1993


SUNRISE AND SUNSET
JULY 31 2014..........SUNRISE   638 AM EDT   SUNSET   851 PM EDT
AUGUST  1 2014........SUNRISE   639 AM EDT   SUNSET   850 PM EDT


-  INDICATES NEGATIVE NUMBERS.
R  INDICATES RECORD WAS SET OR TIED.
MM INDICATES DATA IS MISSING.
T  INDICATES TRACE AMOUNT.




$$
