000
CDUS41 KILN 210616
CLICVG


CLIMATE REPORT
NATIONAL WEATHER SERVICE WILMINGTON OH
214 AM EDT TUE OCT 21 2014


...................................

...THE CINCINNATI OH CLIMATE SUMMARY FOR OCTOBER 20 2014...

CLIMATE NORMAL PERIOD 1981 TO 2010
CLIMATE RECORD PERIOD 1869 TO 2014


WEATHER ITEM   OBSERVED TIME   RECORD YEAR NORMAL DEPARTURE LAST
                VALUE   (LST)  VALUE       VALUE  FROM      YEAR
                                                  NORMAL
..................................................................
TEMPERATURE (F)
 YESTERDAY
  MAXIMUM         65    408 PM  86    1953  65      0       61
  MINIMUM         43   1241 AM  25    1972  44     -1       37
  AVERAGE         54                        54      0       49

PRECIPITATION (IN)
  YESTERDAY        T             4.30 1985   0.10  -0.10     0.00
  MONTH TO DATE    3.02                      2.13   0.89     4.32
  SINCE SEP 1      6.22                      4.76   1.46     7.97
  SINCE JAN 1     36.68                     34.55   2.13    41.02

SNOWFALL (IN)
  YESTERDAY        0.0           0.9  1989   0.0    0.0      0.0
  MONTH TO DATE    0.0                       0.2   -0.2      0.0
  SINCE SEP 1      0.0                       0.2   -0.2      0.0
  SINCE JUL 1      0.0                       0.2   -0.2      0.0
  SNOW DEPTH       0

DEGREE DAYS
 HEATING
  YESTERDAY       11                        11      0       16
  MONTH TO DATE  171                       165      6      111
  SINCE SEP 1    222                       223     -1      137
  SINCE JUL 1    227                       223      4      141

 COOLING
  YESTERDAY        0                         0      0        0
  MONTH TO DATE   13                        16     -3       30
  SINCE SEP 1    131                       153    -22      174
  SINCE JAN 1   1077                      1121    -44     1150
..................................................................


WIND (MPH)
  RESULTANT WIND SPEED   7   RESULTANT WIND DIRECTION  SW (210)
  HIGHEST WIND SPEED    17   HIGHEST WIND DIRECTION    SW (220)
  HIGHEST GUST SPEED    26   HIGHEST GUST DIRECTION     S (190)
  AVERAGE WIND SPEED     7.2


SKY COVER
  POSSIBLE SUNSHINE  MM
  AVERAGE SKY COVER 0.7


WEATHER CONDITIONS
 THE FOLLOWING WEATHER WAS RECORDED YESTERDAY.
  LIGHT RAIN
  HAZE


RELATIVE HUMIDITY (PERCENT)
 HIGHEST    86           500 AM
 LOWEST     56           200 PM
 AVERAGE    71

..........................................................


THE CINCINNATI OH CLIMATE NORMALS FOR TODAY
                         NORMAL    RECORD    YEAR
 MAXIMUM TEMPERATURE (F)   64        85      1953
                                             1947
 MINIMUM TEMPERATURE (F)   44        20      1952


SUNRISE AND SUNSET
OCTOBER 21 2014.......SUNRISE   754 AM EDT   SUNSET   652 PM EDT
OCTOBER 22 2014.......SUNRISE   755 AM EDT   SUNSET   650 PM EDT


-  INDICATES NEGATIVE NUMBERS.
R  INDICATES RECORD WAS SET OR TIED.
MM INDICATES DATA IS MISSING.
T  INDICATES TRACE AMOUNT.




$$
