000
CDUS45 KCYS 250728
CLICYS


CLIMATE REPORT
NATIONAL WEATHER SERVICE CHEYENNE WY
128 AM MDT MON MAY 25 2015


...................................

...THE CHEYENNE WYOMING AIRPORT CLIMATE SUMMARY FOR MAY 24 2015...

CLIMATE NORMAL PERIOD 1981 TO 2010
CLIMATE RECORD PERIOD 1871 TO 2015


WEATHER ITEM   OBSERVED TIME   RECORD YEAR NORMAL DEPARTURE LAST
                VALUE   (LST)  VALUE       VALUE  FROM      YEAR
                                                  NORMAL
..................................................................
TEMPERATURE (F)
 YESTERDAY
  MAXIMUM         60   1221 PM  83    1967  67     -7       65
                                      1964
                                      1886
  MINIMUM         37    520 AM  30    2007  43     -6       47
  AVERAGE         49                        55     -6       56

PRECIPITATION (IN)
  YESTERDAY        0.05          1.77 1908   0.08  -0.03     0.00
  MONTH TO DATE    5.34                      1.73   3.61     2.72
  SINCE JAN 1      8.93                      5.36   3.57     6.69

SNOWFALL (IN)
  YESTERDAY        0.0           1.8  2002   0.0    0.0      0.0
  MONTH TO DATE    4.4                       2.1    2.3     12.9
  SINCE JUL 1     54.5                      60.1   -5.6     91.6
  SNOW DEPTH       0

DEGREE DAYS
 HEATING
  YESTERDAY       16                        10      6        9
  MONTH TO DATE  443                       327    116      370
  SINCE MAR 1   1777                      1893   -116     1876
  SINCE JUL 1   6423                      6912   -489     7080

 COOLING
  YESTERDAY        0                         0      0        0
  MONTH TO DATE    0                         0      0        0
  SINCE MAR 1      0                         0      0        0
  SINCE JAN 1      0                         0      0        0
..................................................................


WIND (MPH)
  HIGHEST WIND SPEED    20   HIGHEST WIND DIRECTION     N (350)
  HIGHEST GUST SPEED    25   HIGHEST GUST DIRECTION    NW (330)
  AVERAGE WIND SPEED     6.2


SKY COVER
  AVERAGE SKY COVER 0.5


WEATHER CONDITIONS
 THE FOLLOWING WEATHER WAS RECORDED YESTERDAY.
  RAIN
  LIGHT RAIN
  FOG
  FOG W/VISIBILITY <= 1/4 MILE


RELATIVE HUMIDITY (PERCENT)
 HIGHEST    93           600 AM
 LOWEST     51          1000 AM
 AVERAGE    72

..........................................................


THE CHEYENNE WYOMING AIRPORT CLIMATE NORMALS FOR TODAY
                         NORMAL    RECORD    YEAR
 MAXIMUM TEMPERATURE (F)   67        88      1874
 MINIMUM TEMPERATURE (F)   43        29      1950


SUNRISE AND SUNSET
MAY 25 2015...........SUNRISE   533 AM MDT   SUNSET   820 PM MDT
MAY 26 2015...........SUNRISE   532 AM MDT   SUNSET   821 PM MDT


-  INDICATES NEGATIVE NUMBERS.
R  INDICATES RECORD WAS SET OR TIED.
MM INDICATES DATA IS MISSING.
T  INDICATES TRACE AMOUNT.




$$
