000
CDUS45 KCYS 290728
CLICYS


CLIMATE REPORT
NATIONAL WEATHER SERVICE CHEYENNE WY
128 AM MDT FRI AUG 29 2014


...................................

...THE CHEYENNE WYOMING CLIMATE SUMMARY FOR AUGUST 28 2014...

CLIMATE NORMAL PERIOD 1981 TO 2010
CLIMATE RECORD PERIOD 1871 TO 2014


WEATHER ITEM   OBSERVED TIME   RECORD YEAR NORMAL DEPARTURE LAST
                VALUE   (LST)  VALUE       VALUE  FROM      YEAR
                                                  NORMAL
..................................................................
TEMPERATURE (F)
 YESTERDAY
  MAXIMUM         69    428 PM  92    2013  79    -10       92
                                      1937
  MINIMUM         50   1144 PM  36    1875  52     -2       61
  AVERAGE         60                        65     -5       77

PRECIPITATION (IN)
  YESTERDAY        0.02          0.75 1974   0.06  -0.04     0.00
  MONTH TO DATE    1.43                      1.80  -0.37     1.11
  SINCE JAN 1     13.61                     12.30   1.31     8.35

SNOWFALL (IN)
  YESTERDAY        0.0          MM      MM   0.0    0.0      0.0
  MONTH TO DATE    0.0                       0.0    0.0      0.0
  SINCE JUL 1      0.0                       0.0    0.0      0.0
  SNOW DEPTH       0

DEGREE DAYS
 HEATING
  YESTERDAY        5                         2      3        0
  MONTH TO DATE   20                        32    -12        8
  SINCE JUN 1    175                       188    -13       77
  SINCE JUL 1     49                        54     -5       15

 COOLING
  YESTERDAY        0                         2     -2       12
  MONTH TO DATE   92                       110    -18      142
  SINCE JUN 1    264                       317    -53      419
  SINCE JAN 1    265                       320    -55      425
..................................................................


WIND (MPH)
  HIGHEST WIND SPEED    29   HIGHEST WIND DIRECTION     N (340)
  HIGHEST GUST SPEED    36   HIGHEST GUST DIRECTION    NW (330)
  AVERAGE WIND SPEED    10.0


SKY COVER
  AVERAGE SKY COVER 0.3


WEATHER CONDITIONS
 THE FOLLOWING WEATHER WAS RECORDED YESTERDAY.
  LIGHT RAIN


RELATIVE HUMIDITY (PERCENT)
 HIGHEST    93           900 PM
 LOWEST     48           500 PM
 AVERAGE    71

..........................................................


THE CHEYENNE WYOMING CLIMATE NORMALS FOR TODAY
                         NORMAL    RECORD    YEAR
 MAXIMUM TEMPERATURE (F)   79        93      2012
 MINIMUM TEMPERATURE (F)   51        30      1892


SUNRISE AND SUNSET
AUGUST 29 2014........SUNRISE   623 AM MDT   SUNSET   737 PM MDT
AUGUST 30 2014........SUNRISE   624 AM MDT   SUNSET   735 PM MDT


-  INDICATES NEGATIVE NUMBERS.
R  INDICATES RECORD WAS SET OR TIED.
MM INDICATES DATA IS MISSING.
T  INDICATES TRACE AMOUNT.




$$
