000
CDUS45 KCYS 240728
CLICYS


CLIMATE REPORT
NATIONAL WEATHER SERVICE CHEYENNE WY
1227 AM MST MON NOV 24 2014


...................................

...THE CHEYENNE WYOMING CLIMATE SUMMARY FOR NOVEMBER 23 2014...

CLIMATE NORMAL PERIOD 1981 TO 2010
CLIMATE RECORD PERIOD 1871 TO 2014


WEATHER ITEM   OBSERVED TIME   RECORD YEAR NORMAL DEPARTURE LAST
                VALUE   (LST)  VALUE       VALUE  FROM      YEAR
                                                  NORMAL
..................................................................
TEMPERATURE (F)
 YESTERDAY
  MAXIMUM         39   1205 AM  63    1917  43     -4       29
  MINIMUM         24   1159 PM  -9    1918  21      3       10
  AVERAGE         32                        32      0       20

PRECIPITATION (IN)
  YESTERDAY        0.00          0.57 1992   0.02  -0.02     0.00
  MONTH TO DATE    0.93                      0.46   0.47     0.16
  SINCE JAN 1     16.84                     15.32   1.52    17.68

SNOWFALL (IN)
  YESTERDAY        0.0           9.6  1992   0.3   -0.3      0.0
  MONTH TO DATE    5.8                       5.9   -0.1      3.1
  SINCE JUL 1      7.3                      12.2   -4.9     15.6
  SNOW DEPTH       0

DEGREE DAYS
 HEATING
  YESTERDAY       33                        33      0       45
  MONTH TO DATE  765                       649    116      649
  SINCE SEP 1   1357                      1452    -95     1492
  SINCE JUL 1   1415                      1508    -93     1507

 COOLING
  YESTERDAY        0                         0      0        0
  MONTH TO DATE    0                         0      0        0
  SINCE SEP 1     35                        22     13       67
  SINCE JAN 1    301                       348    -47      520
..................................................................


WIND (MPH)
  HIGHEST WIND SPEED    37   HIGHEST WIND DIRECTION    NW (330)
  HIGHEST GUST SPEED    48   HIGHEST GUST DIRECTION    NW (330)
  AVERAGE WIND SPEED    17.1


SKY COVER
  AVERAGE SKY COVER 0.2


WEATHER CONDITIONS
 THE FOLLOWING WEATHER WAS RECORDED YESTERDAY.
  NO SIGNIFICANT WEATHER WAS OBSERVED.


RELATIVE HUMIDITY (PERCENT)
 HIGHEST    78           500 AM
 LOWEST     32          1000 AM
 AVERAGE    55

..........................................................


THE CHEYENNE WYOMING CLIMATE NORMALS FOR TODAY
                         NORMAL    RECORD    YEAR
 MAXIMUM TEMPERATURE (F)   42        64      1990
 MINIMUM TEMPERATURE (F)   21       -16      1993


SUNRISE AND SUNSET
NOVEMBER 24 2014......SUNRISE   658 AM MST   SUNSET   434 PM MST
NOVEMBER 25 2014......SUNRISE   659 AM MST   SUNSET   434 PM MST


-  INDICATES NEGATIVE NUMBERS.
R  INDICATES RECORD WAS SET OR TIED.
MM INDICATES DATA IS MISSING.
T  INDICATES TRACE AMOUNT.




$$
