000
CDUS45 KCYS 260739
CLICYS


CLIMATE REPORT
NATIONAL WEATHER SERVICE CHEYENNE WY
1238 AM MST MON JAN 26 2015


...................................

...THE CHEYENNE WYOMING CLIMATE SUMMARY FOR JANUARY 25 2015...

CLIMATE NORMAL PERIOD 1981 TO 2010
CLIMATE RECORD PERIOD 1871 TO 2015


WEATHER ITEM   OBSERVED TIME   RECORD YEAR NORMAL DEPARTURE LAST
                VALUE   (LST)  VALUE       VALUE  FROM      YEAR
                                                  NORMAL
..................................................................
TEMPERATURE (F)
 YESTERDAY
  MAXIMUM         52    237 PM  61    1935  39     13       55
  MINIMUM         34    440 AM -21    1902  18     16       32
  AVERAGE         43                        28     15       44

PRECIPITATION (IN)
  YESTERDAY        0.00          1.18 1980   0.01  -0.01     0.00
  MONTH TO DATE    0.06                      0.26  -0.20     0.42
  SINCE JAN 1      0.06                      0.26  -0.20     0.42

SNOWFALL (IN)
  YESTERDAY        0.0          12.0  1980   0.2   -0.2      0.0
  MONTH TO DATE    0.8                       4.7   -3.9      7.4
  SINCE JUL 1     23.4                      27.4   -4.0     33.1
  SNOW DEPTH       0

DEGREE DAYS
 HEATING
  YESTERDAY       22                        36    -14       21
  MONTH TO DATE  880                       901    -21      860
  SINCE DEC 1   1985                      2056    -71     2056
  SINCE JUL 1   3583                      3804   -221     3760

 COOLING
  YESTERDAY        0                         0      0        0
  MONTH TO DATE    0                         0      0        0
  SINCE DEC 1      0                         0      0        0
  SINCE JAN 1      0                         0      0        0
..................................................................


WIND (MPH)
  HIGHEST WIND SPEED    30   HIGHEST WIND DIRECTION    NW (310)
  HIGHEST GUST SPEED    40   HIGHEST GUST DIRECTION    NW (310)
  AVERAGE WIND SPEED    14.6


SKY COVER
  AVERAGE SKY COVER 0.3


WEATHER CONDITIONS
 THE FOLLOWING WEATHER WAS RECORDED YESTERDAY.
  NO SIGNIFICANT WEATHER WAS OBSERVED.


RELATIVE HUMIDITY (PERCENT)
 HIGHEST    69           400 AM
 LOWEST     38           100 PM
 AVERAGE    54

..........................................................


THE CHEYENNE WYOMING CLIMATE NORMALS FOR TODAY
                         NORMAL    RECORD    YEAR
 MAXIMUM TEMPERATURE (F)   39        66      1982
 MINIMUM TEMPERATURE (F)   18       -27      1902


SUNRISE AND SUNSET
JANUARY 26 2015.......SUNRISE   716 AM MST   SUNSET   508 PM MST
JANUARY 27 2015.......SUNRISE   715 AM MST   SUNSET   510 PM MST


-  INDICATES NEGATIVE NUMBERS.
R  INDICATES RECORD WAS SET OR TIED.
MM INDICATES DATA IS MISSING.
T  INDICATES TRACE AMOUNT.




$$
