000
CDUS45 KCYS 290728
CLICYS


CLIMATE REPORT
NATIONAL WEATHER SERVICE CHEYENNE WY
127 AM MDT SAT AUG 29 2015


...................................

...THE CHEYENNE WYOMING AIRPORT CLIMATE SUMMARY FOR AUGUST 28 2015...

CLIMATE NORMAL PERIOD 1981 TO 2010
CLIMATE RECORD PERIOD 1871 TO 2015


WEATHER ITEM   OBSERVED TIME   RECORD YEAR NORMAL DEPARTURE LAST
                VALUE   (LST)  VALUE       VALUE  FROM      YEAR
                                                  NORMAL
..................................................................
TEMPERATURE (F)
 YESTERDAY
  MAXIMUM         81    259 PM  92    2013  79      2       69
                                      1937
  MINIMUM         54   1154 PM  36    1875  52      2       50
  AVERAGE         68                        65      3       60

PRECIPITATION (IN)
  YESTERDAY        0.03          0.75 1974   0.06  -0.03     0.02
  MONTH TO DATE    0.65                      1.80  -1.15     1.43
  SINCE JAN 1     13.61                     12.30   1.31    13.61

SNOWFALL (IN)
  YESTERDAY        0.0          MM      MM   0.0    0.0      0.0
  MONTH TO DATE    0.0                       0.0    0.0      0.0
  SINCE JUL 1      0.0                       0.0    0.0      0.0
  SNOW DEPTH       0

DEGREE DAYS
 HEATING
  YESTERDAY        0                         2     -2        5
  MONTH TO DATE   39                        32      7       20
  SINCE JUN 1    102                       188    -86      175
  SINCE JUL 1     66                        54     12       49

 COOLING
  YESTERDAY        3                         2      1        0
  MONTH TO DATE  140                       110     30       92
  SINCE JUN 1    332                       317     15      264
  SINCE JAN 1    332                       320     12      265
..................................................................


WIND (MPH)
  HIGHEST WIND SPEED    21   HIGHEST WIND DIRECTION     N (360)
  HIGHEST GUST SPEED    26   HIGHEST GUST DIRECTION    NW (310)
  AVERAGE WIND SPEED     8.3


SKY COVER
  AVERAGE SKY COVER 0.3


WEATHER CONDITIONS
 THE FOLLOWING WEATHER WAS RECORDED YESTERDAY.
  THUNDERSTORM
  LIGHT RAIN
  FOG
  HAZE


RELATIVE HUMIDITY (PERCENT)
 HIGHEST    86           200 AM
 LOWEST     20           300 PM
 AVERAGE    53

..........................................................


THE CHEYENNE WYOMING AIRPORT CLIMATE NORMALS FOR TODAY
                         NORMAL    RECORD    YEAR
 MAXIMUM TEMPERATURE (F)   79        93      2012
 MINIMUM TEMPERATURE (F)   51        30      1892


SUNRISE AND SUNSET
AUGUST 29 2015........SUNRISE   623 AM MDT   SUNSET   737 PM MDT
AUGUST 30 2015........SUNRISE   624 AM MDT   SUNSET   735 PM MDT


-  INDICATES NEGATIVE NUMBERS.
R  INDICATES RECORD WAS SET OR TIED.
MM INDICATES DATA IS MISSING.
T  INDICATES TRACE AMOUNT.




$$
