000
CDUS45 KCYS 280329
CLICYS


CLIMATE REPORT
NATIONAL WEATHER SERVICE CHEYENNE WY
929 PM MDT FRI MAR 27 2015


...................................

...THE CHEYENNE WYOMING AIRPORT CLIMATE SUMMARY FOR MARCH 27 2015...
VALID TODAY AS OF 0900 PM LOCAL TIME.

CLIMATE NORMAL PERIOD 1981 TO 2010
CLIMATE RECORD PERIOD 1871 TO 2015


WEATHER ITEM   OBSERVED TIME   RECORD YEAR NORMAL DEPARTURE LAST
                VALUE   (LST)  VALUE       VALUE  FROM      YEAR
                                                  NORMAL
..................................................................
TEMPERATURE (F)
 TODAY
  MAXIMUM         66    312 PM  72    1986  50     16       51
  MINIMUM         42   1216 AM -16    1899  27     15       30
  AVERAGE         54                        38     16       41

PRECIPITATION (IN)
  TODAY            0.00          0.90 1878   0.04  -0.04     0.02
  MONTH TO DATE    0.11                      0.88  -0.77     0.90
  SINCE MAR 1      0.11                      0.88  -0.77     0.90
  SINCE JAN 1      0.87                      1.68  -0.81     3.06

SNOWFALL (IN)
  TODAY            0.0           7.5  1975   0.4   -0.4      0.2
  MONTH TO DATE    1.7                       9.7   -8.0     11.4
  SINCE JUL 1     34.7                      46.2  -11.5     71.5
  SNOW DEPTH       0

DEGREE DAYS
 HEATING
  TODAY           11                        27    -16       24
  MONTH TO DATE  662                       796   -134      781
  SINCE MAR 1    662                       796   -134      781
  SINCE JUL 1   5308                      5815   -507     5985

 COOLING
  TODAY            0                         0      0        0
  MONTH TO DATE    0                         0      0        0
  SINCE MAR 1      0                         0      0        0
  SINCE JAN 1      0                         0      0        0
..................................................................


WIND (MPH)
  HIGHEST WIND SPEED    30   HIGHEST WIND DIRECTION     N (340)
  HIGHEST GUST SPEED    43   HIGHEST GUST DIRECTION    NW (330)
  AVERAGE WIND SPEED    16.5


SKY COVER
  AVERAGE SKY COVER 0.4


WEATHER CONDITIONS
 THE FOLLOWING WEATHER WAS RECORDED TODAY.
  NO SIGNIFICANT WEATHER WAS OBSERVED.


RELATIVE HUMIDITY (PERCENT)
 HIGHEST    57           100 AM
 LOWEST     21           600 PM
 AVERAGE    39

..........................................................


THE CHEYENNE WYOMING AIRPORT CLIMATE NORMALS FOR TOMORROW
                         NORMAL    RECORD    YEAR
 MAXIMUM TEMPERATURE (F)   50        74      1986
 MINIMUM TEMPERATURE (F)   27       -16      1886


SUNRISE AND SUNSET
MARCH 27 2015.........SUNRISE   651 AM MDT   SUNSET   719 PM MDT
MARCH 28 2015.........SUNRISE   650 AM MDT   SUNSET   720 PM MDT


-  INDICATES NEGATIVE NUMBERS.
R  INDICATES RECORD WAS SET OR TIED.
MM INDICATES DATA IS MISSING.
T  INDICATES TRACE AMOUNT.




$$
