000
CDUS45 KCYS 042226
CLICYS


CLIMATE REPORT
NATIONAL WEATHER SERVICE CHEYENNE WY
325 PM MST SUN DEC 4 2016


...................................

...THE CHEYENNE WYOMING AIRPORT CLIMATE SUMMARY FOR DECEMBER 4 2016...
VALID AS OF 0300 PM LOCAL TIME.

CLIMATE NORMAL PERIOD 1981 TO 2010
CLIMATE RECORD PERIOD 1871 TO 2016


WEATHER ITEM   OBSERVED TIME   RECORD YEAR NORMAL DEPARTURE LAST
                VALUE   (LST)  VALUE       VALUE  FROM      YEAR
                                                  NORMAL
..................................................................
TEMPERATURE (F)
 TODAY
  MAXIMUM         47    127 PM  64    1998  39      8       59
                                      1975
  MINIMUM         22    321 AM -13    2013  18      4       21
  AVERAGE         35                        28      7       40

PRECIPITATION (IN)
  TODAY            0.00          0.70 1913   0.02  -0.02     0.00
  MONTH TO DATE    0.01                      0.07  -0.06     0.00
  SINCE DEC 1      0.01                      0.07  -0.06     0.00
  SINCE JAN 1     14.29                     15.52  -1.23    16.69

SNOWFALL (IN)
  TODAY            0.0           5.0  1913   0.3   -0.3      0.0
  MONTH TO DATE    0.5                       1.2   -0.7      0.0
  SINCE JUL 1      4.3                      15.5  -11.2     10.7
  SNOW DEPTH       0

DEGREE DAYS
 HEATING
  TODAY           30                        37     -7       25
  MONTH TO DATE  149                       145      4      126
  SINCE DEC 1    149                       145      4      126
  SINCE JUL 1   1413                      1893   -480     1553

 COOLING
  TODAY            0                         0      0        0
  MONTH TO DATE    0                         0      0        0
  SINCE DEC 1      0                         0      0        0
  SINCE JAN 1    452                       348    104      362
..................................................................


WIND (MPH)
  HIGHEST WIND SPEED    37   HIGHEST WIND DIRECTION     W (270)
  HIGHEST GUST SPEED    42   HIGHEST GUST DIRECTION     W (270)
  AVERAGE WIND SPEED    15.0


SKY COVER
  AVERAGE SKY COVER 0.0


WEATHER CONDITIONS
 THE FOLLOWING WEATHER WAS RECORDED TODAY.
  NO SIGNIFICANT WEATHER WAS OBSERVED.


RELATIVE HUMIDITY (PERCENT)
 HIGHEST    57          1200 AM
 LOWEST     27          1200 PM
 AVERAGE    42

..........................................................


THE CHEYENNE WYOMING AIRPORT CLIMATE NORMALS FOR TOMORROW
                         NORMAL    RECORD    YEAR
 MAXIMUM TEMPERATURE (F)   39        69      1939
 MINIMUM TEMPERATURE (F)   18       -24      1972


SUNRISE AND SUNSET
DECEMBER  4 2016......SUNRISE   709 AM MST   SUNSET   431 PM MST
DECEMBER  5 2016......SUNRISE   710 AM MST   SUNSET   430 PM MST


-  INDICATES NEGATIVE NUMBERS.
R  INDICATES RECORD WAS SET OR TIED.
MM INDICATES DATA IS MISSING.
T  INDICATES TRACE AMOUNT.




$$
