215
CDUS45 KCYS 010733
CLICYS


CLIMATE REPORT
NATIONAL WEATHER SERVICE CHEYENNE WY
133 AM MDT SAT OCT 1 2016


...................................

...THE CHEYENNE WYOMING AIRPORT CLIMATE SUMMARY FOR SEPTEMBER 30 2016...

CLIMATE NORMAL PERIOD 1981 TO 2010
CLIMATE RECORD PERIOD 1871 TO 2016


WEATHER ITEM   OBSERVED TIME   RECORD YEAR NORMAL DEPARTURE LAST
                VALUE   (LST)  VALUE       VALUE  FROM      YEAR
                                                  NORMAL
..................................................................
TEMPERATURE (F)
 YESTERDAY
  MAXIMUM         70    239 PM  85    1980  65      5       76
  MINIMUM         48   1111 PM   8    1985  39      9       45
  AVERAGE         59                        52      7       61

PRECIPITATION (IN)
  YESTERDAY        0.02          1.12 1911   0.04  -0.02     0.00
  MONTH TO DATE    0.81                      1.48  -0.67     0.14
  SINCE JAN 1     13.64                     13.93  -0.29    13.75

SNOWFALL (IN)
  YESTERDAY       MM             2.8  1907   0.1   MM        0.0
  MONTH TO DATE    T                         1.3   -1.3      0.0
  SINCE JUL 1      T                         1.3   -1.3      0.0
  SNOW DEPTH       0

DEGREE DAYS
 HEATING
  YESTERDAY        6                        13     -7        4
  MONTH TO DATE  158                       225    -67       53
  SINCE SEP 1    158                       225    -67       53
  SINCE JUL 1    212                       281    -69      122

 COOLING
  YESTERDAY        0                         0      0        0
  MONTH TO DATE   32                        22     10       50
  SINCE SEP 1     32                        22     10       50
  SINCE JAN 1    452                       348    104      360
..................................................................


WIND (MPH)
  HIGHEST WIND SPEED    13   HIGHEST WIND DIRECTION     N (360)
  HIGHEST GUST SPEED    15   HIGHEST GUST DIRECTION     N (350)
  AVERAGE WIND SPEED     4.6


SKY COVER
  AVERAGE SKY COVER 0.5


WEATHER CONDITIONS
 THE FOLLOWING WEATHER WAS RECORDED YESTERDAY.
  THUNDERSTORM
  LIGHT RAIN


RELATIVE HUMIDITY (PERCENT)
 HIGHEST    83           900 PM
 LOWEST     40           200 PM
 AVERAGE    62

..........................................................


THE CHEYENNE WYOMING AIRPORT CLIMATE NORMALS FOR TODAY
                         NORMAL    RECORD    YEAR
 MAXIMUM TEMPERATURE (F)   64        84      2011
 MINIMUM TEMPERATURE (F)   38        23      1985
                                             1876


SUNRISE AND SUNSET
OCTOBER  1 2016.......SUNRISE   656 AM MDT   SUNSET   640 PM MDT
OCTOBER  2 2016.......SUNRISE   657 AM MDT   SUNSET   639 PM MDT


-  INDICATES NEGATIVE NUMBERS.
R  INDICATES RECORD WAS SET OR TIED.
MM INDICATES DATA IS MISSING.
T  INDICATES TRACE AMOUNT.




$$
