000
CDUS45 KCYS 010733
CLICYS


CLIMATE REPORT
NATIONAL WEATHER SERVICE CHEYENNE WY
132 AM MDT WED OCT 1 2014


...................................

...THE CHEYENNE WYOMING CLIMATE SUMMARY FOR SEPTEMBER 30 2014...

CLIMATE NORMAL PERIOD 1981 TO 2010
CLIMATE RECORD PERIOD 1871 TO 2014


WEATHER ITEM   OBSERVED TIME   RECORD YEAR NORMAL DEPARTURE LAST
                VALUE   (LST)  VALUE       VALUE  FROM      YEAR
                                                  NORMAL
..................................................................
TEMPERATURE (F)
 YESTERDAY
  MAXIMUM         63   1144 AM  85    1980  65     -2       75
  MINIMUM         46   1159 PM   8    1985  39      7       51
  AVERAGE         55                        52      3       63

PRECIPITATION (IN)
  YESTERDAY        0.00          1.12 1911   0.04  -0.04     0.00
  MONTH TO DATE    1.73                      1.48   0.25     6.95
  SINCE JAN 1     15.39                     13.93   1.46    15.38

SNOWFALL (IN)
  YESTERDAY        0.0           2.8  1907   0.1   -0.1      0.0
  MONTH TO DATE    0.7                       1.3   -0.6      0.0
  SINCE JUL 1      0.7                       1.3   -0.6      0.0
  SNOW DEPTH       0

DEGREE DAYS
 HEATING
  YESTERDAY       10                        13     -3        2
  MONTH TO DATE  162                       225    -63      167
  SINCE SEP 1    162                       225    -63      167
  SINCE JUL 1    220                       281    -61      182

 COOLING
  YESTERDAY        0                         0      0        0
  MONTH TO DATE   35                        22     13       67
  SINCE SEP 1     35                        22     13       67
  SINCE JAN 1    301                       348    -47      520
..................................................................


WIND (MPH)
  HIGHEST WIND SPEED    35   HIGHEST WIND DIRECTION     W (270)
  HIGHEST GUST SPEED    43   HIGHEST GUST DIRECTION     W (280)
  AVERAGE WIND SPEED    17.9


SKY COVER
  AVERAGE SKY COVER 0.4


WEATHER CONDITIONS
 THE FOLLOWING WEATHER WAS RECORDED YESTERDAY.
  NO SIGNIFICANT WEATHER WAS OBSERVED.


RELATIVE HUMIDITY (PERCENT)
 HIGHEST    82           100 AM
 LOWEST     34           200 PM
 AVERAGE    58

..........................................................


THE CHEYENNE WYOMING CLIMATE NORMALS FOR TODAY
                         NORMAL    RECORD    YEAR
 MAXIMUM TEMPERATURE (F)   64        84      2011
 MINIMUM TEMPERATURE (F)   38        23      1985
                                             1876


SUNRISE AND SUNSET
OCTOBER  1 2014.......SUNRISE   656 AM MDT   SUNSET   641 PM MDT
OCTOBER  2 2014.......SUNRISE   657 AM MDT   SUNSET   639 PM MDT


-  INDICATES NEGATIVE NUMBERS.
R  INDICATES RECORD WAS SET OR TIED.
MM INDICATES DATA IS MISSING.
T  INDICATES TRACE AMOUNT.




$$
