000
CDUS45 KCYS 300729
CLICYS


CLIMATE REPORT
NATIONAL WEATHER SERVICE CHEYENNE WY
129 AM MDT MON MAY 30 2016


...................................

...THE CHEYENNE WYOMING AIRPORT CLIMATE SUMMARY FOR MAY 29 2016...

CLIMATE NORMAL PERIOD 1981 TO 2010
CLIMATE RECORD PERIOD 1871 TO 2016


WEATHER ITEM   OBSERVED TIME   RECORD YEAR NORMAL DEPARTURE LAST
                VALUE   (LST)  VALUE       VALUE  FROM      YEAR
                                                  NORMAL
..................................................................
TEMPERATURE (F)
 YESTERDAY
  MAXIMUM         73    152 PM  91    2003  69      4       59
                                      2000
  MINIMUM         40    428 AM  16    1947  44     -4       41
  AVERAGE         57                        56      1       50

PRECIPITATION (IN)
  YESTERDAY        0.00          1.02 1990   0.09  -0.09     0.02
  MONTH TO DATE    1.88                      2.17  -0.29     5.90
  SINCE JAN 1      8.47                      5.80   2.67     9.49

SNOWFALL (IN)
  YESTERDAY        0.0          MM      MM   0.1   -0.1      0.0
  MONTH TO DATE    1.6                       2.3   -0.7      4.4
  SINCE JUL 1     91.7                      60.3   31.4     54.5
  SNOW DEPTH       0

DEGREE DAYS
 HEATING
  YESTERDAY        8                         9     -1       15
  MONTH TO DATE  440                       374     66      498
  SINCE MAR 1   1929                      1940    -11     1832
  SINCE JUL 1   6446                      6959   -513     6483

 COOLING
  YESTERDAY        0                         0      0        0
  MONTH TO DATE    0                         0      0        0
  SINCE MAR 1      0                         0      0        0
  SINCE JAN 1      0                         0      0        0
..................................................................


WIND (MPH)
  HIGHEST WIND SPEED    26   HIGHEST WIND DIRECTION    NW (300)
  HIGHEST GUST SPEED    36   HIGHEST GUST DIRECTION     W (290)
  AVERAGE WIND SPEED     9.6


SKY COVER
  AVERAGE SKY COVER 0.2


WEATHER CONDITIONS
 THE FOLLOWING WEATHER WAS RECORDED YESTERDAY.
  THUNDERSTORM


RELATIVE HUMIDITY (PERCENT)
 HIGHEST    76           300 AM
 LOWEST     27           200 PM
 AVERAGE    52

..........................................................


THE CHEYENNE WYOMING AIRPORT CLIMATE NORMALS FOR TODAY
                         NORMAL    RECORD    YEAR
 MAXIMUM TEMPERATURE (F)   69        88      2002
                                             1966
 MINIMUM TEMPERATURE (F)   44        25      1883


SUNRISE AND SUNSET
MAY 30 2016...........SUNRISE   530 AM MDT   SUNSET   825 PM MDT
MAY 31 2016...........SUNRISE   529 AM MDT   SUNSET   825 PM MDT


-  INDICATES NEGATIVE NUMBERS.
R  INDICATES RECORD WAS SET OR TIED.
MM INDICATES DATA IS MISSING.
T  INDICATES TRACE AMOUNT.




$$
