000
CDUS45 KCYS 090747
CLICYS


CLIMATE REPORT
NATIONAL WEATHER SERVICE CHEYENNE WY
1246 AM MST TUE FEB 9 2016


...................................

...THE CHEYENNE WYOMING AIRPORT CLIMATE SUMMARY FOR FEBRUARY 8 2016...

CLIMATE NORMAL PERIOD 1981 TO 2010
CLIMATE RECORD PERIOD 1871 TO 2016


WEATHER ITEM   OBSERVED TIME   RECORD YEAR NORMAL DEPARTURE LAST
                VALUE   (LST)  VALUE       VALUE  FROM      YEAR
                                                  NORMAL
..................................................................
TEMPERATURE (F)
 YESTERDAY
  MAXIMUM         42    417 PM  67    1954  39      3       55
  MINIMUM         19   1203 AM -34    1936  18      1       33
  AVERAGE         31                        28      3       44

PRECIPITATION (IN)
  YESTERDAY        0.00          0.25 1927   0.01  -0.01     0.00
  MONTH TO DATE    0.67                      0.11   0.56     0.31
  SINCE JAN 1      1.15                      0.44   0.71     0.37

SNOWFALL (IN)
  YESTERDAY        0.0           6.8  1927   0.3   -0.3      0.0
  MONTH TO DATE   10.9                       2.1    8.8      3.9
  SINCE JUL 1     45.6                      30.7   14.9     27.3
  SNOW DEPTH       3

DEGREE DAYS
 HEATING
  YESTERDAY       34                        37     -3       21
  MONTH TO DATE  330                       296     34      193
  SINCE DEC 1   2577                      2575      2     2316
  SINCE JUL 1   4004                      4323   -319     3919

 COOLING
  YESTERDAY        0                         0      0        0
  MONTH TO DATE    0                         0      0        0
  SINCE DEC 1      0                         0      0        0
  SINCE JAN 1      0                         0      0        0
..................................................................


WIND (MPH)
  HIGHEST WIND SPEED    30   HIGHEST WIND DIRECTION    NW (310)
  HIGHEST GUST SPEED    42   HIGHEST GUST DIRECTION    NW (310)
  AVERAGE WIND SPEED    17.6


SKY COVER
  AVERAGE SKY COVER 0.3


WEATHER CONDITIONS
 THE FOLLOWING WEATHER WAS RECORDED YESTERDAY.
  NO SIGNIFICANT WEATHER WAS OBSERVED.


RELATIVE HUMIDITY (PERCENT)
 HIGHEST    68           200 AM
 LOWEST     46           100 PM
 AVERAGE    57

..........................................................


THE CHEYENNE WYOMING AIRPORT CLIMATE NORMALS FOR TODAY
                         NORMAL    RECORD    YEAR
 MAXIMUM TEMPERATURE (F)   39        66      1954
 MINIMUM TEMPERATURE (F)   18       -21      1933


SUNRISE AND SUNSET
FEBRUARY  9 2016......SUNRISE   702 AM MST   SUNSET   525 PM MST
FEBRUARY 10 2016......SUNRISE   701 AM MST   SUNSET   527 PM MST


-  INDICATES NEGATIVE NUMBERS.
R  INDICATES RECORD WAS SET OR TIED.
MM INDICATES DATA IS MISSING.
T  INDICATES TRACE AMOUNT.




$$
