000
CDUS46 KSGX 210118
CLICZZ


CLIMATE REPORT
NATIONAL WEATHER SERVICE SAN DIEGO, CA
518 PM PST THU NOV 20 2014


...................................

...THE CAMPO ASOS CA CLIMATE SUMMARY FOR NOVEMBER 20 2014...
VALID TODAY AS OF 0500 PM LOCAL TIME.

CLIMATE NORMAL PERIOD 1981 TO 2010
CLIMATE RECORD PERIOD 1948 TO 2014


WEATHER ITEM   OBSERVED TIME   RECORD YEAR NORMAL DEPARTURE LAST
                VALUE   (LST)  VALUE       VALUE  FROM      YEAR
                                                  NORMAL
..................................................................
TEMPERATURE (F)
 TODAY
  MAXIMUM         67   1248 PM  85    1995  68     -1       61
  MINIMUM         30    640 AM  17    1979  35     -5       49
  AVERAGE         49                        52     -3       55

PRECIPITATION (IN)
  TODAY            0.00          0.56 1990   0.04  -0.04     0.00
  MONTH TO DATE    0.14                      0.63  -0.49     0.00
  SINCE JUL 1      2.17                      2.81  -0.64     2.84
  SINCE JAN 1      4.93                     12.96  -8.03     7.62

SNOWFALL (IN)
  TODAY            0.0
  MONTH TO DATE    0.0
  SINCE JAN 1      0.0
  SINCE JUL 1      0.0
  SNOW DEPTH       0

DEGREE DAYS
 HEATING
  TODAY           16                        13      3       10
  MONTH TO DATE  188                       213    -25      198
  SINCE SEP 1    274                       409   -135      479
  SINCE JUL 1    276                       423   -147      481

 COOLING
  TODAY            0                         0      0        0
  MONTH TO DATE    0                         0      0        0
  SINCE SEP 1    268                       189     79      192
  SINCE JAN 1    900                       839     61      909
..................................................................


WIND (MPH)
  RESULTANT WIND SPEED   0   RESULTANT WIND DIRECTION   E (100)
  HIGHEST WIND SPEED    17   HIGHEST WIND DIRECTION     W (250)
  HIGHEST GUST SPEED    25   HIGHEST GUST DIRECTION     S (200)
  AVERAGE WIND SPEED     7.4


SKY COVER
  POSSIBLE SUNSHINE  MM
  AVERAGE SKY COVER 0.0



RELATIVE HUMIDITY (PERCENT)
 HIGHEST    51          1200 AM
 LOWEST     16          1000 AM
 AVERAGE    34

..........................................................


THE CAMPO ASOS CA CLIMATE NORMALS FOR TOMORROW
                         NORMAL    RECORD    YEAR
 MAXIMUM TEMPERATURE (F)   68        83      1998
 MINIMUM TEMPERATURE (F)   35        16      1979


SUNRISE AND SUNSET
NOVEMBER 20 2014......SUNRISE   620 AM PST   SUNSET   442 PM PST
NOVEMBER 21 2014......SUNRISE   621 AM PST   SUNSET   442 PM PST


-  INDICATES NEGATIVE NUMBERS.
R  INDICATES RECORD WAS SET OR TIED.
MM INDICATES DATA IS MISSING.
T  INDICATES TRACE AMOUNT.




$$
