000
CDUS46 KSGX 280017
CLICZZ


CLIMATE REPORT
NATIONAL WEATHER SERVICE SAN DIEGO, CA
517 PM PDT SAT MAY 27 2017


...................................

...THE CAMPO ASOS CA CLIMATE SUMMARY FOR MAY 27 2017...
VALID TODAY AS OF 0500 PM LOCAL TIME.

CLIMATE NORMAL PERIOD 1981 TO 2010
CLIMATE RECORD PERIOD 1948 TO 2017


WEATHER ITEM   OBSERVED TIME   RECORD YEAR NORMAL DEPARTURE LAST
                VALUE   (LST)  VALUE       VALUE  FROM      YEAR
                                                  NORMAL
..................................................................
TEMPERATURE (F)
 TODAY
  MAXIMUM         78    253 PM  97    2003  82     -4       81
                                      1984
  MINIMUM         46   1202 AM  31    1998  43      3       49
  AVERAGE         62                        62      0       65

PRECIPITATION (IN)
  TODAY            0.00          0.13 1962   0.00   0.00     0.00
  MONTH TO DATE    0.89                      0.17   0.72     0.14
  SINCE OCT 1     16.58                     14.25   2.33     9.32
  SINCE JAN 1     11.35                     10.03   1.32     6.37

DEGREE DAYS
 HEATING
  TODAY            3                         4     -1        0
  MONTH TO DATE  161                       143     18      198
  SINCE MAR 1    739                       860   -121      871
  SINCE JUL 1   2649                      2911   -262     2755

 COOLING
  TODAY            0                         1     -1        0
  MONTH TO DATE   25                        22      3        2
  SINCE MAR 1     27                        25      2        2
  SINCE JAN 1     27                        25      2        2
..................................................................


WIND (MPH)
  RESULTANT WIND SPEED   5   RESULTANT WIND DIRECTION  SW (210)
  HIGHEST WIND SPEED    20   HIGHEST WIND DIRECTION     S (200)
  HIGHEST GUST SPEED    24   HIGHEST GUST DIRECTION     S (200)
  AVERAGE WIND SPEED     7.4


SKY COVER
  POSSIBLE SUNSHINE  MM
  AVERAGE SKY COVER 0.0



RELATIVE HUMIDITY (PERCENT)
 HIGHEST    93          1200 AM
 LOWEST     36           100 PM
 AVERAGE    65

..........................................................


THE CAMPO ASOS CA CLIMATE NORMALS FOR TOMORROW
                         NORMAL    RECORD    YEAR
 MAXIMUM TEMPERATURE (F)   82       102      2003
 MINIMUM TEMPERATURE (F)   43        30      1959


SUNRISE AND SUNSET
MAY 27 2017...........SUNRISE   541 AM PDT   SUNSET   746 PM PDT
MAY 28 2017...........SUNRISE   540 AM PDT   SUNSET   746 PM PDT


-  INDICATES NEGATIVE NUMBERS.
R  INDICATES RECORD WAS SET OR TIED.
MM INDICATES DATA IS MISSING.
T  INDICATES TRACE AMOUNT.




$$
