000
CDUS46 KSGX 161231
CLICZZ


CLIMATE REPORT
NATIONAL WEATHER SERVICE SAN DIEGO, CA
430 AM PST SAT DEC 16 2017


...................................

...THE CAMPO ASOS CA CLIMATE SUMMARY FOR DECEMBER 15 2017...

CLIMATE NORMAL PERIOD 1981 TO 2010
CLIMATE RECORD PERIOD 1948 TO 2017


WEATHER ITEM   OBSERVED TIME   RECORD YEAR NORMAL DEPARTURE LAST
                VALUE   (LST)  VALUE       VALUE  FROM      YEAR
                                                  NORMAL
..................................................................
TEMPERATURE (F)
 YESTERDAY
  MAXIMUM         71    342 PM  80    1969  62      9       75
  MINIMUM         35    950 PM  19    1987  32      3       37
  AVERAGE         53                        47      6       56

PRECIPITATION (IN)
  YESTERDAY        0.00          1.77 2008   0.08  -0.08     0.00
  MONTH TO DATE    0.00                      1.00  -1.00     0.00
  SINCE OCT 1      0.34                      2.95  -2.61     0.94
  SINCE JAN 1     12.06                     14.46  -2.40     8.32

DEGREE DAYS
 HEATING
  YESTERDAY       12                        18     -6        9
  MONTH TO DATE  155                       256   -101      220
  SINCE DEC 1    155                       256   -101      220
  SINCE JUL 1    551                       826   -275      638

 COOLING
  YESTERDAY        0                         0      0        0
  MONTH TO DATE    0                         0      0        0
  SINCE DEC 1      0                         0      0        0
  SINCE JAN 1   1087                       841    246      955
..................................................................


WIND (MPH)
  RESULTANT WIND SPEED  10   RESULTANT WIND DIRECTION  NE (60)
  HIGHEST WIND SPEED    31   HIGHEST WIND DIRECTION    NE (60)
  HIGHEST GUST SPEED    38   HIGHEST GUST DIRECTION     E (70)
  AVERAGE WIND SPEED    10.5


SKY COVER
  POSSIBLE SUNSHINE  MM
  AVERAGE SKY COVER 0.0



RELATIVE HUMIDITY (PERCENT)
 HIGHEST    32          1000 PM
 LOWEST      8           100 PM
 AVERAGE    20

..........................................................


THE CAMPO ASOS CA CLIMATE NORMALS FOR TODAY
                         NORMAL    RECORD    YEAR
 MAXIMUM TEMPERATURE (F)   62        76      2013
                                             1996
 MINIMUM TEMPERATURE (F)   32        20      2005
                                             1960


SUNRISE AND SUNSET
DECEMBER 16 2017......SUNRISE   641 AM PST   SUNSET   442 PM PST
DECEMBER 17 2017......SUNRISE   642 AM PST   SUNSET   443 PM PST


-  INDICATES NEGATIVE NUMBERS.
R  INDICATES RECORD WAS SET OR TIED.
MM INDICATES DATA IS MISSING.
T  INDICATES TRACE AMOUNT.




$$
