000
CDUS46 KSGX 271150
CLICZZ


CLIMATE REPORT
NATIONAL WEATHER SERVICE SAN DIEGO, CA
450 AM PDT THU JUL 27 2017


...................................

...THE CAMPO ASOS CA CLIMATE SUMMARY FOR JULY 26 2017...

CLIMATE NORMAL PERIOD 1981 TO 2010
CLIMATE RECORD PERIOD 1948 TO 2017


WEATHER ITEM   OBSERVED TIME   RECORD YEAR NORMAL DEPARTURE LAST
                VALUE   (LST)  VALUE       VALUE  FROM      YEAR
                                                  NORMAL
..................................................................
TEMPERATURE (F)
 YESTERDAY
  MAXIMUM         95    956 AM 106    1995  95      0       97
  MINIMUM         61   1140 PM  40    1986  54      7       63
  AVERAGE         78                        74      4       80

PRECIPITATION (IN)
  YESTERDAY        0.00          1.15 1952   0.02  -0.02     0.00
  MONTH TO DATE    0.16                      0.24  -0.08     0.00
  SINCE OCT 1     16.74                     14.61   2.13     9.32
  SINCE JAN 1     11.51                     10.39   1.12     6.37

DEGREE DAYS
 HEATING
  YESTERDAY        0                         0      0        0
  MONTH TO DATE    0                         4     -4        0
  SINCE JUN 1     37                        60    -23       27
  SINCE JUL 1      0                         4     -4        0

 COOLING
  YESTERDAY       13                         9      4       15
  MONTH TO DATE  307                       205    102      225
  SINCE JUN 1    478                       297    181      446
  SINCE JAN 1    505                       327    178      449
..................................................................


WIND (MPH)
  RESULTANT WIND SPEED   4   RESULTANT WIND DIRECTION  SW (210)
  HIGHEST WIND SPEED    23   HIGHEST WIND DIRECTION    SW (210)
  HIGHEST GUST SPEED    28   HIGHEST GUST DIRECTION    SW (210)
  AVERAGE WIND SPEED     6.8


SKY COVER
  POSSIBLE SUNSHINE  MM
  AVERAGE SKY COVER 0.0



RELATIVE HUMIDITY (PERCENT)
 HIGHEST    93          1200 AM
 LOWEST     33          1000 AM
 AVERAGE    63

..........................................................


THE CAMPO ASOS CA CLIMATE NORMALS FOR TODAY
                         NORMAL    RECORD    YEAR
 MAXIMUM TEMPERATURE (F)   95       111      1995
 MINIMUM TEMPERATURE (F)   54        40      1990


SUNRISE AND SUNSET
JULY 27 2017..........SUNRISE   557 AM PDT   SUNSET   747 PM PDT
JULY 28 2017..........SUNRISE   558 AM PDT   SUNSET   747 PM PDT


-  INDICATES NEGATIVE NUMBERS.
R  INDICATES RECORD WAS SET OR TIED.
MM INDICATES DATA IS MISSING.
T  INDICATES TRACE AMOUNT.




$$
