000
CDUS46 KSGX 281419
CLICZZ


CLIMATE REPORT
NATIONAL WEATHER SERVICE SAN DIEGO, CA
718 AM PDT THU MAY 28 2015


...................................

...THE CAMPO ASOS CA CLIMATE SUMMARY FOR MAY 27 2015...

CLIMATE NORMAL PERIOD 1981 TO 2010
CLIMATE RECORD PERIOD 1948 TO 2015


WEATHER ITEM   OBSERVED TIME   RECORD YEAR NORMAL DEPARTURE LAST
                VALUE   (LST)  VALUE       VALUE  FROM      YEAR
                                                  NORMAL
..................................................................
TEMPERATURE (F)
 YESTERDAY
  MAXIMUM         72    231 PM  97    2003  82    -10       90
                                      1984
  MINIMUM         47   1157 PM  31    1998  43      4       50
  AVERAGE         60                        62     -2       70

PRECIPITATION (IN)
  YESTERDAY        0.00          0.13 1962   0.00   0.00     0.00
  MONTH TO DATE    2.31                      0.17   2.14     0.01
  SINCE OCT 1      8.93                     14.25  -5.32     5.01
  SINCE JAN 1      5.06                     10.03  -4.97     2.76

SNOWFALL (IN)
  YESTERDAY        0.0
  MONTH TO DATE    0.0
  SINCE MAR 1      0.0
  SINCE JUL 1      0.0
  SNOW DEPTH       0

DEGREE DAYS
 HEATING
  YESTERDAY        5                         4      1        0
  MONTH TO DATE  243                       143    100      137
  SINCE MAR 1    826                       860    -34      761
  SINCE JUL 1   2462                      2911   -449     2631

 COOLING
  YESTERDAY        0                         1     -1        5
  MONTH TO DATE    2                        22    -20       31
  SINCE MAR 1      7                        25    -18       41
  SINCE JAN 1      7                        25    -18       41
..................................................................


WIND (MPH)
  RESULTANT WIND SPEED   6   RESULTANT WIND DIRECTION  SW (210)
  HIGHEST WIND SPEED    21   HIGHEST WIND DIRECTION    SW (220)
  HIGHEST GUST SPEED    25   HIGHEST GUST DIRECTION     S (190)
  AVERAGE WIND SPEED     8.7


SKY COVER
  POSSIBLE SUNSHINE  MM
  AVERAGE SKY COVER 0.0



RELATIVE HUMIDITY (PERCENT)
 HIGHEST    96           400 AM
 LOWEST     49           100 PM
 AVERAGE    73

..........................................................


THE CAMPO ASOS CA CLIMATE NORMALS FOR TODAY
                         NORMAL    RECORD    YEAR
 MAXIMUM TEMPERATURE (F)   82       102      2003
 MINIMUM TEMPERATURE (F)   43        30      1959


SUNRISE AND SUNSET
MAY 28 2015...........SUNRISE   540 AM PDT   SUNSET   746 PM PDT
MAY 29 2015...........SUNRISE   540 AM PDT   SUNSET   747 PM PDT


-  INDICATES NEGATIVE NUMBERS.
R  INDICATES RECORD WAS SET OR TIED.
MM INDICATES DATA IS MISSING.
T  INDICATES TRACE AMOUNT.




$$
