000
CDUS46 KSGX 251517
CLICZZ


CLIMATE REPORT
NATIONAL WEATHER SERVICE SAN DIEGO, CA
717 AM PST SAT FEB 25 2017


...................................

...THE CAMPO ASOS CA CLIMATE SUMMARY FOR FEBRUARY 24 2017...

CLIMATE NORMAL PERIOD 1981 TO 2010
CLIMATE RECORD PERIOD 1948 TO 2017


WEATHER ITEM   OBSERVED TIME   RECORD YEAR NORMAL DEPARTURE LAST
                VALUE   (LST)  VALUE       VALUE  FROM      YEAR
                                                  NORMAL
..................................................................
TEMPERATURE (F)
 YESTERDAY
  MAXIMUM         58    157 PM  85    1989  65     -7       67
  MINIMUM         24    550 AM  19    1964  35    -11       41
  AVERAGE         41                        50     -9       54

PRECIPITATION (IN)
  YESTERDAY        0.00          1.10 1998   0.12  -0.12     0.00
  MONTH TO DATE    1.25                      2.77  -1.52     0.20
  SINCE OCT 1     13.14                      9.97   3.17     6.75
  SINCE JAN 1      7.91                      5.75   2.16     3.80

DEGREE DAYS
 HEATING
  YESTERDAY       24                        15      9       11
  MONTH TO DATE  391                       376     15      268
  SINCE DEC 1   1409                      1422    -13     1428
  SINCE JUL 1   1827                      1992   -165     1844

 COOLING
  YESTERDAY        0                         0      0        0
  MONTH TO DATE    0                         0      0        0
  SINCE DEC 1      0                         0      0        0
  SINCE JAN 1      0                         0      0        0
..................................................................


WIND (MPH)
  RESULTANT WIND SPEED   1   RESULTANT WIND DIRECTION   N (360)
  HIGHEST WIND SPEED    20   HIGHEST WIND DIRECTION    SW (210)
  HIGHEST GUST SPEED    22   HIGHEST GUST DIRECTION     S (200)
  AVERAGE WIND SPEED     5.1


SKY COVER
  POSSIBLE SUNSHINE  MM
  AVERAGE SKY COVER 0.0



RELATIVE HUMIDITY (PERCENT)
 HIGHEST   100          1200 AM
 LOWEST     27          1100 AM
 AVERAGE    64

..........................................................


THE CAMPO ASOS CA CLIMATE NORMALS FOR TODAY
                         NORMAL    RECORD    YEAR
 MAXIMUM TEMPERATURE (F)   65        84      1968
 MINIMUM TEMPERATURE (F)   35        20      1960


SUNRISE AND SUNSET
FEBRUARY 25 2017......SUNRISE   618 AM PST   SUNSET   540 PM PST
FEBRUARY 26 2017......SUNRISE   617 AM PST   SUNSET   541 PM PST


-  INDICATES NEGATIVE NUMBERS.
R  INDICATES RECORD WAS SET OR TIED.
MM INDICATES DATA IS MISSING.
T  INDICATES TRACE AMOUNT.




$$
