000
CDUS46 KSGX 191135
CLICZZ


CLIMATE REPORT
NATIONAL WEATHER SERVICE SAN DIEGO, CA
435 AM PDT TUE SEP 19 2017


...................................

...THE CAMPO ASOS CA CLIMATE SUMMARY FOR SEPTEMBER 18 2017...

CLIMATE NORMAL PERIOD 1981 TO 2010
CLIMATE RECORD PERIOD 1948 TO 2017


WEATHER ITEM   OBSERVED TIME   RECORD YEAR NORMAL DEPARTURE LAST
                VALUE   (LST)  VALUE       VALUE  FROM      YEAR
                                                  NORMAL
..................................................................
TEMPERATURE (F)
 YESTERDAY
  MAXIMUM         81    204 PM 100    1962  89     -8       96
  MINIMUM         44    417 AM  29    1973  48     -4       52
  AVERAGE         63                        69     -6       74

PRECIPITATION (IN)
  YESTERDAY        0.00          0.98 2014   0.01  -0.01     0.00
  MONTH TO DATE    0.21                      0.21   0.00     0.00
  SINCE OCT 1     16.95                     15.60   1.35     9.32
  SINCE JAN 1     11.72                     11.38   0.34     6.37

DEGREE DAYS
 HEATING
  YESTERDAY        2                         1      1        0
  MONTH TO DATE   13                        16     -3       35
  SINCE SEP 1     13                        16     -3       35
  SINCE JUL 1     17                        30    -13       35

 COOLING
  YESTERDAY        0                         5     -5        9
  MONTH TO DATE  132                       118     14       57
  SINCE SEP 1    132                       118     14       57
  SINCE JAN 1   1009                       768    241      877
..................................................................


WIND (MPH)
  RESULTANT WIND SPEED   4   RESULTANT WIND DIRECTION  SW (220)
  HIGHEST WIND SPEED    21   HIGHEST WIND DIRECTION    SW (220)
  HIGHEST GUST SPEED    25   HIGHEST GUST DIRECTION    SW (230)
  AVERAGE WIND SPEED     8.2


SKY COVER
  POSSIBLE SUNSHINE  MM
  AVERAGE SKY COVER 0.0



RELATIVE HUMIDITY (PERCENT)
 HIGHEST   100           200 AM
 LOWEST     30           100 PM
 AVERAGE    65

..........................................................


THE CAMPO ASOS CA CLIMATE NORMALS FOR TODAY
                         NORMAL    RECORD    YEAR
 MAXIMUM TEMPERATURE (F)   89        99      1962
 MINIMUM TEMPERATURE (F)   48        29      1955


SUNRISE AND SUNSET
SEPTEMBER 19 2017.....SUNRISE   632 AM PDT   SUNSET   646 PM PDT
SEPTEMBER 20 2017.....SUNRISE   633 AM PDT   SUNSET   645 PM PDT


-  INDICATES NEGATIVE NUMBERS.
R  INDICATES RECORD WAS SET OR TIED.
MM INDICATES DATA IS MISSING.
T  INDICATES TRACE AMOUNT.




$$
