000
CDUS46 KSGX 281421
CLICZZ


CLIMATE REPORT
NATIONAL WEATHER SERVICE SAN DIEGO, CA
621 AM PST SAT FEB 28 2015


...................................

...THE CAMPO ASOS CA CLIMATE SUMMARY FOR FEBRUARY 27 2015...

CLIMATE NORMAL PERIOD 1981 TO 2010
CLIMATE RECORD PERIOD 1948 TO 2015


WEATHER ITEM   OBSERVED TIME   RECORD YEAR NORMAL DEPARTURE LAST
                VALUE   (LST)  VALUE       VALUE  FROM      YEAR
                                                  NORMAL
..................................................................
TEMPERATURE (F)
 YESTERDAY
  MAXIMUM         58    215 PM  85    1986  65     -7       64
  MINIMUM         32    454 AM  19    1964  35     -3       43
  AVERAGE         45                        50     -5       54

PRECIPITATION (IN)
  YESTERDAY        0.00          0.86 2010   0.12  -0.12     0.06
  MONTH TO DATE    0.65                      3.12  -2.47     0.45
  SINCE OCT 1      4.88                     10.32  -5.44     2.78
  SINCE JAN 1      1.01                      6.10  -5.09     0.53

SNOWFALL (IN)
  YESTERDAY        0.0
  MONTH TO DATE    0.0
  SINCE JAN 1      0.0
  SINCE JUL 1      0.0
  SNOW DEPTH       0

DEGREE DAYS
 HEATING
  YESTERDAY       20                        15      5       11
  MONTH TO DATE  301                       421   -120      371
  SINCE DEC 1   1240                      1467   -227     1229
  SINCE JUL 1   1621                      2037   -416     1858

 COOLING
  YESTERDAY        0                         0      0        0
  MONTH TO DATE    0                         0      0        0
  SINCE DEC 1      0                         0      0        2
  SINCE JAN 1      0                         0      0        0
..................................................................


WIND (MPH)
  RESULTANT WIND SPEED   8   RESULTANT WIND DIRECTION  SW (230)
  HIGHEST WIND SPEED    26   HIGHEST WIND DIRECTION    SW (230)
  HIGHEST GUST SPEED    33   HIGHEST GUST DIRECTION    SW (240)
  AVERAGE WIND SPEED    10.8


SKY COVER
  POSSIBLE SUNSHINE  MM
  AVERAGE SKY COVER 0.0



RELATIVE HUMIDITY (PERCENT)
 HIGHEST   100           400 AM
 LOWEST     62          1200 PM
 AVERAGE    81

..........................................................


THE CAMPO ASOS CA CLIMATE NORMALS FOR TODAY
                         NORMAL    RECORD    YEAR
 MAXIMUM TEMPERATURE (F)   65        83      1999
 MINIMUM TEMPERATURE (F)   36        19      1964


SUNRISE AND SUNSET
FEBRUARY 28 2015......SUNRISE   615 AM PST   SUNSET   542 PM PST
MARCH  1 2015.........SUNRISE   614 AM PST   SUNSET   543 PM PST


-  INDICATES NEGATIVE NUMBERS.
R  INDICATES RECORD WAS SET OR TIED.
MM INDICATES DATA IS MISSING.
T  INDICATES TRACE AMOUNT.




$$
