000
CDUS46 KSGX 312321
CLICZZ


CLIMATE REPORT
NATIONAL WEATHER SERVICE SAN DIEGO, CA
421 PM PDT WED AUG 31 2016


...................................

...THE CAMPO ASOS CA CLIMATE SUMMARY FOR AUGUST 31 2016...
VALID TODAY AS OF 0400 PM LOCAL TIME.

CLIMATE NORMAL PERIOD 1981 TO 2010
CLIMATE RECORD PERIOD 1948 TO 2016


WEATHER ITEM   OBSERVED TIME   RECORD YEAR NORMAL DEPARTURE LAST
                VALUE   (LST)  VALUE       VALUE  FROM      YEAR
                                                  NORMAL
..................................................................
TEMPERATURE (F)
 TODAY
  MAXIMUM         98    125 PM 105    1998  94      4       90
  MINIMUM         59    458 AM  37    1979  52      7       53
  AVERAGE         79                        73      6       72

PRECIPITATION (IN)
  TODAY            0.00          0.11 2007   0.02  -0.02     0.00
  MONTH TO DATE    0.00                      0.70  -0.70     0.01
  SINCE OCT 1      9.32                     15.39  -6.07    10.12
  SINCE JAN 1      6.37                     11.17  -4.80     6.25

DEGREE DAYS
 HEATING
  TODAY            0                         0      0        0
  MONTH TO DATE    0                         0      0        0
  SINCE JUN 1     27                        70    -43       60
  SINCE JUL 1      0                        14    -14       10

 COOLING
  TODAY           14                         8      6        7
  MONTH TO DATE  296                       278     18      305
  SINCE JUN 1    817                       620    197      673
  SINCE JAN 1    820                       650    170      690
..................................................................


WIND (MPH)
  RESULTANT WIND SPEED   4   RESULTANT WIND DIRECTION  NW (310)
  HIGHEST WIND SPEED    22   HIGHEST WIND DIRECTION     W (290)
  HIGHEST GUST SPEED    29   HIGHEST GUST DIRECTION     W (290)
  AVERAGE WIND SPEED     8.8


SKY COVER
  POSSIBLE SUNSHINE  MM
  AVERAGE SKY COVER 0.0



RELATIVE HUMIDITY (PERCENT)
 HIGHEST    43           500 AM
 LOWEST     12          1200 PM
 AVERAGE    28

..........................................................


THE CAMPO ASOS CA CLIMATE NORMALS FOR TOMORROW
                         NORMAL    RECORD    YEAR
 MAXIMUM TEMPERATURE (F)   94       107      1950
 MINIMUM TEMPERATURE (F)   52        36      1964


SUNRISE AND SUNSET
AUGUST 31 2016........SUNRISE   620 AM PDT   SUNSET   711 PM PDT
SEPTEMBER  1 2016.....SUNRISE   621 AM PDT   SUNSET   710 PM PDT


-  INDICATES NEGATIVE NUMBERS.
R  INDICATES RECORD WAS SET OR TIED.
MM INDICATES DATA IS MISSING.
T  INDICATES TRACE AMOUNT.




$$
