000
CDUS43 KUNR 230831
CLID07


CLIMATE REPORT
NATIONAL WEATHER SERVICE RAPID CITY SD
131 AM MST THU FEB 23 2017


...................................

...THE FAITH SD CLIMATE SUMMARY FOR FEBRUARY 22 2017...

CLIMATE NORMAL PERIOD 1981 TO 2010
CLIMATE RECORD PERIOD 9999 TO 9999


WEATHER ITEM   OBSERVED TIME   NORMAL DEPARTURE LAST
                VALUE   (LST)  VALUE  FROM      YEAR
                                      NORMAL
......................................................
TEMPERATURE (F)
 YESTERDAY
  MAXIMUM         48   1115 AM  35     13       48
  MINIMUM         30   1159 PM  16     14       20
  AVERAGE         39            25     14       34

PRECIPITATION (IN)
  YESTERDAY        0.00          0.01  -0.01     0.00
  MONTH TO DATE    0.13          0.36  -0.23     0.79
  SINCE DEC 1      1.12          0.96   0.16     1.58
  SINCE JAN 1      0.68          0.56   0.12     1.05

DEGREE DAYS
 HEATING
  YESTERDAY       26            40    -14       31
  MONTH TO DATE  807           929   -122      730
  SINCE DEC 1   3864          3675    189     3366
  SINCE JUL 1   5115          5458   -343     4752

 COOLING
  YESTERDAY        0             0      0        0
  MONTH TO DATE    0             0      0        0
  SINCE DEC 1      0             0      0        0
  SINCE JAN 1      0             0      0        0
......................................................


WIND (MPH)
  HIGHEST WIND SPEED    28   HIGHEST WIND DIRECTION    NW (300)
  HIGHEST GUST SPEED    34   HIGHEST GUST DIRECTION     W (290)
  AVERAGE WIND SPEED    13.5




RELATIVE HUMIDITY (PERCENT)
 HIGHEST   100           700 AM
 LOWEST     71          1100 AM
 AVERAGE    86

..........................................................




SUNRISE AND SUNSET
FEBRUARY 23 2017......SUNRISE   636 AM MST   SUNSET   528 PM MST
FEBRUARY 24 2017......SUNRISE   634 AM MST   SUNSET   529 PM MST


-  INDICATES NEGATIVE NUMBERS.
R  INDICATES RECORD WAS SET OR TIED.
MM INDICATES DATA IS MISSING.
T  INDICATES TRACE AMOUNT.




$$
