000
CDUS43 KUNR 230835
CLID07


CLIMATE REPORT
NATIONAL WEATHER SERVICE RAPID CITY SD
234 AM MDT FRI JUN 23 2017


...................................

...THE FAITH SD CLIMATE SUMMARY FOR JUNE 22 2017...

CLIMATE NORMAL PERIOD 1981 TO 2010
CLIMATE RECORD PERIOD 9999 TO 9999


WEATHER ITEM   OBSERVED TIME   NORMAL DEPARTURE LAST
                VALUE   (LST)  VALUE  FROM      YEAR
                                      NORMAL
......................................................
TEMPERATURE (F)
 YESTERDAY
  MAXIMUM         79    206 PM  80     -1       84
  MINIMUM         53   1159 PM  55     -2       50
  AVERAGE         66            67     -1       67

PRECIPITATION (IN)
  YESTERDAY        0.01          0.13  -0.12     0.00
  MONTH TO DATE    2.05          2.05   0.00     1.10
  SINCE JUN 1      2.05          2.05   0.00     1.10
  SINCE JAN 1      6.33          8.35  -2.02     7.95

DEGREE DAYS
 HEATING
  YESTERDAY        0             2     -2        0
  MONTH TO DATE    7            81    -74       14
  SINCE JUN 1      7            81    -74       14
  SINCE JUL 1   7107          7700   -593     6577

 COOLING
  YESTERDAY        1             4     -3        2
  MONTH TO DATE  106            48     58      124
  SINCE JUN 1    106            48     58      124
  SINCE JAN 1    118            60     58      126
......................................................


WIND (MPH)
  HIGHEST WIND SPEED    29   HIGHEST WIND DIRECTION    NW (330)
  HIGHEST GUST SPEED    36   HIGHEST GUST DIRECTION    NW (330)
  AVERAGE WIND SPEED    14.2




RELATIVE HUMIDITY (PERCENT)
 HIGHEST   100           400 AM
 LOWEST     21           300 PM
 AVERAGE    61

..........................................................




SUNRISE AND SUNSET
JUNE 23 2017..........SUNRISE   502 AM MDT   SUNSET   839 PM MDT
JUNE 24 2017..........SUNRISE   502 AM MDT   SUNSET   839 PM MDT


-  INDICATES NEGATIVE NUMBERS.
R  INDICATES RECORD WAS SET OR TIED.
MM INDICATES DATA IS MISSING.
T  INDICATES TRACE AMOUNT.




$$
