000
CDUS43 KUNR 260836
CLID07


CLIMATE REPORT
NATIONAL WEATHER SERVICE RAPID CITY SD
232 AM MDT SAT JUL 26 2014


...................................

...THE FAITH SD CLIMATE SUMMARY FOR JULY 25 2014...

CLIMATE NORMAL PERIOD 1981 TO 2010
CLIMATE RECORD PERIOD 9999 TO 9999


WEATHER ITEM   OBSERVED TIME   NORMAL DEPARTURE LAST
                VALUE   (LST)  VALUE  FROM      YEAR
                                      NORMAL
......................................................
TEMPERATURE (F)
 YESTERDAY
  MAXIMUM         84    408 PM  87     -3       83
  MINIMUM         61    507 AM  60      1       53
  AVERAGE         73            74     -1       68

PRECIPITATION (IN)
  YESTERDAY        0.00          0.05  -0.05     0.74
  MONTH TO DATE    0.43          2.45  -2.02     1.57
  SINCE JUN 1      6.36          5.54   0.82     2.83
  SINCE JAN 1     10.94         11.84  -0.90    10.47

DEGREE DAYS
 HEATING
  YESTERDAY        0             0      0        0
  MONTH TO DATE   17             5     12        3
  SINCE JUN 1    122            95     27       76
  SINCE JUL 1     17             5     12        3

 COOLING
  YESTERDAY        8             9     -1        3
  MONTH TO DATE  152           194    -42      247
  SINCE JUN 1    174           282   -108      329
  SINCE JAN 1    204           294    -90      342
......................................................


WIND (MPH)
  HIGHEST WIND SPEED    22   HIGHEST WIND DIRECTION     N (340)
  HIGHEST GUST SPEED    27   HIGHEST GUST DIRECTION    NW (330)
  AVERAGE WIND SPEED    11.7




RELATIVE HUMIDITY (PERCENT)
 HIGHEST    81           100 AM
 LOWEST     23           300 PM
 AVERAGE    52

..........................................................




SUNRISE AND SUNSET
JULY 26 2014..........SUNRISE   527 AM MDT   SUNSET   822 PM MDT
JULY 27 2014..........SUNRISE   528 AM MDT   SUNSET   821 PM MDT


-  INDICATES NEGATIVE NUMBERS.
R  INDICATES RECORD WAS SET OR TIED.
MM INDICATES DATA IS MISSING.
T  INDICATES TRACE AMOUNT.




$$
