000
CDUS43 KUNR 290832
CLID07


CLIMATE REPORT
NATIONAL WEATHER SERVICE RAPID CITY SD
231 AM MDT FRI JUL 29 2016


...................................

...THE FAITH SD CLIMATE SUMMARY FOR JULY 28 2016...

CLIMATE NORMAL PERIOD 1981 TO 2010
CLIMATE RECORD PERIOD 9999 TO 9999


WEATHER ITEM   OBSERVED TIME   NORMAL DEPARTURE LAST
                VALUE   (LST)  VALUE  FROM      YEAR
                                      NORMAL
......................................................
TEMPERATURE (F)
 YESTERDAY
  MAXIMUM         73    128 PM  87    -14       77
  MINIMUM         57    426 AM  60     -3       55
  AVERAGE         65            74     -9       66

PRECIPITATION (IN)
  YESTERDAY        1.07          0.05   1.02     0.00
  MONTH TO DATE    1.85          2.62  -0.77     0.58
  SINCE JUN 1      3.54          5.71  -2.17     3.22
  SINCE JAN 1     10.39         12.01  -1.62    10.46

DEGREE DAYS
 HEATING
  YESTERDAY        0             0      0        0
  MONTH TO DATE    3             5     -2        0
  SINCE JUN 1     18            95    -77       34
  SINCE JUL 1      3             5     -2        0

 COOLING
  YESTERDAY        0             9     -9        1
  MONTH TO DATE  255           221     34      235
  SINCE JUN 1    430           309    121      330
  SINCE JAN 1    432           321    111      332
......................................................


WIND (MPH)
  HIGHEST WIND SPEED    21   HIGHEST WIND DIRECTION    SE (130)
  HIGHEST GUST SPEED    26   HIGHEST GUST DIRECTION    SE (130)
  AVERAGE WIND SPEED     8.5




RELATIVE HUMIDITY (PERCENT)
 HIGHEST   100          1000 PM
 LOWEST     57           800 AM
 AVERAGE    79

..........................................................




SUNRISE AND SUNSET
JULY 29 2016..........SUNRISE   531 AM MDT   SUNSET   818 PM MDT
JULY 30 2016..........SUNRISE   532 AM MDT   SUNSET   817 PM MDT


-  INDICATES NEGATIVE NUMBERS.
R  INDICATES RECORD WAS SET OR TIED.
MM INDICATES DATA IS MISSING.
T  INDICATES TRACE AMOUNT.




$$
