870
CDUS43 KUNR 220833
CLID07


CLIMATE REPORT
NATIONAL WEATHER SERVICE RAPID CITY SD
233 AM MDT TUE AUG 22 2017


...................................

...THE FAITH SD CLIMATE SUMMARY FOR AUGUST 21 2017...

CLIMATE NORMAL PERIOD 1981 TO 2010
CLIMATE RECORD PERIOD 9999 TO 9999


WEATHER ITEM   OBSERVED TIME   NORMAL DEPARTURE LAST
                VALUE   (LST)  VALUE  FROM      YEAR
                                      NORMAL
......................................................
TEMPERATURE (F)
 YESTERDAY
  MAXIMUM         80    252 PM  85     -5       84
  MINIMUM         54   1140 PM  58     -4       49
  AVERAGE         67            71     -4       67

PRECIPITATION (IN)
  YESTERDAY        0.38          0.04   0.34     0.00
  MONTH TO DATE    0.92          1.15  -0.23     1.22
  SINCE JUN 1      4.05          7.04  -2.99     4.76
  SINCE JAN 1      8.33         13.34  -5.01    11.61

DEGREE DAYS
 HEATING
  YESTERDAY        0             1     -1        0
  MONTH TO DATE   12             5      7       12
  SINCE JUN 1     42           107    -65       30
  SINCE JUL 1     12            17     -5       15

 COOLING
  YESTERDAY        2             7     -5        2
  MONTH TO DATE   69           173   -104      173
  SINCE JUN 1    593           506     87      630
  SINCE JAN 1    605           518     87      632
......................................................


WIND (MPH)
  HIGHEST WIND SPEED    28   HIGHEST WIND DIRECTION     N (360)
  HIGHEST GUST SPEED    35   HIGHEST GUST DIRECTION    SE (120)
  AVERAGE WIND SPEED    10.4




RELATIVE HUMIDITY (PERCENT)
 HIGHEST   100           200 AM
 LOWEST     23           200 PM
 AVERAGE    62

..........................................................




SUNRISE AND SUNSET
AUGUST 22 2017........SUNRISE   558 AM MDT   SUNSET   742 PM MDT
AUGUST 23 2017........SUNRISE   600 AM MDT   SUNSET   741 PM MDT


-  INDICATES NEGATIVE NUMBERS.
R  INDICATES RECORD WAS SET OR TIED.
MM INDICATES DATA IS MISSING.
T  INDICATES TRACE AMOUNT.




$$
