266
CDUS43 KUNR 100834
CLID07


CLIMATE REPORT
NATIONAL WEATHER SERVICE RAPID CITY SD
134 AM MST SAT DEC 10 2016


...................................

...THE FAITH SD CLIMATE SUMMARY FOR DECEMBER 9 2016...

CLIMATE NORMAL PERIOD 1981 TO 2010
CLIMATE RECORD PERIOD 9999 TO 9999


WEATHER ITEM   OBSERVED TIME   NORMAL DEPARTURE LAST
                VALUE   (LST)  VALUE  FROM      YEAR
                                      NORMAL
......................................................
TEMPERATURE (F)
 YESTERDAY
  MAXIMUM          3   1229 PM  31    -28       59
  MINIMUM        -10    723 PM  12    -22       31
  AVERAGE         -3            22    -25       45

PRECIPITATION (IN)
  YESTERDAY        0.00          0.02  -0.02     0.00
  MONTH TO DATE    0.12          0.10   0.02     0.07
  SINCE DEC 1      0.12          0.10   0.02     0.07
  SINCE JAN 1     14.22         17.36  -3.14    15.46

DEGREE DAYS
 HEATING
  YESTERDAY       68            43     25       20
  MONTH TO DATE  457           380     77      262
  SINCE DEC 1    457           380     77      262
  SINCE JUL 1   1708          2163   -455     1648

 COOLING
  YESTERDAY        0             0      0        0
  MONTH TO DATE    0             0      0        0
  SINCE DEC 1      0             0      0        0
  SINCE JAN 1    734           635     99      691
......................................................


WIND (MPH)
  HIGHEST WIND SPEED    13   HIGHEST WIND DIRECTION    NE (30)
  HIGHEST GUST SPEED    13   HIGHEST GUST DIRECTION    NE (30)
  AVERAGE WIND SPEED     7.1




RELATIVE HUMIDITY (PERCENT)
 HIGHEST   100          1200 AM
 LOWEST     72           900 AM
 AVERAGE    86

..........................................................




SUNRISE AND SUNSET
DECEMBER 10 2016......SUNRISE   716 AM MST   SUNSET   406 PM MST
DECEMBER 11 2016......SUNRISE   717 AM MST   SUNSET   406 PM MST


-  INDICATES NEGATIVE NUMBERS.
R  INDICATES RECORD WAS SET OR TIED.
MM INDICATES DATA IS MISSING.
T  INDICATES TRACE AMOUNT.




$$
