000
CDUS43 KUNR 200834
CLID07


CLIMATE REPORT
NATIONAL WEATHER SERVICE RAPID CITY SD
133 AM MST TUE FEB 20 2018


...................................

...THE FAITH SD CLIMATE SUMMARY FOR FEBRUARY 19 2018...

CLIMATE NORMAL PERIOD 1981 TO 2010
CLIMATE RECORD PERIOD 9999 TO 9999


WEATHER ITEM   OBSERVED TIME   NORMAL DEPARTURE LAST
                VALUE   (LST)  VALUE  FROM      YEAR
                                      NORMAL
......................................................
TEMPERATURE (F)
 YESTERDAY
  MAXIMUM          4    321 AM  34    -30       63
  MINIMUM         -2    646 AM  15    -17       37
  AVERAGE          1            24    -23       50

PRECIPITATION (IN)
  YESTERDAY        0.09          0.01   0.08     0.00
  MONTH TO DATE    0.90          0.32   0.58     0.08
  SINCE DEC 1      1.66          0.92   0.74     1.07
  SINCE JAN 1      1.05          0.52   0.53     0.63

DEGREE DAYS
 HEATING
  YESTERDAY       64            41     23       15
  MONTH TO DATE 1092           809    283      756
  SINCE DEC 1   3834          3555    279     3813
  SINCE JUL 1   5457          5338    119     5064

 COOLING
  YESTERDAY        0             0      0        0
  MONTH TO DATE    0             0      0        0
  SINCE DEC 1      0             0      0        0
  SINCE JAN 1      0             0      0        0
......................................................


WIND (MPH)
  HIGHEST WIND SPEED    25   HIGHEST WIND DIRECTION     N (10)
  HIGHEST GUST SPEED    28   HIGHEST GUST DIRECTION     N (10)
  AVERAGE WIND SPEED    15.4




RELATIVE HUMIDITY (PERCENT)
 HIGHEST    95           200 PM
 LOWEST     79           800 AM
 AVERAGE    87

..........................................................




SUNRISE AND SUNSET
FEBRUARY 20 2018......SUNRISE   641 AM MST   SUNSET   523 PM MST
FEBRUARY 21 2018......SUNRISE   639 AM MST   SUNSET   525 PM MST


-  INDICATES NEGATIVE NUMBERS.
R  INDICATES RECORD WAS SET OR TIED.
MM INDICATES DATA IS MISSING.
T  INDICATES TRACE AMOUNT.




$$
