000
CDUS43 KUNR 260832
CLID07


CLIMATE REPORT
NATIONAL WEATHER SERVICE RAPID CITY SD
132 AM MST WED NOV 26 2014


...................................

...THE FAITH SD CLIMATE SUMMARY FOR NOVEMBER 25 2014...

CLIMATE NORMAL PERIOD 1981 TO 2010
CLIMATE RECORD PERIOD 9999 TO 9999


WEATHER ITEM   OBSERVED TIME   NORMAL DEPARTURE LAST
                VALUE   (LST)  VALUE  FROM      YEAR
                                      NORMAL
......................................................
TEMPERATURE (F)
 YESTERDAY
  MAXIMUM         38    245 PM  37      1       40
  MINIMUM         21    331 AM  17      4       23
  AVERAGE         30            27      3       32

PRECIPITATION (IN)
  YESTERDAY        0.03          0.00   0.03     0.00
  MONTH TO DATE    0.32          0.51  -0.19     0.22
  SINCE SEP 1      2.00          3.42  -1.42     3.96
  SINCE JAN 1     18.51         17.24   1.27    16.33

DEGREE DAYS
 HEATING
  YESTERDAY       35            38     -3       33
  MONTH TO DATE  959           786    173      788
  SINCE SEP 1   1611          1552     59     1555
  SINCE JUL 1   1654          1585     69     1570

 COOLING
  YESTERDAY        0             0      0        0
  MONTH TO DATE    0             0      0        0
  SINCE SEP 1     46            60    -14      130
  SINCE JAN 1    445           635   -190      720
......................................................


WIND (MPH)
  HIGHEST WIND SPEED    36   HIGHEST WIND DIRECTION     N (340)
  HIGHEST GUST SPEED    45   HIGHEST GUST DIRECTION    NW (320)
  AVERAGE WIND SPEED    15.4




RELATIVE HUMIDITY (PERCENT)
 HIGHEST    89           100 PM
 LOWEST     69          1000 AM
 AVERAGE    79

..........................................................




SUNRISE AND SUNSET
NOVEMBER 26 2014......SUNRISE   700 AM MST   SUNSET   410 PM MST
NOVEMBER 27 2014......SUNRISE   701 AM MST   SUNSET   410 PM MST


-  INDICATES NEGATIVE NUMBERS.
R  INDICATES RECORD WAS SET OR TIED.
MM INDICATES DATA IS MISSING.
T  INDICATES TRACE AMOUNT.




$$
