000
CDUS43 KUNR 200834
CLID07


CLIMATE REPORT
NATIONAL WEATHER SERVICE RAPID CITY SD
233 AM MDT FRI OCT 20 2017


...................................

...THE FAITH SD CLIMATE SUMMARY FOR OCTOBER 19 2017...

CLIMATE NORMAL PERIOD 1981 TO 2010
CLIMATE RECORD PERIOD 9999 TO 9999


WEATHER ITEM   OBSERVED TIME   NORMAL DEPARTURE LAST
                VALUE   (LST)  VALUE  FROM      YEAR
                                      NORMAL
......................................................
TEMPERATURE (F)
 YESTERDAY
  MAXIMUM         80        MM  57     23       58
  MINIMUM         41    600 AM  34      7       32
  AVERAGE         61            46     15       45

PRECIPITATION (IN)
  YESTERDAY        0.00          0.07  -0.07     0.00
  MONTH TO DATE    0.11          0.82  -0.71     0.49
  SINCE SEP 1      1.08          2.18  -1.10     1.88
  SINCE JAN 1      9.55         16.00  -6.45    13.50

DEGREE DAYS
 HEATING
  YESTERDAY        4            19    -15       20
  MONTH TO DATE  286           304    -18      262
  SINCE SEP 1    469           503    -34      374
  SINCE JUL 1    481           536    -55      403

 COOLING
  YESTERDAY        0             0      0        0
  MONTH TO DATE    0             0      0        2
  SINCE SEP 1     91            59     32       48
  SINCE JAN 1    755           634    121      734
......................................................


WIND (MPH)
  HIGHEST WIND SPEED    21   HIGHEST WIND DIRECTION     S (170)
  HIGHEST GUST SPEED    MM   HIGHEST GUST DIRECTION    MM
  AVERAGE WIND SPEED    12.7




RELATIVE HUMIDITY (PERCENT)
 HIGHEST    67           700 AM
 LOWEST     11           100 PM
 AVERAGE    39

..........................................................




SUNRISE AND SUNSET
OCTOBER 20 2017.......SUNRISE   711 AM MDT   SUNSET   554 PM MDT
OCTOBER 21 2017.......SUNRISE   712 AM MDT   SUNSET   552 PM MDT


-  INDICATES NEGATIVE NUMBERS.
R  INDICATES RECORD WAS SET OR TIED.
MM INDICATES DATA IS MISSING.
T  INDICATES TRACE AMOUNT.




$$
