000
CDUS43 KUNR 240832
CLID07


CLIMATE REPORT
NATIONAL WEATHER SERVICE RAPID CITY SD
132 AM MST WED DEC 24 2014


...................................

...THE FAITH SD CLIMATE SUMMARY FOR DECEMBER 23 2014...

CLIMATE NORMAL PERIOD 1981 TO 2010
CLIMATE RECORD PERIOD 9999 TO 9999


WEATHER ITEM   OBSERVED TIME   NORMAL DEPARTURE LAST
                VALUE   (LST)  VALUE  FROM      YEAR
                                      NORMAL
......................................................
TEMPERATURE (F)
 YESTERDAY
  MAXIMUM         30    806 PM  30      0        4
  MINIMUM         19   1136 PM  11      8      -18
  AVERAGE         25            20      5       -7

PRECIPITATION (IN)
  YESTERDAY        0.06          0.01   0.05     0.00
  MONTH TO DATE    0.24          0.28  -0.04     0.57
  SINCE DEC 1      0.24          0.28  -0.04     0.57
  SINCE JAN 1     18.78         17.54   1.24    16.90

DEGREE DAYS
 HEATING
  YESTERDAY       40            45     -5       72
  MONTH TO DATE  802          1003   -201     1224
  SINCE DEC 1    802          1003   -201     1224
  SINCE JUL 1   2678          2786   -108     2974

 COOLING
  YESTERDAY        0             0      0        0
  MONTH TO DATE    0             0      0        0
  SINCE DEC 1      0             0      0        0
  SINCE JAN 1    445           635   -190      720
......................................................


WIND (MPH)
  HIGHEST WIND SPEED    32   HIGHEST WIND DIRECTION    NW (330)
  HIGHEST GUST SPEED    39   HIGHEST GUST DIRECTION    NW (330)
  AVERAGE WIND SPEED    19.3




RELATIVE HUMIDITY (PERCENT)
 HIGHEST    88           600 AM
 LOWEST     72           300 PM
 AVERAGE    80

..........................................................




SUNRISE AND SUNSET
DECEMBER 24 2014......SUNRISE   725 AM MST   SUNSET   411 PM MST
DECEMBER 25 2014......SUNRISE   725 AM MST   SUNSET   411 PM MST


-  INDICATES NEGATIVE NUMBERS.
R  INDICATES RECORD WAS SET OR TIED.
MM INDICATES DATA IS MISSING.
T  INDICATES TRACE AMOUNT.




$$
