295
CDUS43 KUNR 090834
CLID07


CLIMATE REPORT
NATIONAL WEATHER SERVICE RAPID CITY SD
134 AM MST TUE FEB 9 2016


...................................

...THE FAITH SD CLIMATE SUMMARY FOR FEBRUARY 8 2016...

CLIMATE NORMAL PERIOD 1981 TO 2010
CLIMATE RECORD PERIOD 9999 TO 9999


WEATHER ITEM   OBSERVED TIME   NORMAL DEPARTURE LAST
                VALUE   (LST)  VALUE  FROM      YEAR
                                      NORMAL
......................................................
TEMPERATURE (F)
 YESTERDAY
  MAXIMUM         39    123 PM  32      7       61
  MINIMUM         21    719 AM  12      9       34
  AVERAGE         30            22      8       48

PRECIPITATION (IN)
  YESTERDAY        0.00          0.02  -0.02     0.00
  MONTH TO DATE    0.03          0.14  -0.11     0.09
  SINCE DEC 1      0.82          0.74   0.08     0.54
  SINCE JAN 1      0.29          0.34  -0.05     0.26

DEGREE DAYS
 HEATING
  YESTERDAY       35            43     -8       17
  MONTH TO DATE  293           349    -56      298
  SINCE DEC 1   2929          3095   -166     2731
  SINCE JUL 1   4315          4878   -563     4607

 COOLING
  YESTERDAY        0             0      0        0
  MONTH TO DATE    0             0      0        0
  SINCE DEC 1      0             0      0        0
  SINCE JAN 1      0             0      0        0
......................................................


WIND (MPH)
  HIGHEST WIND SPEED    32   HIGHEST WIND DIRECTION    NW (330)
  HIGHEST GUST SPEED    39   HIGHEST GUST DIRECTION    NW (320)
  AVERAGE WIND SPEED    18.3




RELATIVE HUMIDITY (PERCENT)
 HIGHEST    71           400 AM
 LOWEST     29           300 PM
 AVERAGE    50

..........................................................




SUNRISE AND SUNSET
FEBRUARY  9 2016......SUNRISE   658 AM MST   SUNSET   507 PM MST
FEBRUARY 10 2016......SUNRISE   657 AM MST   SUNSET   508 PM MST


-  INDICATES NEGATIVE NUMBERS.
R  INDICATES RECORD WAS SET OR TIED.
MM INDICATES DATA IS MISSING.
T  INDICATES TRACE AMOUNT.




$$
