000
CDUS42 KMLB 282016
CLIDAB


CLIMATE REPORT
NATIONAL WEATHER SERVICE MELBOURNE FL
416 PM EDT FRI APR 28 2017


...................................

...THE DAYTONA BEACH CLIMATE SUMMARY FOR APRIL 28 2017...
VALID TODAY AS OF 0400 PM LOCAL TIME.

CLIMATE NORMAL PERIOD 1981 TO 2010
CLIMATE RECORD PERIOD 1923 TO 2017


WEATHER ITEM   OBSERVED TIME   RECORD YEAR NORMAL DEPARTURE LAST
                VALUE   (LST)  VALUE       VALUE  FROM      YEAR
                                                  NORMAL
..................................................................
TEMPERATURE (F)
 TODAY
  MAXIMUM         91   1142 AM  95    1968  81     10       89
  MINIMUM         71    428 AM  46    1977  61     10       67
                                      1946
  AVERAGE         81                        71     10       78

PRECIPITATION (IN)
  TODAY            0.00          2.51 1964   0.06  -0.06     0.11
  MONTH TO DATE    1.22                      2.08  -0.86     2.16
  SINCE MAR 1      2.29                      6.32  -4.03     3.59
  SINCE JAN 1      6.30                     11.84  -5.54    14.30

SNOWFALL (IN)
  TODAY            0.0
  MONTH TO DATE    0.0
  SINCE JUL 1      0.0

DEGREE DAYS
 HEATING
  TODAY            0                         0      0        0
  MONTH TO DATE   13                        27    -14        5
  SINCE MAR 1     95                       124    -29       43
  SINCE JUL 1    401                       806   -405      508

 COOLING
  TODAY           16                         6     10       13
  MONTH TO DATE  195                       131     64      179
  SINCE MAR 1    316                       208    108      359
  SINCE JAN 1    436                       273    163      409
..................................................................


WIND (MPH)
  HIGHEST WIND SPEED    16   HIGHEST WIND DIRECTION     E (80)
  HIGHEST GUST SPEED    22   HIGHEST GUST DIRECTION     E (110)
  AVERAGE WIND SPEED     5.2


SKY COVER
  AVERAGE SKY COVER 0.3


WEATHER CONDITIONS
 THE FOLLOWING WEATHER WAS RECORDED TODAY.
  FOG


RELATIVE HUMIDITY (PERCENT)
 HIGHEST   100           200 AM
 LOWEST     59           300 PM
 AVERAGE    80

..........................................................


THE DAYTONA BEACH CLIMATE NORMALS FOR TOMORROW
                         NORMAL    RECORD    YEAR
 MAXIMUM TEMPERATURE (F)   82        94      1968
 MINIMUM TEMPERATURE (F)   61        45      1928


SUNRISE AND SUNSET
APRIL 28 2017.........SUNRISE   645 AM EDT   SUNSET   759 PM EDT
APRIL 29 2017.........SUNRISE   644 AM EDT   SUNSET   759 PM EDT


-  INDICATES NEGATIVE NUMBERS.
R  INDICATES RECORD WAS SET OR TIED.
MM INDICATES DATA IS MISSING.
T  INDICATES TRACE AMOUNT.




$$
