000
CDUS42 KMLB 230627
CLIDAB


CLIMATE REPORT
NATIONAL WEATHER SERVICE MELBOURNE FL
226 AM EDT WED JUL 23 2014


...................................

...THE DAYTONA BEACH CLIMATE SUMMARY FOR JULY 22 2014...

CLIMATE NORMAL PERIOD 1981 TO 2010
CLIMATE RECORD PERIOD 1923 TO 2014


WEATHER ITEM   OBSERVED TIME   RECORD YEAR NORMAL DEPARTURE LAST
                VALUE   (LST)  VALUE       VALUE  FROM      YEAR
                                                  NORMAL
..................................................................
TEMPERATURE (F)
 YESTERDAY
  MAXIMUM         87    348 PM  99    1942  91     -4       90
  MINIMUM         73    343 AM  66    1965  73      0       74
  AVERAGE         80                        82     -2       82

PRECIPITATION (IN)
  YESTERDAY        0.01          3.45 1944   0.17  -0.16     0.30
  MONTH TO DATE    6.01                      4.12   1.89     5.49
  SINCE JUN 1      9.76                      9.95  -0.19    12.89
  SINCE JAN 1     29.51                     25.02   4.49    27.72

SNOWFALL (IN)
  YESTERDAY        0.0
  MONTH TO DATE    0.0
  SINCE JUL 1      0.0

DEGREE DAYS
 HEATING
  YESTERDAY        0                         0      0        0
  MONTH TO DATE    0                         0      0        0
  SINCE JUN 1      0                         0      0        0
  SINCE JUL 1      0                         0      0        0

 COOLING
  YESTERDAY       15                        17     -2       17
  MONTH TO DATE  350                       363    -13      356
  SINCE JUN 1    798                       810    -12      844
  SINCE JAN 1   1464                      1411     53     1496
..................................................................


WIND (MPH)
  HIGHEST WIND SPEED    14   HIGHEST WIND DIRECTION     E (80)
  HIGHEST GUST SPEED    17   HIGHEST GUST DIRECTION     E (80)
  AVERAGE WIND SPEED     3.8


SKY COVER
  AVERAGE SKY COVER 0.6


WEATHER CONDITIONS
 THE FOLLOWING WEATHER WAS RECORDED YESTERDAY.
  LIGHT RAIN


RELATIVE HUMIDITY (PERCENT)
 HIGHEST   100           200 AM
 LOWEST     70           100 PM
 AVERAGE    85

..........................................................


THE DAYTONA BEACH CLIMATE NORMALS FOR TODAY
                         NORMAL    RECORD    YEAR
 MAXIMUM TEMPERATURE (F)   91        98      1932
 MINIMUM TEMPERATURE (F)   73        65      1965


SUNRISE AND SUNSET
JULY 23 2014..........SUNRISE   640 AM EDT   SUNSET   822 PM EDT
JULY 24 2014..........SUNRISE   640 AM EDT   SUNSET   821 PM EDT


-  INDICATES NEGATIVE NUMBERS.
R  INDICATES RECORD WAS SET OR TIED.
MM INDICATES DATA IS MISSING.
T  INDICATES TRACE AMOUNT.




$$
