000
CDUS42 KMLB 260635
CLIDAB


CLIMATE REPORT
NATIONAL WEATHER SERVICE MELBOURNE FL
235 AM EDT THU MAY 26 2016


...................................

...THE DAYTONA BEACH CLIMATE SUMMARY FOR MAY 25 2016...

CLIMATE NORMAL PERIOD 1981 TO 2010
CLIMATE RECORD PERIOD 1923 TO 2016


WEATHER ITEM   OBSERVED TIME   RECORD YEAR NORMAL DEPARTURE LAST
                VALUE   (LST)  VALUE       VALUE  FROM      YEAR
                                                  NORMAL
..................................................................
TEMPERATURE (F)
 YESTERDAY
  MAXIMUM         85    143 PM  97    2000  86     -1       86
  MINIMUM         69    600 AM  57    1951  68      1       74
                                      1941
                                      1935
  AVERAGE         77                        77      0       80

PRECIPITATION (IN)
  YESTERDAY        0.00          1.01 1997   0.13  -0.13      T
  MONTH TO DATE    4.52                      2.22   2.30     2.60
  SINCE MAR 1      8.11                      8.64  -0.53     8.89
  SINCE JAN 1     18.82                     14.16   4.66    14.32

SNOWFALL (IN)
  YESTERDAY        0.0
  MONTH TO DATE    0.0
  SINCE JUL 1      0.0

DEGREE DAYS
 HEATING
  YESTERDAY        0                         0      0        0
  MONTH TO DATE    0                         0      0        0
  SINCE MAR 1     43                       125    -82       35
  SINCE JUL 1    508                       807   -299      682

 COOLING
  YESTERDAY       12                        12      0       15
  MONTH TO DATE  260                       237     23      284
  SINCE MAR 1    644                       459    185      789
  SINCE JAN 1    694                       524    170      829
..................................................................


WIND (MPH)
  HIGHEST WIND SPEED    15   HIGHEST WIND DIRECTION     E (70)
  HIGHEST GUST SPEED    20   HIGHEST GUST DIRECTION     E (70)
  AVERAGE WIND SPEED     4.9


SKY COVER
  AVERAGE SKY COVER 0.2


WEATHER CONDITIONS
 THE FOLLOWING WEATHER WAS RECORDED YESTERDAY.
  FOG
  HAZE


RELATIVE HUMIDITY (PERCENT)
 HIGHEST    84           400 AM
 LOWEST     44          1200 PM
 AVERAGE    64

..........................................................


THE DAYTONA BEACH CLIMATE NORMALS FOR TODAY
                         NORMAL    RECORD    YEAR
 MAXIMUM TEMPERATURE (F)   86       100      1953
 MINIMUM TEMPERATURE (F)   68        57      1979
                                             1935


SUNRISE AND SUNSET
MAY 26 2016...........SUNRISE   627 AM EDT   SUNSET   816 PM EDT
MAY 27 2016...........SUNRISE   627 AM EDT   SUNSET   816 PM EDT


-  INDICATES NEGATIVE NUMBERS.
R  INDICATES RECORD WAS SET OR TIED.
MM INDICATES DATA IS MISSING.
T  INDICATES TRACE AMOUNT.




$$
