000
CDUS42 KMLB 312018
CLIDAB


CLIMATE REPORT
NATIONAL WEATHER SERVICE MELBOURNE FL
417 PM EDT WED AUG 31 2016


...................................

...THE DAYTONA BEACH CLIMATE SUMMARY FOR AUGUST 31 2016...
VALID TODAY AS OF 0400 PM LOCAL TIME.

CLIMATE NORMAL PERIOD 1981 TO 2010
CLIMATE RECORD PERIOD 1923 TO 2016


WEATHER ITEM   OBSERVED TIME   RECORD YEAR NORMAL DEPARTURE LAST
                VALUE   (LST)  VALUE       VALUE  FROM      YEAR
                                                  NORMAL
..................................................................
TEMPERATURE (F)
 TODAY
  MAXIMUM         84    259 PM  96    2001  88     -4       89
  MINIMUM         76    359 AM  66    1939  73      3       75
  AVERAGE         80                        81     -1       82

PRECIPITATION (IN)
  TODAY            0.04          2.23 2007   0.22  -0.18     0.22
  MONTH TO DATE    3.21                      6.40  -3.19     7.52
  SINCE JUN 1      7.49                     18.06 -10.57    16.95
  SINCE JAN 1     27.49                     33.13  -5.64    31.29

SNOWFALL (IN)
  TODAY            0.0
  MONTH TO DATE    0.0
  SINCE JUL 1      0.0

DEGREE DAYS
 HEATING
  TODAY            0                         0      0        0
  MONTH TO DATE    0                         0      0        0
  SINCE JUN 1      0                         0      0        0
  SINCE JUL 1      0                         0      0        0

 COOLING
  TODAY           15                        16     -1       17
  MONTH TO DATE  589                       511     78      536
  SINCE JUN 1   1691                      1473    218     1581
  SINCE JAN 1   2465                      2074    391     2494
..................................................................


WIND (MPH)
  HIGHEST WIND SPEED    16   HIGHEST WIND DIRECTION    SW (210)
  HIGHEST GUST SPEED    24   HIGHEST GUST DIRECTION     S (200)
  AVERAGE WIND SPEED     7.5


SKY COVER
  AVERAGE SKY COVER 0.9


WEATHER CONDITIONS
 THE FOLLOWING WEATHER WAS RECORDED TODAY.
  LIGHT RAIN
  FOG


RELATIVE HUMIDITY (PERCENT)
 HIGHEST    94          1200 AM
 LOWEST     85           900 AM
 AVERAGE    90

..........................................................


THE DAYTONA BEACH CLIMATE NORMALS FOR TOMORROW
                         NORMAL    RECORD    YEAR
 MAXIMUM TEMPERATURE (F)   88        94      2000
                                             1998
                                             1970
 MINIMUM TEMPERATURE (F)   73        66      1939
                                             1938


SUNRISE AND SUNSET
AUGUST 31 2016........SUNRISE   702 AM EDT   SUNSET   747 PM EDT
SEPTEMBER  1 2016.....SUNRISE   702 AM EDT   SUNSET   745 PM EDT


-  INDICATES NEGATIVE NUMBERS.
R  INDICATES RECORD WAS SET OR TIED.
MM INDICATES DATA IS MISSING.
T  INDICATES TRACE AMOUNT.




$$
