000
CDUS42 KMLB 250659
CLIDAB


CLIMATE REPORT
NATIONAL WEATHER SERVICE MELBOURNE FL
158 AM EST SUN JAN 25 2015


...................................

...THE DAYTONA BEACH CLIMATE SUMMARY FOR JANUARY 24 2015...

CLIMATE NORMAL PERIOD 1981 TO 2010
CLIMATE RECORD PERIOD 1923 TO 2015


WEATHER ITEM   OBSERVED TIME   RECORD YEAR NORMAL DEPARTURE LAST
                VALUE   (LST)  VALUE       VALUE  FROM      YEAR
                                                  NORMAL
..................................................................
TEMPERATURE (F)
 YESTERDAY
  MAXIMUM         71    644 AM  83    2002  69      2       53
  MINIMUM         47   1159 PM  25    2003  48     -1       42
  AVERAGE         59                        58      1       48

PRECIPITATION (IN)
  YESTERDAY        0.39          1.79 1955   0.09   0.30     0.00
  MONTH TO DATE    2.44                      2.10   0.34     1.46
  SINCE DEC 1      5.27                      4.73   0.54     3.15
  SINCE JAN 1      2.44                      2.10   0.34     1.46

SNOWFALL (IN)
  YESTERDAY       MM
  MONTH TO DATE    0.0
  SINCE JUL 1      0.0

DEGREE DAYS
 HEATING
  YESTERDAY        6                         8     -2       17
  MONTH TO DATE  124                       192    -68      238
  SINCE DEC 1    239                       384   -145      311
  SINCE JUL 1    368                       458    -90      342

 COOLING
  YESTERDAY        0                         1     -1        0
  MONTH TO DATE   31                        24      7       23
  SINCE DEC 1    114                        75     39      137
  SINCE JAN 1     31                        24      7       23
..................................................................


WIND (MPH)
  HIGHEST WIND SPEED    26   HIGHEST WIND DIRECTION     W (270)
  HIGHEST GUST SPEED    35   HIGHEST GUST DIRECTION     W (270)
  AVERAGE WIND SPEED    13.6


SKY COVER
  AVERAGE SKY COVER 0.6


WEATHER CONDITIONS
 THE FOLLOWING WEATHER WAS RECORDED YESTERDAY.
  HEAVY RAIN
  RAIN
  LIGHT RAIN
  FOG


RELATIVE HUMIDITY (PERCENT)
 HIGHEST    93           100 AM
 LOWEST     52           200 PM
 AVERAGE    73

..........................................................


THE DAYTONA BEACH CLIMATE NORMALS FOR TODAY
                         NORMAL    RECORD    YEAR
 MAXIMUM TEMPERATURE (F)   69        87      1937
 MINIMUM TEMPERATURE (F)   48        25      1940


SUNRISE AND SUNSET
JANUARY 25 2015.......SUNRISE   717 AM EST   SUNSET   557 PM EST
JANUARY 26 2015.......SUNRISE   716 AM EST   SUNSET   558 PM EST


-  INDICATES NEGATIVE NUMBERS.
R  INDICATES RECORD WAS SET OR TIED.
MM INDICATES DATA IS MISSING.
T  INDICATES TRACE AMOUNT.




$$
