000
CDUS42 KMLB 270632
CLIDAB


CLIMATE REPORT
NATIONAL WEATHER SERVICE MELBOURNE FL
229 AM EDT WED MAY 27 2015


...................................

...THE DAYTONA BEACH CLIMATE SUMMARY FOR MAY 26 2015...

CLIMATE NORMAL PERIOD 1981 TO 2010
CLIMATE RECORD PERIOD 1923 TO 2015


WEATHER ITEM   OBSERVED TIME   RECORD YEAR NORMAL DEPARTURE LAST
                VALUE   (LST)  VALUE       VALUE  FROM      YEAR
                                                  NORMAL
..................................................................
TEMPERATURE (F)
 YESTERDAY
  MAXIMUM         87    225 PM 100    1953  86      1       85
  MINIMUM         76    539 AM  57    1979  68      8       72
                                      1935
  AVERAGE         82                        77      5       79

PRECIPITATION (IN)
  YESTERDAY        0.00          4.22 1947   0.13  -0.13     0.00
  MONTH TO DATE    2.60                      2.35   0.25     2.68
  SINCE MAR 1      8.89                      8.77   0.12    11.74
  SINCE JAN 1     14.32                     14.29   0.03    18.32

SNOWFALL (IN)
  YESTERDAY        0.0
  MONTH TO DATE    0.0
  SINCE JUL 1      0.0

DEGREE DAYS
 HEATING
  YESTERDAY        0                         0      0        0
  MONTH TO DATE    0                         0      0        0
  SINCE MAR 1     35                       125    -90       89
  SINCE JUL 1    682                       807   -125      602

 COOLING
  YESTERDAY       17                        12      5       14
  MONTH TO DATE  301                       249     52      266
  SINCE MAR 1    806                       471    335      517
  SINCE JAN 1    846                       536    310      601
..................................................................


WIND (MPH)
  HIGHEST WIND SPEED    17   HIGHEST WIND DIRECTION     E (80)
  HIGHEST GUST SPEED    23   HIGHEST GUST DIRECTION     E (100)
  AVERAGE WIND SPEED     7.4


SKY COVER
  AVERAGE SKY COVER 0.6


WEATHER CONDITIONS
 THE FOLLOWING WEATHER WAS RECORDED YESTERDAY.
  NO SIGNIFICANT WEATHER WAS OBSERVED.


RELATIVE HUMIDITY (PERCENT)
 HIGHEST    88           600 AM
 LOWEST     55           200 PM
 AVERAGE    72

..........................................................


THE DAYTONA BEACH CLIMATE NORMALS FOR TODAY
                         NORMAL    RECORD    YEAR
 MAXIMUM TEMPERATURE (F)   87        97      1967
 MINIMUM TEMPERATURE (F)   68        53      1935


SUNRISE AND SUNSET
MAY 27 2015...........SUNRISE   627 AM EDT   SUNSET   816 PM EDT
MAY 28 2015...........SUNRISE   627 AM EDT   SUNSET   817 PM EDT


-  INDICATES NEGATIVE NUMBERS.
R  INDICATES RECORD WAS SET OR TIED.
MM INDICATES DATA IS MISSING.
T  INDICATES TRACE AMOUNT.




$$
