000
CDUS42 KMLB 280631
CLIDAB


CLIMATE REPORT
NATIONAL WEATHER SERVICE MELBOURNE FL
231 AM EDT WED JUN 28 2017


...................................

...THE DAYTONA BEACH CLIMATE SUMMARY FOR JUNE 27 2017...

CLIMATE NORMAL PERIOD 1981 TO 2010
CLIMATE RECORD PERIOD 1923 TO 2017


WEATHER ITEM   OBSERVED TIME   RECORD YEAR NORMAL DEPARTURE LAST
                VALUE   (LST)  VALUE       VALUE  FROM      YEAR
                                                  NORMAL
..................................................................
TEMPERATURE (F)
 YESTERDAY
  MAXIMUM         90   1116 AM  99    1950  89      1       89
  MINIMUM         74   1159 PM  62    1940  72      2       72
  AVERAGE         82                        81      1       81

PRECIPITATION (IN)
  YESTERDAY        1.62          2.41 1961   0.19   1.43     0.00
  MONTH TO DATE    9.18                      5.26   3.92     3.17
  SINCE JUN 1      9.18                      5.26   3.92     3.17
  SINCE JAN 1     17.41                     20.33  -2.92    23.17

SNOWFALL (IN)
  YESTERDAY        0.0
  MONTH TO DATE    0.0
  SINCE JUL 1      0.0

DEGREE DAYS
 HEATING
  YESTERDAY        0                         0      0        0
  MONTH TO DATE    0                         0      0        0
  SINCE JUN 1      0                         0      0        0
  SINCE JUL 1    401                       809   -408      508

 COOLING
  YESTERDAY       17                        16      1       16
  MONTH TO DATE  420                       400     20      448
  SINCE JUN 1    420                       400     20      448
  SINCE JAN 1   1237                      1001    236     1222
..................................................................


WIND (MPH)
  HIGHEST WIND SPEED    32   HIGHEST WIND DIRECTION    NE (40)
  HIGHEST GUST SPEED    44   HIGHEST GUST DIRECTION    NE (50)
  AVERAGE WIND SPEED     5.0


SKY COVER
  AVERAGE SKY COVER 0.7


WEATHER CONDITIONS
 THE FOLLOWING WEATHER WAS RECORDED YESTERDAY.
  THUNDERSTORM
  HEAVY RAIN
  RAIN
  LIGHT RAIN
  FOG
  HAZE


RELATIVE HUMIDITY (PERCENT)
 HIGHEST   100          1200 AM
 LOWEST     68          1100 AM
 AVERAGE    84

..........................................................


THE DAYTONA BEACH CLIMATE NORMALS FOR TODAY
                         NORMAL    RECORD    YEAR
 MAXIMUM TEMPERATURE (F)   89        99      1954
 MINIMUM TEMPERATURE (F)   72        63      2012


SUNRISE AND SUNSET
JUNE 28 2017..........SUNRISE   628 AM EDT   SUNSET   827 PM EDT
JUNE 29 2017..........SUNRISE   628 AM EDT   SUNSET   827 PM EDT


-  INDICATES NEGATIVE NUMBERS.
R  INDICATES RECORD WAS SET OR TIED.
MM INDICATES DATA IS MISSING.
T  INDICATES TRACE AMOUNT.




$$
