000
CDUS42 KMLB 250628
CLIDAB


CLIMATE REPORT
NATIONAL WEATHER SERVICE MELBOURNE FL
127 AM EST THU DEC 25 2014


...................................

...THE DAYTONA BEACH CLIMATE SUMMARY FOR DECEMBER 24 2014...

CLIMATE NORMAL PERIOD 1981 TO 2010
CLIMATE RECORD PERIOD 1923 TO 2014


WEATHER ITEM   OBSERVED TIME   RECORD YEAR NORMAL DEPARTURE LAST
                VALUE   (LST)  VALUE       VALUE  FROM      YEAR
                                                  NORMAL
..................................................................
TEMPERATURE (F)
 YESTERDAY
  MAXIMUM         83    251 PM  84    1981  69     14       71
  MINIMUM         64   1159 PM  20    1989  49     15       48
  AVERAGE         74                        59     15       60

PRECIPITATION (IN)
  YESTERDAY        0.62          2.56 2002   0.10   0.52     0.30
  MONTH TO DATE    2.78                      2.02   0.76     1.27
  SINCE DEC 1      2.78                      2.02   0.76     1.27
  SINCE JAN 1     63.77                     49.01  14.76    47.63

SNOWFALL (IN)
  YESTERDAY        0.0
  MONTH TO DATE    0.0
  SINCE JUL 1      0.0

DEGREE DAYS
 HEATING
  YESTERDAY        0                         7     -7        5
  MONTH TO DATE  101                       137    -36       57
  SINCE DEC 1    101                       137    -36       57
  SINCE JUL 1    230                       211     19       88

 COOLING
  YESTERDAY        9                         1      8        0
  MONTH TO DATE   63                        40     23      101
  SINCE DEC 1     63                        40     23      101
  SINCE JAN 1   3045                      2952     93     3243
..................................................................


WIND (MPH)
  HIGHEST WIND SPEED    22   HIGHEST WIND DIRECTION     W (260)
  HIGHEST GUST SPEED    27   HIGHEST GUST DIRECTION    SW (220)
  AVERAGE WIND SPEED    10.1


SKY COVER
  AVERAGE SKY COVER 0.8


WEATHER CONDITIONS
 THE FOLLOWING WEATHER WAS RECORDED YESTERDAY.
  HEAVY RAIN
  RAIN
  LIGHT RAIN
  FOG


RELATIVE HUMIDITY (PERCENT)
 HIGHEST    94           400 PM
 LOWEST     65           100 PM
 AVERAGE    80

..........................................................


THE DAYTONA BEACH CLIMATE NORMALS FOR TODAY
                         NORMAL    RECORD    YEAR
 MAXIMUM TEMPERATURE (F)   69        82      1988
                                             1987
                                             1962
 MINIMUM TEMPERATURE (F)   49        20      1983


SUNRISE AND SUNSET
DECEMBER 25 2014......SUNRISE   716 AM EST   SUNSET   533 PM EST
DECEMBER 26 2014......SUNRISE   716 AM EST   SUNSET   533 PM EST


-  INDICATES NEGATIVE NUMBERS.
R  INDICATES RECORD WAS SET OR TIED.
MM INDICATES DATA IS MISSING.
T  INDICATES TRACE AMOUNT.




$$
