000
CDUS42 KMLB 040641
CLIDAB


CLIMATE REPORT
NATIONAL WEATHER SERVICE MELBOURNE FL
130 AM EST WED MAR 4 2015


...................................

...THE DAYTONA BEACH CLIMATE SUMMARY FOR MARCH 3 2015...

CLIMATE NORMAL PERIOD 1981 TO 2010
CLIMATE RECORD PERIOD 1923 TO 2015


WEATHER ITEM   OBSERVED TIME   RECORD YEAR NORMAL DEPARTURE LAST
                VALUE   (LST)  VALUE       VALUE  FROM      YEAR
                                                  NORMAL
..................................................................
TEMPERATURE (F)
 YESTERDAY
  MAXIMUM         80    231 PM  88    2001  73      7       83
                                      1964
  MINIMUM         63    721 AM  26    1980  52     11       57
  AVERAGE         72                        63      9       70

PRECIPITATION (IN)
  YESTERDAY        0.00          1.48 2003   0.13  -0.13     0.00
  MONTH TO DATE    T                         0.38  -0.38     0.00
  SINCE MAR 1      T                         0.38  -0.38     0.00
  SINCE JAN 1      5.43                      5.90  -0.47     6.58

SNOWFALL (IN)
  YESTERDAY        0.0
  MONTH TO DATE    0.0
  SINCE JUL 1      0.0

DEGREE DAYS
 HEATING
  YESTERDAY        0                         4     -4        0
  MONTH TO DATE    0                        13    -13        6
  SINCE MAR 1      0                        13    -13        6
  SINCE JUL 1    647                       695    -48      519

 COOLING
  YESTERDAY        7                         2      5        5
  MONTH TO DATE   13                         6      7        5
  SINCE MAR 1     13                         6      7        5
  SINCE JAN 1     53                        71    -18       89
..................................................................


WIND (MPH)
  HIGHEST WIND SPEED    15   HIGHEST WIND DIRECTION     E (80)
  HIGHEST GUST SPEED    20   HIGHEST GUST DIRECTION     E (70)
  AVERAGE WIND SPEED     5.2


SKY COVER
  AVERAGE SKY COVER 0.5


WEATHER CONDITIONS
 THE FOLLOWING WEATHER WAS RECORDED YESTERDAY.
  FOG
  FOG W/VISIBILITY <= 1/4 MILE


RELATIVE HUMIDITY (PERCENT)
 HIGHEST   100          1200 AM
 LOWEST     62           400 PM
 AVERAGE    81

..........................................................


THE DAYTONA BEACH CLIMATE NORMALS FOR TODAY
                         NORMAL    RECORD    YEAR
 MAXIMUM TEMPERATURE (F)   73        88      1953
 MINIMUM TEMPERATURE (F)   53        28      1980


SUNRISE AND SUNSET
MARCH  4 2015.........SUNRISE   647 AM EST   SUNSET   626 PM EST
MARCH  5 2015.........SUNRISE   646 AM EST   SUNSET   626 PM EST


-  INDICATES NEGATIVE NUMBERS.
R  INDICATES RECORD WAS SET OR TIED.
MM INDICATES DATA IS MISSING.
T  INDICATES TRACE AMOUNT.




$$
