000
CDUS41 KRNK 220721
CLIDAN


CLIMATE REPORT
NATIONAL WEATHER SERVICE BLACKSBURG VA
313 AM EDT SUN OCT 22 2017


...................................

...THE DANVILLE VA CLIMATE SUMMARY FOR OCTOBER 21 2017...

CLIMATE NORMAL PERIOD 1981 TO 2010
CLIMATE RECORD PERIOD 1948 TO 2017


WEATHER ITEM   OBSERVED TIME   RECORD YEAR NORMAL DEPARTURE LAST
                VALUE   (LST)  VALUE       VALUE  FROM      YEAR
                                                  NORMAL
..................................................................
TEMPERATURE (F)
 YESTERDAY
  MAXIMUM         78    243 PM  88    1984  69      9       72
  MINIMUM         44    654 AM  25    1952  47     -3       52
  AVERAGE         61                        58      3       62

PRECIPITATION (IN)
  YESTERDAY        0.00          2.63 1995   0.12  -0.12     0.00
  MONTH TO DATE    1.43                      2.44  -1.01     5.01
  SINCE SEP 1      4.03                      6.40  -2.37     7.92
  SINCE JAN 1     38.13                     36.69   1.44    44.18

SNOWFALL (IN)
  YESTERDAY        0.0                                       0.0
  MONTH TO DATE    0.0                                       0.0
  SINCE SEP 1      0.0                                       0.0
  SINCE JUL 1      0.0                                       0.0
  SNOW DEPTH       0

DEGREE DAYS
 HEATING
  YESTERDAY        4                         8     -4        3
  MONTH TO DATE   71                       112    -41       54
  SINCE SEP 1    103                       140    -37       54
  SINCE JUL 1    103                       140    -37       54

 COOLING
  YESTERDAY        0                         1     -1        0
  MONTH TO DATE   64                        28     36       34
  SINCE SEP 1    227                       204     23      338
  SINCE JAN 1   1401                      1431    -30     1643
..................................................................


WIND (MPH)
  HIGHEST WIND SPEED     6   HIGHEST WIND DIRECTION    NE (60)
  HIGHEST GUST SPEED    10   HIGHEST GUST DIRECTION     E (80)
  AVERAGE WIND SPEED     0.6


SKY COVER
  AVERAGE SKY COVER 0.0


WEATHER CONDITIONS
 THE FOLLOWING WEATHER WAS RECORDED YESTERDAY.
  FOG


RELATIVE HUMIDITY (PERCENT)
 HIGHEST   100          1200 AM
 LOWEST     40           400 PM
 AVERAGE    70

..........................................................


THE DANVILLE VA CLIMATE NORMALS FOR TODAY
                         NORMAL    RECORD    YEAR
 MAXIMUM TEMPERATURE (F)   68        85      1984
 MINIMUM TEMPERATURE (F)   47        25      1974


SUNRISE AND SUNSET
OCTOBER 22 2017.......SUNRISE   731 AM EDT   SUNSET   632 PM EDT
OCTOBER 23 2017.......SUNRISE   732 AM EDT   SUNSET   630 PM EDT


-  INDICATES NEGATIVE NUMBERS.
R  INDICATES RECORD WAS SET OR TIED.
MM INDICATES DATA IS MISSING.
T  INDICATES TRACE AMOUNT.

REMARKS:
DUE TO MISSING RAINFALL ON AUGUST 21-24...ALL PRECIPITATION DATA
WILL BE CALCULATED WITHOUT DATA FROM THESE DATES.

$$
