000
CDUS41 KRNK 180721
CLIDAN


CLIMATE REPORT
NATIONAL WEATHER SERVICE BLACKSBURG VA
216 AM EST MON DEC 18 2017


...................................

...THE DANVILLE VA CLIMATE SUMMARY FOR DECEMBER 17 2017...

CLIMATE NORMAL PERIOD 1981 TO 2010
CLIMATE RECORD PERIOD 1948 TO 2017


WEATHER ITEM   OBSERVED TIME   RECORD YEAR NORMAL DEPARTURE LAST
                VALUE   (LST)  VALUE       VALUE  FROM      YEAR
                                                  NORMAL
..................................................................
TEMPERATURE (F)
 YESTERDAY
  MAXIMUM         46    349 PM  79    1971  49     -3       54
  MINIMUM         25    415 AM   8    1951  30     -5       27
  AVERAGE         36                        40     -4       41

PRECIPITATION (IN)
  YESTERDAY        T             1.00 1973   0.10  -0.10     0.00
  MONTH TO DATE    0.61                      1.88  -1.27     1.30
  SINCE DEC 1      0.61                      1.88  -1.27     1.30
  SINCE JAN 1     42.30                     43.02  -0.72    46.51

SNOWFALL (IN)
  YESTERDAY        0.0                                       0.0
  MONTH TO DATE    4.9                                       0.0
  SINCE DEC 1      4.9                                       0.0
  SINCE JUL 1      4.9                                       0.0
  SNOW DEPTH       0

DEGREE DAYS
 HEATING
  YESTERDAY       29                        26      3       24
  MONTH TO DATE  428                       401     27      436
  SINCE DEC 1    428                       401     27      436
  SINCE JUL 1   1150                      1110     40     1006

 COOLING
  YESTERDAY        0                         0      0        0
  MONTH TO DATE    0                         0      0        0
  SINCE DEC 1      0                         0      0        0
  SINCE JAN 1   1401                      1439    -38     1651
..................................................................


WIND (MPH)
  HIGHEST WIND SPEED     7   HIGHEST WIND DIRECTION    SW (230)
  HIGHEST GUST SPEED     8   HIGHEST GUST DIRECTION    SW (210)
  AVERAGE WIND SPEED     1.6


SKY COVER
  AVERAGE SKY COVER 0.5


WEATHER CONDITIONS
 THE FOLLOWING WEATHER WAS RECORDED YESTERDAY.
  LIGHT RAIN


RELATIVE HUMIDITY (PERCENT)
 HIGHEST   100          1100 PM
 LOWEST     58           200 PM
 AVERAGE    79

..........................................................


THE DANVILLE VA CLIMATE NORMALS FOR TODAY
                         NORMAL    RECORD    YEAR
 MAXIMUM TEMPERATURE (F)   49        73      2006
 MINIMUM TEMPERATURE (F)   30        11      1953


SUNRISE AND SUNSET
DECEMBER 18 2017......SUNRISE   724 AM EST   SUNSET   504 PM EST
DECEMBER 19 2017......SUNRISE   725 AM EST   SUNSET   504 PM EST


-  INDICATES NEGATIVE NUMBERS.
R  INDICATES RECORD WAS SET OR TIED.
MM INDICATES DATA IS MISSING.
T  INDICATES TRACE AMOUNT.

REMARKS:
DUE TO MISSING RAINFALL ON AUGUST 21-24...ALL PRECIPITATION DATA WILL
BE CALCULATED WITHOUT DATA FROM THESE DATES.

$$

RAB
