000
CDUS41 KRNK 022130
CLIDAN


CLIMATE REPORT
NATIONAL WEATHER SERVICE BLACKSBURG VA
530 PM EDT SUN AUG 2 2015


...................................

...THE DANVILLE VA CLIMATE SUMMARY FOR AUGUST 2 2015...
VALID TODAY AS OF 0500 PM LOCAL TIME.

CLIMATE NORMAL PERIOD 1981 TO 2010
CLIMATE RECORD PERIOD 1948 TO 2015


WEATHER ITEM   OBSERVED TIME   RECORD YEAR NORMAL DEPARTURE LAST
                VALUE   (LST)  VALUE       VALUE  FROM      YEAR
                                                  NORMAL
..................................................................
TEMPERATURE (F)
 TODAY
  MAXIMUM         88    335 PM  98    1999  87      1       72
  MINIMUM         62    516 AM  56    1997  69     -7       64
  AVERAGE         75                        78     -3       68

PRECIPITATION (IN)
  TODAY            0.00          1.93 1994   0.12  -0.12     0.00
  MONTH TO DATE    0.00                      0.25  -0.25     0.73
  SINCE JUN 1     15.36                      8.69   6.67     5.69
  SINCE JAN 1     25.24                     26.57  -1.33    24.25

SNOWFALL (IN)
  TODAY            0.0                                       0.0
  MONTH TO DATE    0.0                                       0.0
  SINCE JUN 1      0.0                                       0.0
  SINCE JUL 1      0.0                                       0.0
  SNOW DEPTH       0

DEGREE DAYS
 HEATING
  TODAY            0                         0      0        0
  MONTH TO DATE    0                         0      0        0
  SINCE JUN 1      5                         3      2        0
  SINCE JUL 1      0                         0      0        0

 COOLING
  TODAY           10                        13     -3        3
  MONTH TO DATE   23                        26     -3        6
  SINCE JUN 1    826                       735     91      734
  SINCE JAN 1   1053                       879    174      895
..................................................................


WIND (MPH)
  HIGHEST WIND SPEED     9   HIGHEST WIND DIRECTION     N (20)
  HIGHEST GUST SPEED    13   HIGHEST GUST DIRECTION    NE (50)
  AVERAGE WIND SPEED     3.2


SKY COVER
  AVERAGE SKY COVER 0.0


WEATHER CONDITIONS
 THE FOLLOWING WEATHER WAS RECORDED TODAY.
  NO SIGNIFICANT WEATHER WAS OBSERVED.


RELATIVE HUMIDITY (PERCENT)
 HIGHEST    93          1200 AM
 LOWEST     34           300 PM
 AVERAGE    64

..........................................................


THE DANVILLE VA CLIMATE NORMALS FOR TOMORROW
                         NORMAL    RECORD    YEAR
 MAXIMUM TEMPERATURE (F)   87        98      1980
 MINIMUM TEMPERATURE (F)   69        57      1992


SUNRISE AND SUNSET
AUGUST  2 2015........SUNRISE   624 AM EDT   SUNSET   823 PM EDT
AUGUST  3 2015........SUNRISE   625 AM EDT   SUNSET   822 PM EDT


-  INDICATES NEGATIVE NUMBERS.
R  INDICATES RECORD WAS SET OR TIED.
MM INDICATES DATA IS MISSING.
T  INDICATES TRACE AMOUNT.

REMARKS:

DUE TO A TIPPING BUCKET FAILURE CAUSING MISSING PRECIPITATION ON
MARCH 14 AND 19-20...THE ANNUAL PRECIPITATION TOTAL AND DEPARTURE
FROM NORMAL WILL BE CALCULATED WITHOUT DATA FROM THESE DATES.

$$
