000
CDUS41 KILN 010544
CLIDAY


CLIMATE REPORT
NATIONAL WEATHER SERVICE WILMINGTON OH
138 AM EDT WED OCT 1 2014


...................................

...THE DAYTON OH CLIMATE SUMMARY FOR SEPTEMBER 30 2014...

CLIMATE NORMAL PERIOD 1981 TO 2010
CLIMATE RECORD PERIOD 1869 TO 2014


WEATHER ITEM   OBSERVED TIME   RECORD YEAR NORMAL DEPARTURE LAST
                VALUE   (LST)  VALUE       VALUE  FROM      YEAR
                                                  NORMAL
..................................................................
TEMPERATURE (F)
 YESTERDAY
  MAXIMUM         65    427 PM  94    1897  70     -5       70
  MINIMUM         47   1140 PM  30    1899  49     -2       61
  AVERAGE         56                        60     -4       66

PRECIPITATION (IN)
  YESTERDAY        0.00          1.24 1906   0.10  -0.10      T
  MONTH TO DATE    0.88                      3.30  -2.42     2.23
  SINCE SEP 1      0.88                      3.30  -2.42     2.23
  SINCE JAN 1     28.78                     31.61  -2.83    24.61

SNOWFALL (IN)
  YESTERDAY        0.0                       0.0    0.0      0.0
  MONTH TO DATE    0.0                       0.0    0.0      0.0
  SINCE SEP 1      0.0                       0.0    0.0      0.0
  SINCE JUL 1      0.0                       0.0    0.0      0.0
  SNOW DEPTH       0

DEGREE DAYS
 HEATING
  YESTERDAY        9                         7      2        0
  MONTH TO DATE   74                        88    -14       55
  SINCE SEP 1     74                        88    -14       55
  SINCE JUL 1     81                        90     -9       67

 COOLING
  YESTERDAY        0                         1     -1        1
  MONTH TO DATE   98                        99     -1      140
  SINCE SEP 1     98                        99     -1      140
  SINCE JAN 1    968                       881     87     1027
..................................................................


WIND (MPH)
  RESULTANT WIND SPEED   5   RESULTANT WIND DIRECTION   N (350)
  HIGHEST WIND SPEED    15   HIGHEST WIND DIRECTION     N (350)
  HIGHEST GUST SPEED    18   HIGHEST GUST DIRECTION     N (350)
  AVERAGE WIND SPEED     6.9



WEATHER CONDITIONS
 THE FOLLOWING WEATHER WAS RECORDED YESTERDAY.
  FOG
  HAZE


RELATIVE HUMIDITY (PERCENT)
 HIGHEST    90           900 AM
 LOWEST     60           100 AM
 AVERAGE    75

..........................................................


THE DAYTON OH CLIMATE NORMALS FOR TODAY
                         NORMAL    RECORD    YEAR
 MAXIMUM TEMPERATURE (F)   70        93      1897
 MINIMUM TEMPERATURE (F)   49        26      1899


SUNRISE AND SUNSET
OCTOBER  1 2014.......SUNRISE   733 AM EDT   SUNSET   719 PM EDT
OCTOBER  2 2014.......SUNRISE   734 AM EDT   SUNSET   718 PM EDT


-  INDICATES NEGATIVE NUMBERS.
R  INDICATES RECORD WAS SET OR TIED.
MM INDICATES DATA IS MISSING.
T  INDICATES TRACE AMOUNT.




$$
