000
CDUS41 KILN 200557
CLIDAY


CLIMATE REPORT
NATIONAL WEATHER SERVICE WILMINGTON OH
1256 AM EST FRI JAN 20 2017


...................................

...THE DAYTON OH CLIMATE SUMMARY FOR JANUARY 19 2017...

CLIMATE NORMAL PERIOD 1981 TO 2010
CLIMATE RECORD PERIOD 1869 TO 2017


WEATHER ITEM   OBSERVED TIME   RECORD YEAR NORMAL DEPARTURE LAST
                VALUE   (LST)  VALUE       VALUE  FROM      YEAR
                                                  NORMAL
..................................................................
TEMPERATURE (F)
 YESTERDAY
  MAXIMUM         44    556 PM  68    1907  35      9       19
  MINIMUM         36    832 AM -25    1994  20     16        4
  AVERAGE         40                        27     13       12

PRECIPITATION (IN)
  YESTERDAY        0.06          1.28 1900   0.08  -0.02      T
  MONTH TO DATE    2.54                      1.75   0.79     1.35
  SINCE DEC 1      5.53                      4.87   0.66     5.74
  SINCE JAN 1      2.54                      1.75   0.79     1.35

SNOWFALL (IN)
  YESTERDAY       MM             4.5  1956   0.2   MM         T
  MONTH TO DATE    1.2                       4.8   -3.6      3.3
  SINCE DEC 1      5.3                       9.3   -4.0      3.5
  SINCE JUL 1      5.3                      10.3   -5.0      3.5
  SNOW DEPTH       0

DEGREE DAYS
 HEATING
  YESTERDAY       25                        38    -13       53
  MONTH TO DATE  626                       716    -90      729
  SINCE DEC 1   1694                      1764    -70     1382
  SINCE JUL 1   2467                      2875   -408     2218

 COOLING
  YESTERDAY        0                         0      0        0
  MONTH TO DATE    0                         0      0        0
  SINCE DEC 1      0                         0      0        0
  SINCE JAN 1      0                         0      0        0
..................................................................


WIND (MPH)
  RESULTANT WIND SPEED   6   RESULTANT WIND DIRECTION  SE (130)
  HIGHEST WIND SPEED    15   HIGHEST WIND DIRECTION     E (110)
  HIGHEST GUST SPEED    19   HIGHEST GUST DIRECTION     E (110)
  AVERAGE WIND SPEED     8.0



WEATHER CONDITIONS
 THE FOLLOWING WEATHER WAS RECORDED YESTERDAY.
  HEAVY RAIN
  LIGHT RAIN
  FOG
  FOG W/VISIBILITY <= 1/4 MILE


RELATIVE HUMIDITY (PERCENT)
 HIGHEST   100           100 AM
 LOWEST     76           100 PM
 AVERAGE    88

..........................................................


THE DAYTON OH CLIMATE NORMALS FOR TODAY
                         NORMAL    RECORD    YEAR
 MAXIMUM TEMPERATURE (F)   35        69      1906
 MINIMUM TEMPERATURE (F)   20       -24      1985


SUNRISE AND SUNSET
JANUARY 20 2017.......SUNRISE   754 AM EST   SUNSET   542 PM EST
JANUARY 21 2017.......SUNRISE   753 AM EST   SUNSET   543 PM EST


-  INDICATES NEGATIVE NUMBERS.
R  INDICATES RECORD WAS SET OR TIED.
MM INDICATES DATA IS MISSING.
T  INDICATES TRACE AMOUNT.




$$
