000
CDUS41 KILN 010613
CLIDAY


CLIMATE REPORT
NATIONAL WEATHER SERVICE WILMINGTON OH
211 AM EDT WED JUL 1 2015


...................................

...THE DAYTON OH CLIMATE SUMMARY FOR JUNE 30 2015...

CLIMATE NORMAL PERIOD 1981 TO 2010
CLIMATE RECORD PERIOD 1869 TO 2015


WEATHER ITEM   OBSERVED TIME   RECORD YEAR NORMAL DEPARTURE LAST
                VALUE   (LST)  VALUE       VALUE  FROM      YEAR
                                                  NORMAL
..................................................................
TEMPERATURE (F)
 YESTERDAY
  MAXIMUM         78    446 PM  98    1953  83     -5       86
                                      1913
                                      1901
  MINIMUM         61    321 AM  46    1899  64     -3       70
  AVERAGE         70                        74     -4       78

PRECIPITATION (IN)
  YESTERDAY        T             2.02 1983   0.13  -0.13     0.00
  MONTH TO DATE    7.88                      4.17   3.71     3.53
  SINCE JUN 1      7.88                      4.17   3.71     3.53
  SINCE JAN 1     23.20                     21.21   1.99    21.61

SNOWFALL (IN)
  YESTERDAY        0.0           0.0    MM   0.0    0.0      0.0
  MONTH TO DATE    0.0                       0.0    0.0      0.0
  SINCE JUN 1      0.0                       0.0    0.0      0.0
  SINCE JUL 1     27.7                      23.3    4.4     53.6
  SNOW DEPTH       0

DEGREE DAYS
 HEATING
  YESTERDAY        0                         0      0        0
  MONTH TO DATE   20                        22     -2        2
  SINCE JUN 1     20                        22     -2        2
  SINCE JUL 1   5784                      5642    142     5940

 COOLING
  YESTERDAY        5                         9     -4       13
  MONTH TO DATE  254                       190     64      263
  SINCE JUN 1    254                       190     64      263
  SINCE JAN 1    429                       260    169      392
..................................................................


WIND (MPH)
  RESULTANT WIND SPEED   8   RESULTANT WIND DIRECTION  SW (230)
  HIGHEST WIND SPEED    20   HIGHEST WIND DIRECTION    SW (240)
  HIGHEST GUST SPEED    22   HIGHEST GUST DIRECTION    SW (240)
  AVERAGE WIND SPEED     8.4



WEATHER CONDITIONS
 THE FOLLOWING WEATHER WAS RECORDED YESTERDAY.
  LIGHT RAIN
  FOG
  FOG W/VISIBILITY <= 1/4 MILE


RELATIVE HUMIDITY (PERCENT)
 HIGHEST   100           100 AM
 LOWEST     62           400 PM
 AVERAGE    81

..........................................................


THE DAYTON OH CLIMATE NORMALS FOR TODAY
                         NORMAL    RECORD    YEAR
 MAXIMUM TEMPERATURE (F)   84        98      1970
 MINIMUM TEMPERATURE (F)   64        46      1988


SUNRISE AND SUNSET
JULY  1 2015..........SUNRISE   612 AM EDT   SUNSET   909 PM EDT
JULY  2 2015..........SUNRISE   612 AM EDT   SUNSET   909 PM EDT


-  INDICATES NEGATIVE NUMBERS.
R  INDICATES RECORD WAS SET OR TIED.
MM INDICATES DATA IS MISSING.
T  INDICATES TRACE AMOUNT.




$$
