299
CDUS41 KILN 310558
CLIDAY


CLIMATE REPORT
NATIONAL WEATHER SERVICE WILMINGTON OH
145 AM EDT WED AUG 31 2016


...................................

...THE DAYTON OH CLIMATE SUMMARY FOR AUGUST 30 2016...

CLIMATE NORMAL PERIOD 1981 TO 2010
CLIMATE RECORD PERIOD 1869 TO 2016


WEATHER ITEM   OBSERVED TIME   RECORD YEAR NORMAL DEPARTURE LAST
                VALUE   (LST)  VALUE       VALUE  FROM      YEAR
                                                  NORMAL
..................................................................
TEMPERATURE (F)
 YESTERDAY
  MAXIMUM         88     319 PM 96    1953  81      7       86
                                      1898
  MINIMUM         66     553 AM 43    1986  61      5       67
                                      1976
  AVERAGE         77                        71      6       77

PRECIPITATION (IN)
  YESTERDAY        0.00          2.29 2005   0.10  -0.10     0.11
  MONTH TO DATE    3.74                      2.88   0.86     1.86
  SINCE JUN 1     10.31                     11.16  -0.85    14.34
  SINCE JAN 1     26.53                     28.20  -1.67    29.66

SNOWFALL (IN)
  YESTERDAY        0.0           0.0         0.0    0.0      0.0
  MONTH TO DATE    0.0                       0.0    0.0      0.0
  SINCE JUN 1      0.0                       0.0    0.0      0.0
  SINCE JUL 1      0.0                       0.0    0.0      0.0
  SNOW DEPTH       0

DEGREE DAYS
 HEATING
  YESTERDAY        0                         1     -1        0
  MONTH TO DATE    0                         1     -1        9
  SINCE JUN 1      7                        23    -16       29
  SINCE JUL 1      3                         1      2        9

 COOLING
  YESTERDAY       12                         6      6       12
  MONTH TO DATE  360                       237    123      183
  SINCE JUN 1    937                       706    231      716
  SINCE JAN 1   1016                       776    240      891
..................................................................


WIND (MPH)
  RESULTANT WIND SPEED   2   RESULTANT WIND DIRECTION   E (90)
  HIGHEST WIND SPEED    12   HIGHEST WIND DIRECTION     N (340)
  HIGHEST GUST SPEED    MM   HIGHEST GUST DIRECTION    MM
  AVERAGE WIND SPEED     4.1



WEATHER CONDITIONS
 THE FOLLOWING WEATHER WAS RECORDED YESTERDAY.
  NO SIGNIFICANT WEATHER WAS OBSERVED.


RELATIVE HUMIDITY (PERCENT)
 HIGHEST    93           300 AM
 LOWEST     48           300 PM
 AVERAGE    71

..........................................................


THE DAYTON OH CLIMATE NORMALS FOR TODAY
                         NORMAL    RECORD    YEAR
 MAXIMUM TEMPERATURE (F)   81       100      1951
 MINIMUM TEMPERATURE (F)   60        42      1915


SUNRISE AND SUNSET
AUGUST 31 2016........SUNRISE   704 AM EDT   SUNSET   809 PM EDT
SEPTEMBER  1 2016.....SUNRISE   705 AM EDT   SUNSET   807 PM EDT


-  INDICATES NEGATIVE NUMBERS.
R  INDICATES RECORD WAS SET OR TIED.
MM INDICATES DATA IS MISSING.
T  INDICATES TRACE AMOUNT.




$$
