000
CDUS41 KILN 272054
CLIDAY


CLIMATE REPORT
NATIONAL WEATHER SERVICE WILMINGTON OH
453 PM EDT MON JUL 27 2015


...................................

...THE DAYTON OH CLIMATE SUMMARY FOR JULY 27 2015...
VALID TODAY AS OF 0400 PM LOCAL TIME.

CLIMATE NORMAL PERIOD 1981 TO 2010
CLIMATE RECORD PERIOD 1869 TO 2015


WEATHER ITEM   OBSERVED TIME   RECORD YEAR NORMAL DEPARTURE LAST
                VALUE   (LST)  VALUE       VALUE  FROM      YEAR
                                                  NORMAL
..................................................................
TEMPERATURE (F)
 TODAY
  MAXIMUM         84    331 PM 104    1901  84      0       80
  MINIMUM         70    635 AM  50    1900  64      6       68
  AVERAGE         77                        74      3       74

PRECIPITATION (IN)
  TODAY            0.26          1.43 2006   0.11   0.15     0.02
  MONTH TO DATE    3.67                      3.66   0.01     3.22
  SINCE JUN 1     11.55                      7.83   3.72     6.75
  SINCE JAN 1     26.87                     24.87   2.00    24.83

SNOWFALL (IN)
  TODAY            0.0           0.0    MM   0.0    0.0      0.0
  MONTH TO DATE    0.0                       0.0    0.0      0.0
  SINCE JUN 1      0.0                       0.0    0.0      0.0
  SINCE JUL 1      0.0                       0.0    0.0      0.0
  SNOW DEPTH       0

DEGREE DAYS
 HEATING
  TODAY            0                         0      0        0
  MONTH TO DATE    0                         0      0        2
  SINCE JUN 1     20                        22     -2        4
  SINCE JUL 1      0                         0      0        2

 COOLING
  TODAY           12                         9      3        9
  MONTH TO DATE  230                       243    -13      180
  SINCE JUN 1    484                       433     51      443
  SINCE JAN 1    659                       503    156      572
..................................................................


WIND (MPH)
  RESULTANT WIND SPEED   3   RESULTANT WIND DIRECTION   E (80)
  HIGHEST WIND SPEED    25   HIGHEST WIND DIRECTION     S (190)
  HIGHEST GUST SPEED    27   HIGHEST GUST DIRECTION     S (200)
  AVERAGE WIND SPEED     6.1


SKY COVER
  POSSIBLE SUNSHINE  MM
  AVERAGE SKY COVER 0.9


WEATHER CONDITIONS
 THE FOLLOWING WEATHER WAS RECORDED TODAY.
  HEAVY RAIN
  RAIN
  LIGHT RAIN
  FOG


RELATIVE HUMIDITY (PERCENT)
 HIGHEST   100           500 AM
 LOWEST     69           300 PM
 AVERAGE    85

..........................................................


THE DAYTON OH CLIMATE NORMALS FOR TOMORROW
                         NORMAL    RECORD    YEAR
 MAXIMUM TEMPERATURE (F)   83       102      1901
 MINIMUM TEMPERATURE (F)   64        53      2013


SUNRISE AND SUNSET
JULY 27 2015..........SUNRISE   631 AM EDT   SUNSET   855 PM EDT
JULY 28 2015..........SUNRISE   632 AM EDT   SUNSET   854 PM EDT


-  INDICATES NEGATIVE NUMBERS.
R  INDICATES RECORD WAS SET OR TIED.
MM INDICATES DATA IS MISSING.
T  INDICATES TRACE AMOUNT.




$$
