000
CDUS41 KILN 050544
CLIDAY


CLIMATE REPORT
NATIONAL WEATHER SERVICE WILMINGTON OH
143 AM EDT THU MAY 5 2016


...................................

...THE DAYTON OH CLIMATE SUMMARY FOR MAY 4 2016...

CLIMATE NORMAL PERIOD 1981 TO 2010
CLIMATE RECORD PERIOD 1869 TO 2016


WEATHER ITEM   OBSERVED TIME   RECORD YEAR NORMAL DEPARTURE LAST
                VALUE   (LST)  VALUE       VALUE  FROM      YEAR
                                                  NORMAL
..................................................................
TEMPERATURE (F)
 YESTERDAY
  MAXIMUM         58    854 AM  88    1949  68    -10       78
                                      1902
                                      1895
  MINIMUM         42   1159 PM  28    1903  48     -6       61
  AVERAGE         50                        58     -8       70

PRECIPITATION (IN)
  YESTERDAY        0.06          2.23 1990   0.16  -0.10     0.31
  MONTH TO DATE    0.76                      0.60   0.16     0.31
  SINCE MAR 1      9.21                      8.03   1.18     9.48
  SINCE JAN 1     14.03                     12.98   1.05    13.84

SNOWFALL (IN)
  YESTERDAY        0.0           0.0         0.0    0.0      0.0
  MONTH TO DATE    0.0                       0.0    0.0      0.0
  SINCE MAR 1      2.1                       4.0   -1.9      5.7
  SINCE JUL 1     12.7                      23.3  -10.6     27.7
  SNOW DEPTH      MM

DEGREE DAYS
 HEATING
  YESTERDAY       15                         8      7        0
  MONTH TO DATE   35                        33      2        8
  SINCE MAR 1    983                      1209   -226     1139
  SINCE JUL 1   4524                      5484   -960     5702

 COOLING
  YESTERDAY        0                         1     -1        5
  MONTH TO DATE    3                         4     -1        5
  SINCE MAR 1      7                        14     -7        9
  SINCE JAN 1      7                        14     -7        9
..................................................................


WIND (MPH)
  RESULTANT WIND SPEED   7   RESULTANT WIND DIRECTION   W (260)
  HIGHEST WIND SPEED    24   HIGHEST WIND DIRECTION    NW (320)
  HIGHEST GUST SPEED    31   HIGHEST GUST DIRECTION    NW (320)
  AVERAGE WIND SPEED    12.8



WEATHER CONDITIONS
 THE FOLLOWING WEATHER WAS RECORDED YESTERDAY.
  LIGHT RAIN
  FOG


RELATIVE HUMIDITY (PERCENT)
 HIGHEST    93           300 AM
 LOWEST     65           800 PM
 AVERAGE    79

..........................................................


THE DAYTON OH CLIMATE NORMALS FOR TODAY
                         NORMAL    RECORD    YEAR
 MAXIMUM TEMPERATURE (F)   69        90      1952
                                             1895
 MINIMUM TEMPERATURE (F)   48        30      1907
                                             1900


SUNRISE AND SUNSET
MAY  5 2016...........SUNRISE   632 AM EDT   SUNSET   836 PM EDT
MAY  6 2016...........SUNRISE   631 AM EDT   SUNSET   837 PM EDT


-  INDICATES NEGATIVE NUMBERS.
R  INDICATES RECORD WAS SET OR TIED.
MM INDICATES DATA IS MISSING.
T  INDICATES TRACE AMOUNT.




$$
