000
CDUS41 KILN 282150
CLIDAY


CLIMATE REPORT
NATIONAL WEATHER SERVICE WILMINGTON OH
449 PM EST SAT FEB 28 2015


...................................

...THE DAYTON OH CLIMATE SUMMARY FOR FEBRUARY 28 2015...
VALID TODAY AS OF 0400 PM LOCAL TIME.

CLIMATE NORMAL PERIOD 1981 TO 2010
CLIMATE RECORD PERIOD 1869 TO 2015


WEATHER ITEM   OBSERVED TIME   RECORD YEAR NORMAL DEPARTURE LAST
                VALUE   (LST)  VALUE       VALUE  FROM      YEAR
                                                  NORMAL
..................................................................
TEMPERATURE (F)
 TODAY
  MAXIMUM         25    412 PM  64    1972  43    -18       33
  MINIMUM          5    514 AM  -3    1934  26    -21        5
  AVERAGE         15                        35    -20       19

PRECIPITATION (IN)
  TODAY            0.00          0.81 1939   0.08  -0.08     0.00
  MONTH TO DATE    1.34                      2.24  -0.90     2.14
  SINCE DEC 1      7.10                      8.07  -0.97     9.56
  SINCE JAN 1      4.31                      4.95  -0.64     4.98

SNOWFALL (IN)
  TODAY            0.0           4.5  1980   0.2   -0.2      0.0
  MONTH TO DATE    9.6                       5.9    3.7      9.5
  SINCE DEC 1     17.4                      18.3   -0.9     43.4
  SINCE JUL 1     21.5                      19.3    2.2     45.4
  SNOW DEPTH       3

DEGREE DAYS
 HEATING
  TODAY           50                        30     20       46
  MONTH TO DATE 1241                       952    289     1133
  SINCE DEC 1   3347                      3164    183     3475
  SINCE JUL 1   4563                      4275    288     4599

 COOLING
  TODAY            0                         0      0        0
  MONTH TO DATE    0                         0      0        0
  SINCE DEC 1      0                         0      0        0
  SINCE JAN 1      0                         0      0        0
..................................................................


WIND (MPH)
  RESULTANT WIND SPEED   7   RESULTANT WIND DIRECTION  SE (120)
  HIGHEST WIND SPEED    15   HIGHEST WIND DIRECTION    SE (120)
  HIGHEST GUST SPEED    17   HIGHEST GUST DIRECTION    SE (120)
  AVERAGE WIND SPEED     6.9


SKY COVER
  POSSIBLE SUNSHINE  MM
  AVERAGE SKY COVER 0.7


WEATHER CONDITIONS
 THE FOLLOWING WEATHER WAS RECORDED TODAY.
  NO SIGNIFICANT WEATHER WAS OBSERVED.


RELATIVE HUMIDITY (PERCENT)
 HIGHEST    76           300 AM
 LOWEST     40           300 PM
 AVERAGE    58

..........................................................


THE DAYTON OH CLIMATE NORMALS FOR TOMORROW
                         NORMAL    RECORD    YEAR
 MAXIMUM TEMPERATURE (F)   44        66      1976
 MINIMUM TEMPERATURE (F)   27         0      1980


SUNRISE AND SUNSET
FEBRUARY 28 2015......SUNRISE   712 AM EST   SUNSET   627 PM EST
MARCH  1 2015.........SUNRISE   710 AM EST   SUNSET   628 PM EST


-  INDICATES NEGATIVE NUMBERS.
R  INDICATES RECORD WAS SET OR TIED.
MM INDICATES DATA IS MISSING.
T  INDICATES TRACE AMOUNT.




$$
