000
CDUS43 KDVN 041048
CLIDBQ


CLIMATE REPORT
NATIONAL WEATHER SERVICE QUAD CITIES IA IL
447 AM CST WED MAR 4 2015


...................................

...THE DUBUQUE IA CLIMATE SUMMARY FOR MARCH 3 2015...

CLIMATE NORMAL PERIOD 1981 TO 2010
CLIMATE RECORD PERIOD 1873 TO 2015


WEATHER ITEM   OBSERVED TIME   RECORD YEAR NORMAL DEPARTURE LAST
                VALUE   (LST)  VALUE       VALUE  FROM      YEAR
                                                  NORMAL
..................................................................
TEMPERATURE (F)
 YESTERDAY
  MAXIMUM         32        MM  68    1983  38     -6       12
  MINIMUM         MM        MM -11    2014  22     MM      -11
  AVERAGE         MM                        30     MM        1

PRECIPITATION (IN)
  YESTERDAY        0.18          0.87 1970   0.07   0.11      T
  MONTH TO DATE    0.18                      0.20  -0.02     0.25
  SINCE MAR 1      0.18                      0.20  -0.02     0.25
  SINCE JAN 1      2.47                      2.81  -0.34     2.73

SNOWFALL (IN)
  YESTERDAY        1.1          MM      MM   0.2    0.9       T
  MONTH TO DATE    1.1                       0.7    0.4      3.5
  SINCE MAR 1      1.1                       0.7    0.4      3.5
  SINCE JUL 1     30.7                      34.3   -3.6     55.2
  SNOW DEPTH       6

DEGREE DAYS
 HEATING
  YESTERDAY       MM                        35     MM       64
  MONTH TO DATE  103                       107     -4      186
  SINCE MAR 1    103                       107     -4      186
  SINCE JUL 1   5951                      5500    451     6562

 COOLING
  YESTERDAY       MM                         0     MM        0
  MONTH TO DATE    0                         0      0        0
  SINCE MAR 1      0                         0      0        0
  SINCE JAN 1      0                         0      0        0
..................................................................


WIND (MPH)
  HIGHEST WIND SPEED    18   HIGHEST WIND DIRECTION     W (250)
  HIGHEST GUST SPEED    28   HIGHEST GUST DIRECTION    NW (300)
  AVERAGE WIND SPEED    14.8


SKY COVER
  POSSIBLE SUNSHINE  MM
  AVERAGE SKY COVER 1.0


WEATHER CONDITIONS
 THE FOLLOWING WEATHER WAS RECORDED YESTERDAY.
  LT FREEZING RAIN
  SNOW
  LIGHT SNOW
  FOG
  HAZE


RELATIVE HUMIDITY (PERCENT)
 HIGHEST   100           800 AM
 LOWEST     74          1200 AM
 AVERAGE    87

..........................................................


THE DUBUQUE IA CLIMATE NORMALS FOR TODAY
                         NORMAL    RECORD    YEAR
 MAXIMUM TEMPERATURE (F)   38        67      1983
 MINIMUM TEMPERATURE (F)   22       -13      2002


SUNRISE AND SUNSET
MARCH  4 2015.........SUNRISE   634 AM CST   SUNSET   556 PM CST
MARCH  5 2015.........SUNRISE   632 AM CST   SUNSET   557 PM CST


-  INDICATES NEGATIVE NUMBERS.
R  INDICATES RECORD WAS SET OR TIED.
MM INDICATES DATA IS MISSING.
T  INDICATES TRACE AMOUNT.




$$
