000
CDUS43 KDVN 051012
CLIDBQ


CLIMATE REPORT
NATIONAL WEATHER SERVICE QUAD CITIES IA IL
412 AM CST MON DEC 5 2016


...................................

...THE DUBUQUE IA CLIMATE SUMMARY FOR DECEMBER 4 2016...

CLIMATE NORMAL PERIOD 1981 TO 2010
CLIMATE RECORD PERIOD 1873 TO 2016


WEATHER ITEM   OBSERVED TIME   RECORD YEAR NORMAL DEPARTURE LAST
                VALUE   (LST)  VALUE       VALUE  FROM      YEAR
                                                  NORMAL
..................................................................
TEMPERATURE (F)
 YESTERDAY
  MAXIMUM         32    948 PM  67    1998  34     -2       47
  MINIMUM         29    858 AM  -6    1991  19     10       24
  AVERAGE         31                        27      4       36

PRECIPITATION (IN)
  YESTERDAY        0.48          1.30 1973   0.07   0.41     0.00
  MONTH TO DATE    0.49                      0.30   0.19     0.04
  SINCE DEC 1      0.49                      0.30   0.19     0.04
  SINCE JAN 1     39.92                     34.75   5.17    35.03

SNOWFALL (IN)
  YESTERDAY        5.6          MM      MM   0.3    5.3      0.0
  MONTH TO DATE    5.6                       1.3    4.3      0.9
  SINCE DEC 1      5.6                       1.3    4.3      0.9
  SINCE JUL 1      5.6                       4.1    1.5     12.7
  SNOW DEPTH       2

DEGREE DAYS
 HEATING
  YESTERDAY       34                        38     -4       29
  MONTH TO DATE  128                       150    -22      129
  SINCE DEC 1    128                       150    -22      129
  SINCE JUL 1   1120                      1650   -530     1336

 COOLING
  YESTERDAY        0                         0      0        0
  MONTH TO DATE    0                         0      0        0
  SINCE DEC 1      0                         0      0        0
  SINCE JAN 1    781                       643    138      637
..................................................................


WIND (MPH)
  HIGHEST WIND SPEED    21   HIGHEST WIND DIRECTION     W (250)
  HIGHEST GUST SPEED    23   HIGHEST GUST DIRECTION     W (250)
  AVERAGE WIND SPEED    11.1


SKY COVER
  POSSIBLE SUNSHINE  MM
  AVERAGE SKY COVER 1.0


WEATHER CONDITIONS
 THE FOLLOWING WEATHER WAS RECORDED YESTERDAY.
  SNOW
  LIGHT SNOW
  FOG
  FOG W/VISIBILITY <= 1/4 MILE


RELATIVE HUMIDITY (PERCENT)
 HIGHEST   100           500 PM
 LOWEST     85          1200 AM
 AVERAGE    93

..........................................................


THE DUBUQUE IA CLIMATE NORMALS FOR TODAY
                         NORMAL    RECORD    YEAR
 MAXIMUM TEMPERATURE (F)   34        64      2001
 MINIMUM TEMPERATURE (F)   19        -9      2005


SUNRISE AND SUNSET
DECEMBER  5 2016......SUNRISE   717 AM CST   SUNSET   430 PM CST
DECEMBER  6 2016......SUNRISE   718 AM CST   SUNSET   430 PM CST


-  INDICATES NEGATIVE NUMBERS.
R  INDICATES RECORD WAS SET OR TIED.
MM INDICATES DATA IS MISSING.
T  INDICATES TRACE AMOUNT.




$$
