000
CDUS43 KDVN 242126
CLIDBQ


CLIMATE REPORT
NATIONAL WEATHER SERVICE QUAD CITIES IA IL
425 PM CDT SUN MAY 24 2015


...................................

...THE DUBUQUE IA CLIMATE SUMMARY FOR MAY 24 2015...
VALID TODAY AS OF 0400 PM LOCAL TIME.

CLIMATE NORMAL PERIOD 1981 TO 2010
CLIMATE RECORD PERIOD 1873 TO 2015


WEATHER ITEM   OBSERVED TIME   RECORD YEAR NORMAL DEPARTURE LAST
                VALUE   (LST)  VALUE       VALUE  FROM      YEAR
                                                  NORMAL
..................................................................
TEMPERATURE (F)
 TODAY
  MAXIMUM         63    354 AM  92    1880  72     -9       76
  MINIMUM         58   1012 AM  35    1925  51      7       49
  AVERAGE         61                        61      0       63

PRECIPITATION (IN)
  TODAY            0.66          1.45 1922   0.13   0.53     0.00
  MONTH TO DATE    3.74                      3.22   0.52     2.22
  SINCE MAR 1      6.44                      9.29  -2.85     9.35
  SINCE JAN 1      8.73                     11.90  -3.17    11.83

SNOWFALL (IN)
  TODAY            0.0          MM      MM   0.0    0.0      0.0
  MONTH TO DATE    0.0                       0.1   -0.1       T
  SINCE MAR 1      4.1                       8.4   -4.3     11.6
  SINCE JUL 1     33.7                      42.0   -8.3     63.3
  SNOW DEPTH       0

DEGREE DAYS
 HEATING
  TODAY            4                         5     -1        2
  MONTH TO DATE  165                       195    -30      224
  SINCE MAR 1   1520                      1623   -103     1948
  SINCE JUL 1   7368                      7016    352     8324

 COOLING
  TODAY            0                         2     -2        0
  MONTH TO DATE   19                        18      1       18
  SINCE MAR 1     19                        23     -4       18
  SINCE JAN 1     19                        23     -4       18
..................................................................


WIND (MPH)
  HIGHEST WIND SPEED    17   HIGHEST WIND DIRECTION     E (100)
  HIGHEST GUST SPEED    22   HIGHEST GUST DIRECTION     E (100)
  AVERAGE WIND SPEED     9.4


SKY COVER
  POSSIBLE SUNSHINE  MM
  AVERAGE SKY COVER 0.9


WEATHER CONDITIONS
 THE FOLLOWING WEATHER WAS RECORDED TODAY.
  HEAVY RAIN
  RAIN
  LIGHT RAIN
  FOG


RELATIVE HUMIDITY (PERCENT)
 HIGHEST    93           700 AM
 LOWEST     60          1200 AM
 AVERAGE    77

..........................................................


THE DUBUQUE IA CLIMATE NORMALS FOR TOMORROW
                         NORMAL    RECORD    YEAR
 MAXIMUM TEMPERATURE (F)   72        91      1911
                                             1880
 MINIMUM TEMPERATURE (F)   51        34      1925


SUNRISE AND SUNSET
MAY 24 2015...........SUNRISE   533 AM CDT   SUNSET   826 PM CDT
MAY 25 2015...........SUNRISE   533 AM CDT   SUNSET   827 PM CDT


-  INDICATES NEGATIVE NUMBERS.
R  INDICATES RECORD WAS SET OR TIED.
MM INDICATES DATA IS MISSING.
T  INDICATES TRACE AMOUNT.




$$
