000
CDUS43 KDVN 190910
CLIDBQ


CLIMATE REPORT
NATIONAL WEATHER SERVICE QUAD CITIES IA IL
409 AM CDT FRI SEP 19 2014


...................................

...THE DUBUQUE IA CLIMATE SUMMARY FOR SEPTEMBER 18 2014...

CLIMATE NORMAL PERIOD 1981 TO 2010
CLIMATE RECORD PERIOD 1873 TO 2014


WEATHER ITEM   OBSERVED TIME   RECORD YEAR NORMAL DEPARTURE LAST
                VALUE   (LST)  VALUE       VALUE  FROM      YEAR
                                                  NORMAL
..................................................................
TEMPERATURE (F)
 YESTERDAY
  MAXIMUM         70    335 PM  90    1955  72     -2       78
                                      1948
                                      1891
  MINIMUM         46    543 AM  35    1929  51     -5       60
                                      1903
  AVERAGE         58                        61     -3       69

PRECIPITATION (IN)
  YESTERDAY        0.00          3.31 1874   0.12  -0.12     0.77
  MONTH TO DATE    2.08                      2.12  -0.04     1.21
  SINCE SEP 1      2.08                      2.12  -0.04     1.21
  SINCE JAN 1     32.23                     28.10   4.13    31.90

SNOWFALL (IN)
  YESTERDAY        0.0          MM      MM   0.0    0.0      0.0
  MONTH TO DATE    0.0                       0.0    0.0      0.0
  SINCE SEP 1      0.0                       0.0    0.0      0.0
  SINCE JUL 1      0.0                       0.0    0.0      0.0
  SNOW DEPTH       0

DEGREE DAYS
 HEATING
  YESTERDAY        7                         6      1        0
  MONTH TO DATE  126                        60     66       48
  SINCE SEP 1    126                        60     66       48
  SINCE JUL 1    155                        87     68       80

 COOLING
  YESTERDAY        0                         2     -2        4
  MONTH TO DATE   28                        49    -21       82
  SINCE SEP 1     28                        49    -21       82
  SINCE JAN 1    510                       625   -115      618
..................................................................


WIND (MPH)
  HIGHEST WIND SPEED    13   HIGHEST WIND DIRECTION    SE (140)
  HIGHEST GUST SPEED    16   HIGHEST GUST DIRECTION     E (80)
  AVERAGE WIND SPEED     5.8


SKY COVER
  POSSIBLE SUNSHINE  MM
  AVERAGE SKY COVER 0.2


WEATHER CONDITIONS
 THE FOLLOWING WEATHER WAS RECORDED YESTERDAY.
  FOG
  FOG W/VISIBILITY <= 1/4 MILE


RELATIVE HUMIDITY (PERCENT)
 HIGHEST   100           500 AM
 LOWEST     53           400 PM
 AVERAGE    77

..........................................................


THE DUBUQUE IA CLIMATE NORMALS FOR TODAY
                         NORMAL    RECORD    YEAR
 MAXIMUM TEMPERATURE (F)   71        94      1948
 MINIMUM TEMPERATURE (F)   50        37      2012
                                             1992
                                             1889


SUNRISE AND SUNSET
SEPTEMBER 19 2014.....SUNRISE   647 AM CDT   SUNSET   705 PM CDT
SEPTEMBER 20 2014.....SUNRISE   648 AM CDT   SUNSET   704 PM CDT


-  INDICATES NEGATIVE NUMBERS.
R  INDICATES RECORD WAS SET OR TIED.
MM INDICATES DATA IS MISSING.
T  INDICATES TRACE AMOUNT.




$$
