000
CDUS43 KDVN 050912
CLIDBQ


CLIMATE REPORT
NATIONAL WEATHER SERVICE QUAD CITIES IA IL
411 AM CDT SUN JUL 5 2015


...................................

...THE DUBUQUE IA CLIMATE SUMMARY FOR JULY 4 2015...

CLIMATE NORMAL PERIOD 1981 TO 2010
CLIMATE RECORD PERIOD 1873 TO 2015


WEATHER ITEM   OBSERVED TIME   RECORD YEAR NORMAL DEPARTURE LAST
                VALUE   (LST)  VALUE       VALUE  FROM      YEAR
                                                  NORMAL
..................................................................
TEMPERATURE (F)
 YESTERDAY
  MAXIMUM         79    414 PM 101    1911  82     -3       76
  MINIMUM         55    300 AM  45    1967  62     -7       51
  AVERAGE         67                        72     -5       64

PRECIPITATION (IN)
  YESTERDAY        0.00          2.13 1883   0.13  -0.13     0.00
  MONTH TO DATE    0.00                      0.53  -0.53     0.01
  SINCE JUN 1      8.34                      4.93   3.41    12.58
  SINCE JAN 1     19.11                     17.80   1.31    24.96

SNOWFALL (IN)
  YESTERDAY        0.0          MM      MM   0.0    0.0      0.0
  MONTH TO DATE    0.0                       0.0    0.0      0.0
  SINCE JUN 1      T                         0.0    0.0      0.0
  SINCE JUL 1      0.0                       0.0    0.0      0.0
  SNOW DEPTH       0

DEGREE DAYS
 HEATING
  YESTERDAY        0                         0      0        1
  MONTH TO DATE    7                         0      7        9
  SINCE JUN 1     30                        40    -10       19
  SINCE JUL 1      7                         0      7        9

 COOLING
  YESTERDAY        2                         7     -5        0
  MONTH TO DATE    2                        28    -26        3
  SINCE JUN 1    121                       167    -46      157
  SINCE JAN 1    157                       204    -47      211
..................................................................


WIND (MPH)
  HIGHEST WIND SPEED    12   HIGHEST WIND DIRECTION     W (260)
  HIGHEST GUST SPEED    14   HIGHEST GUST DIRECTION     W (250)
  AVERAGE WIND SPEED     4.3


SKY COVER
  POSSIBLE SUNSHINE  MM
  AVERAGE SKY COVER 0.0


WEATHER CONDITIONS
 THE FOLLOWING WEATHER WAS RECORDED YESTERDAY.
  NO SIGNIFICANT WEATHER WAS OBSERVED.


RELATIVE HUMIDITY (PERCENT)
 HIGHEST    93           200 AM
 LOWEST     52           400 PM
 AVERAGE    73

..........................................................


THE DUBUQUE IA CLIMATE NORMALS FOR TODAY
                         NORMAL    RECORD    YEAR
 MAXIMUM TEMPERATURE (F)   82       104      1911
 MINIMUM TEMPERATURE (F)   62        45      1972
                                             1970


SUNRISE AND SUNSET
JULY  5 2015..........SUNRISE   532 AM CDT   SUNSET   843 PM CDT
JULY  6 2015..........SUNRISE   532 AM CDT   SUNSET   842 PM CDT


-  INDICATES NEGATIVE NUMBERS.
R  INDICATES RECORD WAS SET OR TIED.
MM INDICATES DATA IS MISSING.
T  INDICATES TRACE AMOUNT.




$$
