000
CDUS43 KDVN 290905
CLIDBQ


CLIMATE REPORT
NATIONAL WEATHER SERVICE QUAD CITIES IA IL
405 AM CDT MON MAY 29 2017


...................................

...THE DUBUQUE IA CLIMATE SUMMARY FOR MAY 28 2017...

CLIMATE NORMAL PERIOD 1981 TO 2010
CLIMATE RECORD PERIOD 1873 TO 2017


WEATHER ITEM   OBSERVED TIME   RECORD YEAR NORMAL DEPARTURE LAST
                VALUE   (LST)  VALUE       VALUE  FROM      YEAR
                                                  NORMAL
..................................................................
TEMPERATURE (F)
 YESTERDAY
  MAXIMUM         75    337 PM  93    1874  73      2       79
  MINIMUM         52   1150 PM  36    1947  52      0       62
  AVERAGE         64                        63      1       71

PRECIPITATION (IN)
  YESTERDAY        0.02          1.85 1996   0.14  -0.12     0.53
  MONTH TO DATE    2.77                      3.77  -1.00     3.79
  SINCE MAR 1      9.90                      9.84   0.06     9.33
  SINCE JAN 1     13.71                     12.45   1.26    10.41

SNOWFALL (IN)
  YESTERDAY        0.0          MM      MM   0.0    0.0      0.0
  MONTH TO DATE    0.0                       0.1   -0.1      0.0
  SINCE MAR 1      4.6                       8.4   -3.8      3.3
  SINCE JUL 1     27.2                      42.0  -14.8     34.8
  SNOW DEPTH       0

DEGREE DAYS
 HEATING
  YESTERDAY        1                         4     -3        0
  MONTH TO DATE  239                       213     26      229
  SINCE MAR 1   1557                      1641    -84     1490
  SINCE JUL 1   6038                      7034   -996     5967

 COOLING
  YESTERDAY        0                         2     -2        6
  MONTH TO DATE   19                        26     -7       33
  SINCE MAR 1     24                        31     -7       36
  SINCE JAN 1     24                        31     -7       36
..................................................................


WIND (MPH)
  HIGHEST WIND SPEED    24   HIGHEST WIND DIRECTION    NW (300)
  HIGHEST GUST SPEED    30   HIGHEST GUST DIRECTION     W (290)
  AVERAGE WIND SPEED     9.0


SKY COVER
  POSSIBLE SUNSHINE  MM
  AVERAGE SKY COVER 0.5


WEATHER CONDITIONS
 THE FOLLOWING WEATHER WAS RECORDED YESTERDAY.
  FOG


RELATIVE HUMIDITY (PERCENT)
 HIGHEST    93           400 AM
 LOWEST     35           400 PM
 AVERAGE    64

..........................................................


THE DUBUQUE IA CLIMATE NORMALS FOR TODAY
                         NORMAL    RECORD    YEAR
 MAXIMUM TEMPERATURE (F)   73        97      1934
 MINIMUM TEMPERATURE (F)   53        31      1965


SUNRISE AND SUNSET
MAY 29 2017...........SUNRISE   530 AM CDT   SUNSET   831 PM CDT
MAY 30 2017...........SUNRISE   529 AM CDT   SUNSET   832 PM CDT


-  INDICATES NEGATIVE NUMBERS.
R  INDICATES RECORD WAS SET OR TIED.
MM INDICATES DATA IS MISSING.
T  INDICATES TRACE AMOUNT.




$$
