000
CDUS43 KDVN 200914
CLIDBQ


CLIMATE REPORT
NATIONAL WEATHER SERVICE QUAD CITIES IA IL
413 AM CDT WED AUG 20 2014


...................................

...THE DUBUQUE IA CLIMATE SUMMARY FOR AUGUST 19 2014...

CLIMATE NORMAL PERIOD 1981 TO 2010
CLIMATE RECORD PERIOD 1873 TO 2014


WEATHER ITEM   OBSERVED TIME   RECORD YEAR NORMAL DEPARTURE LAST
                VALUE   (LST)  VALUE       VALUE  FROM      YEAR
                                                  NORMAL
..................................................................
TEMPERATURE (F)
 YESTERDAY
  MAXIMUM         84   1243 PM  99    1983  80      4       81
  MINIMUM         63   1159 PM  47    2004  60      3       57
                                      1985
  AVERAGE         74                        70      4       69

PRECIPITATION (IN)
  YESTERDAY        0.01          3.00 1935   0.15  -0.14     0.00
  MONTH TO DATE    0.04                      2.76  -2.72     0.47
  SINCE JUN 1     14.69                     11.47   3.22     6.60
  SINCE JAN 1     27.07                     24.34   2.73    28.18

SNOWFALL (IN)
  YESTERDAY        0.0          MM      MM   0.0    0.0      0.0
  MONTH TO DATE    0.0                       0.0    0.0      0.0
  SINCE JUN 1      0.0                       0.0    0.0      0.0
  SINCE JUL 1      0.0                       0.0    0.0      0.0
  SNOW DEPTH       0

DEGREE DAYS
 HEATING
  YESTERDAY        0                         1     -1        0
  MONTH TO DATE    2                         4     -2       10
  SINCE JUN 1     39                        52    -13       71
  SINCE JUL 1     29                        12     17       32

 COOLING
  YESTERDAY        9                         6      3        4
  MONTH TO DATE   75                       119    -44       55
  SINCE JUN 1    331                       482   -151      362
  SINCE JAN 1    385                       519   -134      407
..................................................................


WIND (MPH)
  HIGHEST WIND SPEED    17   HIGHEST WIND DIRECTION     W (290)
  HIGHEST GUST SPEED    24   HIGHEST GUST DIRECTION    NW (300)
  AVERAGE WIND SPEED     8.3


SKY COVER
  POSSIBLE SUNSHINE  MM
  AVERAGE SKY COVER 0.4


WEATHER CONDITIONS
 THE FOLLOWING WEATHER WAS RECORDED YESTERDAY.
  THUNDERSTORM
  LIGHT RAIN
  FOG


RELATIVE HUMIDITY (PERCENT)
 HIGHEST   100           400 AM
 LOWEST     51           100 PM
 AVERAGE    76

..........................................................


THE DUBUQUE IA CLIMATE NORMALS FOR TODAY
                         NORMAL    RECORD    YEAR
 MAXIMUM TEMPERATURE (F)   80        99      1916
 MINIMUM TEMPERATURE (F)   60        44      1967


SUNRISE AND SUNSET
AUGUST 20 2014........SUNRISE   615 AM CDT   SUNSET   756 PM CDT
AUGUST 21 2014........SUNRISE   616 AM CDT   SUNSET   755 PM CDT


-  INDICATES NEGATIVE NUMBERS.
R  INDICATES RECORD WAS SET OR TIED.
MM INDICATES DATA IS MISSING.
T  INDICATES TRACE AMOUNT.




$$
