349
CDUS43 KDVN 232125
CLIDBQ


CLIMATE REPORT
NATIONAL WEATHER SERVICE QUAD CITIES IA IL
423 PM CDT SAT SEP 23 2017


...................................

...THE DUBUQUE IA CLIMATE SUMMARY FOR SEPTEMBER 23 2017...
VALID TODAY AS OF 0400 PM LOCAL TIME.

CLIMATE NORMAL PERIOD 1981 TO 2010
CLIMATE RECORD PERIOD 1873 TO 2017


WEATHER ITEM   OBSERVED TIME   RECORD YEAR NORMAL DEPARTURE LAST
                VALUE   (LST)  VALUE       VALUE  FROM      YEAR
                                                  NORMAL
..................................................................
TEMPERATURE (F)
 TODAY
  MAXIMUM         89    226 PM  91    1891  70     19       70
                                      1886
  MINIMUM         65    625 AM  31    2012  48     17       63
                                      1974
  AVERAGE         77                        59     18       67

PRECIPITATION (IN)
  TODAY            0.00          1.57 1945   0.12  -0.12     0.54
  MONTH TO DATE    1.02                      2.72  -1.70     5.15
  SINCE SEP 1      1.02                      2.72  -1.70     5.15
  SINCE JAN 1     28.44                     28.70  -0.26    34.31

SNOWFALL (IN)
  TODAY            0.0          MM      MM   0.0    0.0      0.0
  MONTH TO DATE    0.0                       0.0    0.0      0.0
  SINCE SEP 1      0.0                       0.0    0.0      0.0
  SINCE JUL 1      0.0                       0.0    0.0      0.0
  SNOW DEPTH       0

DEGREE DAYS
 HEATING
  TODAY            0                         7     -7        0
  MONTH TO DATE   55                        92    -37       10
  SINCE SEP 1     55                        92    -37       10
  SINCE JUL 1     81                       119    -38       17

 COOLING
  TODAY           12                         1     11        2
  MONTH TO DATE   76                        55     21       81
  SINCE SEP 1     76                        55     21       81
  SINCE JAN 1    531                       631   -100      761
..................................................................


WIND (MPH)
  HIGHEST WIND SPEED    13   HIGHEST WIND DIRECTION    SW (210)
  HIGHEST GUST SPEED    17   HIGHEST GUST DIRECTION     S (200)
  AVERAGE WIND SPEED     6.5


SKY COVER
  POSSIBLE SUNSHINE  MM
  AVERAGE SKY COVER 0.0


WEATHER CONDITIONS
 THE FOLLOWING WEATHER WAS RECORDED TODAY.
  NO SIGNIFICANT WEATHER WAS OBSERVED.


RELATIVE HUMIDITY (PERCENT)
 HIGHEST    87           400 AM
 LOWEST     46           200 PM
 AVERAGE    67

..........................................................


THE DUBUQUE IA CLIMATE NORMALS FOR TOMORROW
                         NORMAL    RECORD    YEAR
 MAXIMUM TEMPERATURE (F)   69        90      1935
                                             1891
 MINIMUM TEMPERATURE (F)   48        28      2012


SUNRISE AND SUNSET
SEPTEMBER 23 2017.....SUNRISE   652 AM CDT   SUNSET   658 PM CDT
SEPTEMBER 24 2017.....SUNRISE   653 AM CDT   SUNSET   656 PM CDT


-  INDICATES NEGATIVE NUMBERS.
R  INDICATES RECORD WAS SET OR TIED.
MM INDICATES DATA IS MISSING.
T  INDICATES TRACE AMOUNT.




$$
