000
CDUS43 KDVN 200926
CLIDBQ


CLIMATE REPORT
NATIONAL WEATHER SERVICE QUAD CITIES IA IL
425 AM CDT THU JUL 20 2017


...................................

...THE DUBUQUE IA CLIMATE SUMMARY FOR JULY 19 2017...

CLIMATE NORMAL PERIOD 1981 TO 2010
CLIMATE RECORD PERIOD 1873 TO 2017


WEATHER ITEM   OBSERVED TIME   RECORD YEAR NORMAL DEPARTURE LAST
                VALUE   (LST)  VALUE       VALUE  FROM      YEAR
                                                  NORMAL
..................................................................
TEMPERATURE (F)
 YESTERDAY
  MAXIMUM         88    128 PM  97    2011  82      6       79
                                      1940
                                      1934
  MINIMUM         66    524 AM  50    2003  62      4       63
  AVERAGE         77                        72      5       71

PRECIPITATION (IN)
  YESTERDAY        1.21          2.32 1963   0.14   1.07     0.16
  MONTH TO DATE    4.01                      2.68   1.33     3.00
  SINCE JUN 1      7.07                      7.08  -0.01    10.29
  SINCE JAN 1     20.78                     19.95   0.83    21.24

SNOWFALL (IN)
  YESTERDAY        0.0          MM      MM   0.0    0.0      0.0
  MONTH TO DATE    0.0                       0.0    0.0      0.0
  SINCE JUN 1      0.0                       0.0    0.0      0.0
  SINCE JUL 1      0.0                       0.0    0.0      0.0
  SNOW DEPTH       0

DEGREE DAYS
 HEATING
  YESTERDAY        0                         0      0        0
  MONTH TO DATE    2                         0      2        5
  SINCE JUN 1     28                        40    -12       18
  SINCE JUL 1      2                         0      2        5

 COOLING
  YESTERDAY       12                         7      5        6
  MONTH TO DATE  128                       134     -6      115
  SINCE JUN 1    299                       273     26      289
  SINCE JAN 1    323                       310     13      340
..................................................................


WIND (MPH)
  HIGHEST WIND SPEED    38   HIGHEST WIND DIRECTION     N (360)
  HIGHEST GUST SPEED    47   HIGHEST GUST DIRECTION     N (350)
  AVERAGE WIND SPEED     6.1


SKY COVER
  POSSIBLE SUNSHINE  MM
  AVERAGE SKY COVER 0.4


WEATHER CONDITIONS
 THE FOLLOWING WEATHER WAS RECORDED YESTERDAY.
  THUNDERSTORM
  HEAVY RAIN
  LIGHT RAIN
  FOG


RELATIVE HUMIDITY (PERCENT)
 HIGHEST    93           100 AM
 LOWEST     65           200 PM
 AVERAGE    79

..........................................................


THE DUBUQUE IA CLIMATE NORMALS FOR TODAY
                         NORMAL    RECORD    YEAR
 MAXIMUM TEMPERATURE (F)   82       101      1901
 MINIMUM TEMPERATURE (F)   62        49      2009
                                             1970


SUNRISE AND SUNSET
JULY 20 2017..........SUNRISE   544 AM CDT   SUNSET   834 PM CDT
JULY 21 2017..........SUNRISE   545 AM CDT   SUNSET   833 PM CDT


-  INDICATES NEGATIVE NUMBERS.
R  INDICATES RECORD WAS SET OR TIED.
MM INDICATES DATA IS MISSING.
T  INDICATES TRACE AMOUNT.




$$
