000
CDUS41 KLWX 140533
CLIDCA


CLIMATE REPORT
NATIONAL WEATHER SERVICE BALTIMORE MD/WASHINGTON DC
1231 AM EST SUN FEB 14 2016


...................................

...THE WASHINGTON NATIONAL DC CLIMATE SUMMARY FOR FEBRUARY 13 2016...

CLIMATE NORMAL PERIOD 1981 TO 2010
CLIMATE RECORD PERIOD 1871 TO 2016


WEATHER ITEM   OBSERVED TIME   RECORD YEAR NORMAL DEPARTURE LAST
                VALUE   (LST)  VALUE       VALUE  FROM      YEAR
                                                  NORMAL
..................................................................
TEMPERATURE (F)
 YESTERDAY
  MAXIMUM         28    310 AM  72    1951  47    -19       30
  MINIMUM         15   1159 PM   2    1917  31    -16       15
  AVERAGE         22                        38    -16       23

PRECIPITATION (IN)
  YESTERDAY        T             1.77 1971   0.09  -0.09     0.00
  MONTH TO DATE    0.91                      1.22  -0.31     0.22
  SINCE DEC 1      8.43                      7.08   1.35     7.45
  SINCE JAN 1      3.59                      4.03  -0.44     3.95

SNOWFALL (IN)
  YESTERDAY        0.1          12.0  1899   0.3   -0.2
  MONTH TO DATE    0.1                       3.0   -2.9
  SINCE JUL 1     18.9                      11.4    7.5
  SNOW DEPTH       T

DEGREE DAYS
 HEATING
  YESTERDAY       43                        26     17       42
  MONTH TO DATE  354                       356     -2      375
  SINCE DEC 1   1698                      2041   -343     1928
  SINCE JUL 1   2233                      2736   -503     2535

 COOLING
  YESTERDAY        0                         0      0        0
  MONTH TO DATE    0                         0      0        0
  SINCE DEC 1      1                         0      1        0
  SINCE JAN 1      0                         0      0        0
..................................................................


WIND (MPH)
  HIGHEST WIND SPEED    30   HIGHEST WIND DIRECTION    NW (320)
  HIGHEST GUST SPEED    39   HIGHEST GUST DIRECTION    NW (330)
  AVERAGE WIND SPEED    18.3


SKY COVER
  POSSIBLE SUNSHINE  MM
  AVERAGE SKY COVER 0.4


WEATHER CONDITIONS
 THE FOLLOWING WEATHER WAS RECORDED YESTERDAY.
  LIGHT SNOW


RELATIVE HUMIDITY (PERCENT)
 HIGHEST    68           100 AM
 LOWEST     31           200 PM
 AVERAGE    50

..........................................................


THE WASHINGTON NATIONAL DC CLIMATE NORMALS FOR TODAY
                         NORMAL    RECORD    YEAR
 MAXIMUM TEMPERATURE (F)   47        73      1990
 MINIMUM TEMPERATURE (F)   31         4      1905


SUNRISE AND SUNSET
FEBRUARY 14 2016......SUNRISE   701 AM EST   SUNSET   544 PM EST
FEBRUARY 15 2016......SUNRISE   700 AM EST   SUNSET   545 PM EST


-  INDICATES NEGATIVE NUMBERS.
R  INDICATES RECORD WAS SET OR TIED.
MM INDICATES DATA IS MISSING.
T  INDICATES TRACE AMOUNT.




$$
