000
CDUS41 KALY 110644
CLIDDH


CLIMATE REPORT
NATIONAL WEATHER SERVICE ALBANY NY
144 AM EST MON DEC 11 2017


...................................

...THE BENNINGTON VT CLIMATE SUMMARY FOR DECEMBER 10 2017...

CLIMATE NORMAL PERIOD 1981 TO 2010
CLIMATE RECORD PERIOD 9999 TO 9999


WEATHER ITEM   OBSERVED TIME   NORMAL DEPARTURE LAST
                VALUE   (LST)  VALUE  FROM      YEAR
                                      NORMAL
......................................................
TEMPERATURE (F)
 YESTERDAY
  MAXIMUM         32    419 PM  38     -6       25
  MINIMUM         24    641 AM  22      2       14
  AVERAGE         28            30     -2       20

PRECIPITATION (IN)
  YESTERDAY        T             0.10  -0.10     0.00
  MONTH TO DATE    0.70          0.97  -0.27     0.57
  SINCE DEC 1      0.70          0.97  -0.27     0.57
  SINCE JAN 1     40.26         38.88   1.38    31.11

DEGREE DAYS
 HEATING
  YESTERDAY       37            35      2       45
  MONTH TO DATE  293           334    -41      323
  SINCE DEC 1    293           334    -41      323
  SINCE JUL 1   1593          1947   -354     1693

 COOLING
  YESTERDAY        0             0      0        0
  MONTH TO DATE    0             0      0        0
  SINCE DEC 1      0             0      0        0
  SINCE JAN 1    395           313     82      488
......................................................


WIND (MPH)
  HIGHEST WIND SPEED    13   HIGHEST WIND DIRECTION     W (250)
  HIGHEST GUST SPEED    20   HIGHEST GUST DIRECTION     W (270)
  AVERAGE WIND SPEED     4.9


SKY COVER
  AVERAGE SKY COVER 0.9



RELATIVE HUMIDITY (PERCENT)
 HIGHEST    84          1200 AM
 LOWEST     53           500 PM
 AVERAGE    69

..........................................................


THE BENNINGTON VT CLIMATE NORMALS FOR TODAY
                         NORMAL
 MAXIMUM TEMPERATURE (F)   37
 MINIMUM TEMPERATURE (F)   22


SUNRISE AND SUNSET
DECEMBER 11 2017......SUNRISE   714 AM EST   SUNSET   419 PM EST
DECEMBER 12 2017......SUNRISE   715 AM EST   SUNSET   419 PM EST


-  INDICATES NEGATIVE NUMBERS.
R  INDICATES RECORD WAS SET OR TIED.
MM INDICATES DATA IS MISSING.
T  INDICATES TRACE AMOUNT.




$$
