000
CDUS41 KALY 240623
CLIDDH


CLIMATE REPORT
NATIONAL WEATHER SERVICE ALBANY NY
222 AM EDT SAT JUN 24 2017


...................................

...THE BENNINGTON VT CLIMATE SUMMARY FOR JUNE 23 2017...

CLIMATE NORMAL PERIOD 1981 TO 2010
CLIMATE RECORD PERIOD 9999 TO 9999


WEATHER ITEM   OBSERVED TIME   NORMAL DEPARTURE LAST
                VALUE   (LST)  VALUE  FROM      YEAR
                                      NORMAL
......................................................
TEMPERATURE (F)
 YESTERDAY
  MAXIMUM         88    114 PM  77     11       79
  MINIMUM         63    400 AM  55      8       44
  AVERAGE         76            66     10       62

PRECIPITATION (IN)
  YESTERDAY        0.28          0.13   0.15     0.00
  MONTH TO DATE    4.32          3.25   1.07     1.49
  SINCE JUN 1      4.32          3.25   1.07     1.49
  SINCE JAN 1     20.56         18.32   2.24    14.54

DEGREE DAYS
 HEATING
  YESTERDAY        0             2     -2        3
  MONTH TO DATE   79            88     -9       67
  SINCE JUN 1     79            88     -9       67
  SINCE JUL 1   6478          7227   -749     6103

 COOLING
  YESTERDAY       11             2      9        0
  MONTH TO DATE   71            37     34       35
  SINCE JUN 1     71            37     34       35
  SINCE JAN 1     86            51     35       77
......................................................


WIND (MPH)
  HIGHEST WIND SPEED    21   HIGHEST WIND DIRECTION     S (180)
  HIGHEST GUST SPEED    30   HIGHEST GUST DIRECTION     S (200)
  AVERAGE WIND SPEED     6.1


SKY COVER
  AVERAGE SKY COVER 0.6



RELATIVE HUMIDITY (PERCENT)
 HIGHEST    90           300 AM
 LOWEST     48           100 PM
 AVERAGE    69

..........................................................


THE BENNINGTON VT CLIMATE NORMALS FOR TODAY
                         NORMAL
 MAXIMUM TEMPERATURE (F)   77
 MINIMUM TEMPERATURE (F)   55


SUNRISE AND SUNSET
JUNE 24 2017..........SUNRISE   515 AM EDT   SUNSET   836 PM EDT
JUNE 25 2017..........SUNRISE   516 AM EDT   SUNSET   836 PM EDT


-  INDICATES NEGATIVE NUMBERS.
R  INDICATES RECORD WAS SET OR TIED.
MM INDICATES DATA IS MISSING.
T  INDICATES TRACE AMOUNT.




$$
