000
CDUS41 KALY 290622
CLIDDH


CLIMATE REPORT
NATIONAL WEATHER SERVICE ALBANY NY
221 AM EDT SUN MAY 29 2016


...................................

...THE BENNINGTON VT CLIMATE SUMMARY FOR MAY 28 2016...

CLIMATE NORMAL PERIOD 1981 TO 2010
CLIMATE RECORD PERIOD 9999 TO 9999


WEATHER ITEM   OBSERVED TIME   NORMAL DEPARTURE LAST
                VALUE   (LST)  VALUE  FROM      YEAR
                                      NORMAL
......................................................
TEMPERATURE (F)
 YESTERDAY
  MAXIMUM         89    527 PM  70     19       79
  MINIMUM         61    450 AM  47     14       56
  AVERAGE         75            58     17       68

PRECIPITATION (IN)
  YESTERDAY        0.00          0.14  -0.14     0.14
  MONTH TO DATE    2.87          3.22  -0.35     0.42
  SINCE MAR 1      7.96          9.64  -1.68     3.60
  SINCE JAN 1     13.00         14.63  -1.63     7.01

DEGREE DAYS
 HEATING
  YESTERDAY        0             7     -7        0
  MONTH TO DATE  295           296     -1      155
  SINCE MAR 1   1703          1868   -165     1935
  SINCE JUL 1   6036          7119  -1083     7437

 COOLING
  YESTERDAY       10             1      9        3
  MONTH TO DATE   23             1     22       57
  SINCE MAR 1     24             4     20       57
  SINCE JAN 1     24             4     20       57
......................................................


WIND (MPH)
  HIGHEST WIND SPEED     9   HIGHEST WIND DIRECTION     W (280)
  HIGHEST GUST SPEED    15   HIGHEST GUST DIRECTION     W (290)
  AVERAGE WIND SPEED     2.4


SKY COVER
  AVERAGE SKY COVER 0.0



RELATIVE HUMIDITY (PERCENT)
 HIGHEST   100           300 AM
 LOWEST     37           500 PM
 AVERAGE    69

..........................................................


THE BENNINGTON VT CLIMATE NORMALS FOR TODAY
                         NORMAL
 MAXIMUM TEMPERATURE (F)   70
 MINIMUM TEMPERATURE (F)   47


SUNRISE AND SUNSET
MAY 29 2016...........SUNRISE   518 AM EDT   SUNSET   823 PM EDT
MAY 30 2016...........SUNRISE   518 AM EDT   SUNSET   824 PM EDT


-  INDICATES NEGATIVE NUMBERS.
R  INDICATES RECORD WAS SET OR TIED.
MM INDICATES DATA IS MISSING.
T  INDICATES TRACE AMOUNT.




$$
