000
CDUS41 KALY 190641
CLIDDH


CLIMATE REPORT
NATIONAL WEATHER SERVICE ALBANY NY
138 AM EST MON FEB 19 2018


...................................

...THE BENNINGTON VT CLIMATE SUMMARY FOR FEBRUARY 18 2018...

CLIMATE NORMAL PERIOD 1981 TO 2010
CLIMATE RECORD PERIOD 9999 TO 9999


WEATHER ITEM   OBSERVED TIME   NORMAL DEPARTURE LAST
                VALUE   (LST)  VALUE  FROM      YEAR
                                      NORMAL
......................................................
TEMPERATURE (F)
 YESTERDAY
  MAXIMUM         36    113 PM  35      1       54
  MINIMUM         17   1100 PM  16      1       12
  AVERAGE         27            26      1       33

PRECIPITATION (IN)
  YESTERDAY        0.15          0.08   0.07     0.00
  MONTH TO DATE    2.13          1.32   0.81     1.25
  SINCE DEC 1      7.32          6.86   0.46     5.05
  SINCE JAN 1      5.18          4.07   1.11     2.96

DEGREE DAYS
 HEATING
  YESTERDAY       38            39     -1       32
  MONTH TO DATE  672           740    -68      716
  SINCE DEC 1   3277          3258     19     2940
  SINCE JUL 1   4577          4871   -294     4310

 COOLING
  YESTERDAY        0             0      0        0
  MONTH TO DATE    0             0      0        0
  SINCE DEC 1      0             0      0        0
  SINCE JAN 1      0             0      0        0
......................................................


WIND (MPH)
  HIGHEST WIND SPEED    14   HIGHEST WIND DIRECTION     W (270)
  HIGHEST GUST SPEED    19   HIGHEST GUST DIRECTION    SW (230)
  AVERAGE WIND SPEED     5.0


SKY COVER
  AVERAGE SKY COVER 0.7



RELATIVE HUMIDITY (PERCENT)
 HIGHEST    92           200 AM
 LOWEST     56           100 PM
 AVERAGE    74

..........................................................


THE BENNINGTON VT CLIMATE NORMALS FOR TODAY
                         NORMAL
 MAXIMUM TEMPERATURE (F)   36
 MINIMUM TEMPERATURE (F)   16


SUNRISE AND SUNSET
FEBRUARY 19 2018......SUNRISE   645 AM EST   SUNSET   530 PM EST
FEBRUARY 20 2018......SUNRISE   643 AM EST   SUNSET   531 PM EST


-  INDICATES NEGATIVE NUMBERS.
R  INDICATES RECORD WAS SET OR TIED.
MM INDICATES DATA IS MISSING.
T  INDICATES TRACE AMOUNT.




$$
