000
CDUS41 KALY 040622
CLIDDH


CLIMATE REPORT
NATIONAL WEATHER SERVICE ALBANY NY
222 AM EDT SAT JUL 4 2015


...................................

...THE BENNINGTON VT CLIMATE SUMMARY FOR JULY 3 2015...

CLIMATE NORMAL PERIOD 1981 TO 2010
CLIMATE RECORD PERIOD 9999 TO 9999


WEATHER ITEM   OBSERVED TIME   NORMAL DEPARTURE LAST
                VALUE   (LST)  VALUE  FROM      YEAR
                                      NORMAL
......................................................
TEMPERATURE (F)
 YESTERDAY
  MAXIMUM         75    303 PM  79     -4       88
  MINIMUM         44    453 AM  56    -12       62
  AVERAGE         60            68     -8       75

PRECIPITATION (IN)
  YESTERDAY        0.00          0.13  -0.13     1.21
  MONTH TO DATE    0.60          0.39   0.21     1.40
  SINCE JUN 1      3.55          4.52  -0.97     4.73
  SINCE JAN 1     11.11         19.59  -8.48    17.56

DEGREE DAYS
 HEATING
  YESTERDAY        5             1      4        0
  MONTH TO DATE    7             3      4        0
  SINCE JUN 1    102           100      2       47
  SINCE JUL 1      7             3      4        0

 COOLING
  YESTERDAY        0             4     -4       10
  MONTH TO DATE    4            11     -7       35
  SINCE JUN 1     51            69    -18       97
  SINCE JAN 1    115            83     32      113
......................................................


WIND (MPH)
  HIGHEST WIND SPEED     8   HIGHEST WIND DIRECTION    SE (150)
  HIGHEST GUST SPEED    13   HIGHEST GUST DIRECTION    NW (330)
  AVERAGE WIND SPEED     1.9


SKY COVER
  AVERAGE SKY COVER 0.0



RELATIVE HUMIDITY (PERCENT)
 HIGHEST    96          1200 AM
 LOWEST     38           200 PM
 AVERAGE    67

..........................................................


THE BENNINGTON VT CLIMATE NORMALS FOR TODAY
                         NORMAL
 MAXIMUM TEMPERATURE (F)   79
 MINIMUM TEMPERATURE (F)   57


SUNRISE AND SUNSET
JULY  4 2015..........SUNRISE   520 AM EDT   SUNSET   835 PM EDT
JULY  5 2015..........SUNRISE   520 AM EDT   SUNSET   835 PM EDT


-  INDICATES NEGATIVE NUMBERS.
R  INDICATES RECORD WAS SET OR TIED.
MM INDICATES DATA IS MISSING.
T  INDICATES TRACE AMOUNT.




$$
