000
CDUS43 KILX 280707
CLIDEC


CLIMATE REPORT
NATIONAL WEATHER SERVICE LINCOLN IL
207 AM CDT SAT MAY 28 2016


...................................

...THE DECATUR IL AIRPORT CLIMATE SUMMARY FOR MAY 27 2016...

CLIMATE NORMAL PERIOD 1981 TO 2010
CLIMATE RECORD PERIOD 9999 TO 9999


WEATHER ITEM   OBSERVED TIME   RECORD YEAR NORMAL DEPARTURE LAST
                VALUE   (LST)  VALUE       VALUE  FROM      YEAR
                                                  NORMAL
..................................................................
TEMPERATURE (F)
 YESTERDAY
  MAXIMUM         79    247 PM  MM      MM  77      2       80
  MINIMUM         66    447 AM  MM      MM  55     11       60
  AVERAGE         73                        66      7       70

PRECIPITATION (IN)
  YESTERDAY        0.37         MM      MM   0.11   0.26      T
  MONTH TO DATE    3.04                      3.87  -0.83     4.53
  SINCE MAR 1      9.56                     10.31  -0.75     8.16
  SINCE JAN 1     10.75                     14.03  -3.28     9.41

DEGREE DAYS
 HEATING
  YESTERDAY        0                         3     -3        0
  MONTH TO DATE  138                       132      6       79
  SINCE MAR 1    993                      1238   -245     1169
  SINCE JUL 1   4485                      5495  -1010     5815

 COOLING
  YESTERDAY        8                         4      4        5
  MONTH TO DATE   44                        57    -13      127
  SINCE MAR 1     51                        71    -20      130
  SINCE JAN 1     51                        71    -20      130
..................................................................


WIND (MPH)
  HIGHEST WIND SPEED    25   HIGHEST WIND DIRECTION     S (180)
  HIGHEST GUST SPEED    32   HIGHEST GUST DIRECTION     S (180)
  AVERAGE WIND SPEED    12.3


SKY COVER
  POSSIBLE SUNSHINE  MM
  AVERAGE SKY COVER 0.7


WEATHER CONDITIONS
 THE FOLLOWING WEATHER WAS RECORDED YESTERDAY.
  THUNDERSTORM
  HEAVY RAIN
  RAIN
  LIGHT RAIN
  FOG


RELATIVE HUMIDITY (PERCENT)
 HIGHEST    90           600 PM
 LOWEST     67          1200 PM
 AVERAGE    79

..........................................................


THE DECATUR IL AIRPORT CLIMATE NORMALS FOR TODAY
                         NORMAL    RECORD    YEAR
 MAXIMUM TEMPERATURE (F)   78        MM        MM
 MINIMUM TEMPERATURE (F)   55        MM        MM


SUNRISE AND SUNSET
MAY 28 2016...........SUNRISE   531 AM CDT   SUNSET   815 PM CDT
MAY 29 2016...........SUNRISE   530 AM CDT   SUNSET   816 PM CDT


-  INDICATES NEGATIVE NUMBERS.
R  INDICATES RECORD WAS SET OR TIED.
MM INDICATES DATA IS MISSING.
T  INDICATES TRACE AMOUNT.




$$
