000
CDUS43 KILX 300636
CLIDEC


CLIMATE REPORT
NATIONAL WEATHER SERVICE LINCOLN IL
135 AM CDT SAT MAY 30 2015


...................................

...THE DECATUR IL AIRPORT CLIMATE SUMMARY FOR MAY 29 2015...

CLIMATE NORMAL PERIOD 1981 TO 2010
CLIMATE RECORD PERIOD 9999 TO 9999


WEATHER ITEM   OBSERVED TIME   RECORD YEAR NORMAL DEPARTURE LAST
                VALUE   (LST)  VALUE       VALUE  FROM      YEAR
                                                  NORMAL
..................................................................
TEMPERATURE (F)
 YESTERDAY
  MAXIMUM         84    249 PM  MM      MM  78      6       84
  MINIMUM         64    158 AM  MM      MM  56      8       63
  AVERAGE         74                        67      7       74

PRECIPITATION (IN)
  YESTERDAY        0.02         MM      MM   0.10  -0.08     0.02
  MONTH TO DATE    4.55                      4.07   0.48     2.60
  SINCE MAR 1      8.18                     10.51  -2.33     8.54
  SINCE JAN 1      9.43                     14.23  -4.80     9.66

DEGREE DAYS
 HEATING
  YESTERDAY        0                         2     -2        0
  MONTH TO DATE   79                       137    -58      129
  SINCE MAR 1   1169                      1243    -74     1339
  SINCE JUL 1   5815                      5500    315     6151

 COOLING
  YESTERDAY        9                         4      5        9
  MONTH TO DATE  141                        65     76      125
  SINCE MAR 1    144                        79     65      126
  SINCE JAN 1    144                        79     65      126
..................................................................


WIND (MPH)
  HIGHEST WIND SPEED    21   HIGHEST WIND DIRECTION     S (200)
  HIGHEST GUST SPEED    26   HIGHEST GUST DIRECTION     W (270)
  AVERAGE WIND SPEED     9.4


SKY COVER
  POSSIBLE SUNSHINE  MM
  AVERAGE SKY COVER 0.5


WEATHER CONDITIONS
 THE FOLLOWING WEATHER WAS RECORDED YESTERDAY.
  LIGHT RAIN
  FOG


RELATIVE HUMIDITY (PERCENT)
 HIGHEST    93           200 AM
 LOWEST     55           200 PM
 AVERAGE    74

..........................................................


THE DECATUR IL AIRPORT CLIMATE NORMALS FOR TODAY
                         NORMAL    RECORD    YEAR
 MAXIMUM TEMPERATURE (F)   78        MM        MM
 MINIMUM TEMPERATURE (F)   56        MM        MM


SUNRISE AND SUNSET
MAY 30 2015...........SUNRISE   530 AM CDT   SUNSET   816 PM CDT
MAY 31 2015...........SUNRISE   530 AM CDT   SUNSET   817 PM CDT


-  INDICATES NEGATIVE NUMBERS.
R  INDICATES RECORD WAS SET OR TIED.
MM INDICATES DATA IS MISSING.
T  INDICATES TRACE AMOUNT.




$$
