000
CDUS43 KILX 222238
CLIDEC


CLIMATE REPORT
NATIONAL WEATHER SERVICE LINCOLN IL
428 PM CST WED NOV 22 2017


...................................

...THE DECATUR IL AIRPORT CLIMATE SUMMARY FOR NOVEMBER 22 2017...
VALID TODAY AS OF 0400 PM LOCAL TIME.

CLIMATE NORMAL PERIOD 1981 TO 2010
CLIMATE RECORD PERIOD 9999 TO 9999


WEATHER ITEM   OBSERVED TIME   RECORD YEAR NORMAL DEPARTURE LAST
                VALUE   (LST)  VALUE       VALUE  FROM      YEAR
                                                  NORMAL
..................................................................
TEMPERATURE (F)
 TODAY
  MAXIMUM         37    334 PM  MM      MM  48    -11       47
  MINIMUM         22    719 AM  MM      MM  32    -10       31
  AVERAGE         30                        40    -10       39

PRECIPITATION (IN)
  TODAY            0.00         MM      MM   0.11  -0.11     0.29
  MONTH TO DATE    0.42                      2.49  -2.07     1.67
  SINCE SEP 1      6.20                      8.66  -2.46     6.75
  SINCE JAN 1     32.37                     34.97  -2.60    29.67

DEGREE DAYS
 HEATING
  TODAY           35                        25     10       26
  MONTH TO DATE  494                       446     48      339
  SINCE SEP 1    790                       858    -68      520
  SINCE JUL 1    791                       864    -73      525

 COOLING
  TODAY            0                         0      0        0
  MONTH TO DATE    0                         0      0       13
  SINCE SEP 1    214                       130     84      299
  SINCE JAN 1   1120                      1048     72     1434
..................................................................


WIND (MPH)
  HIGHEST WIND SPEED    14   HIGHEST WIND DIRECTION     N (340)
  HIGHEST GUST SPEED    18   HIGHEST GUST DIRECTION    NW (320)
  AVERAGE WIND SPEED     7.0


SKY COVER
  POSSIBLE SUNSHINE  MM
  AVERAGE SKY COVER 0.0


WEATHER CONDITIONS
 THE FOLLOWING WEATHER WAS RECORDED TODAY.
  NO SIGNIFICANT WEATHER WAS OBSERVED.


RELATIVE HUMIDITY (PERCENT)
 HIGHEST    84           700 AM
 LOWEST     40           300 PM
 AVERAGE    62

..........................................................


THE DECATUR IL AIRPORT CLIMATE NORMALS FOR TOMORROW
                         NORMAL    RECORD    YEAR
 MAXIMUM TEMPERATURE (F)   48        MM        MM
 MINIMUM TEMPERATURE (F)   31        MM        MM


SUNRISE AND SUNSET
NOVEMBER 22 2017......SUNRISE   648 AM CST   SUNSET   435 PM CST
NOVEMBER 23 2017......SUNRISE   649 AM CST   SUNSET   434 PM CST


-  INDICATES NEGATIVE NUMBERS.
R  INDICATES RECORD WAS SET OR TIED.
MM INDICATES DATA IS MISSING.
T  INDICATES TRACE AMOUNT.




$$
