000
CDUS43 KILX 070642
CLIDEC


CLIMATE REPORT
NATIONAL WEATHER SERVICE LINCOLN IL
1242 AM CST WED DEC 7 2016


...................................

...THE DECATUR IL AIRPORT CLIMATE SUMMARY FOR DECEMBER 6 2016...

CLIMATE NORMAL PERIOD 1981 TO 2010
CLIMATE RECORD PERIOD 9999 TO 9999


WEATHER ITEM   OBSERVED TIME   RECORD YEAR NORMAL DEPARTURE LAST
                VALUE   (LST)  VALUE       VALUE  FROM      YEAR
                                                  NORMAL
..................................................................
TEMPERATURE (F)
 YESTERDAY
  MAXIMUM         39    201 PM  MM      MM  42     -3       50
  MINIMUM         31   1159 PM  MM      MM  26      5       28
  AVERAGE         35                        34      1       39

PRECIPITATION (IN)
  YESTERDAY        T            MM      MM   0.09  -0.09     0.04
  MONTH TO DATE    T                         0.50  -0.50     0.14
  SINCE DEC 1      T                         0.50  -0.50     0.14
  SINCE JAN 1     31.64                     36.41  -4.77    31.05

DEGREE DAYS
 HEATING
  YESTERDAY       30                        31     -1       26
  MONTH TO DATE  112                       182    -70      173
  SINCE DEC 1    112                       182    -70      173
  SINCE JUL 1    808                      1263   -455      955

 COOLING
  YESTERDAY        0                         0      0        0
  MONTH TO DATE    0                         0      0        0
  SINCE DEC 1      0                         0      0        0
  SINCE JAN 1   1434                      1048    386     1184
..................................................................


WIND (MPH)
  HIGHEST WIND SPEED    23   HIGHEST WIND DIRECTION    NW (310)
  HIGHEST GUST SPEED    29   HIGHEST GUST DIRECTION    NW (310)
  AVERAGE WIND SPEED     8.6


SKY COVER
  POSSIBLE SUNSHINE  MM
  AVERAGE SKY COVER 0.6


WEATHER CONDITIONS
 THE FOLLOWING WEATHER WAS RECORDED YESTERDAY.
  LIGHT RAIN
  LIGHT SNOW
  FOG
  HAZE


RELATIVE HUMIDITY (PERCENT)
 HIGHEST    96           100 AM
 LOWEST     63          1100 PM
 AVERAGE    80

..........................................................


THE DECATUR IL AIRPORT CLIMATE NORMALS FOR TODAY
                         NORMAL    RECORD    YEAR
 MAXIMUM TEMPERATURE (F)   41        MM        MM
 MINIMUM TEMPERATURE (F)   25        MM        MM


SUNRISE AND SUNSET
DECEMBER  7 2016......SUNRISE   704 AM CST   SUNSET   430 PM CST
DECEMBER  8 2016......SUNRISE   705 AM CST   SUNSET   431 PM CST


-  INDICATES NEGATIVE NUMBERS.
R  INDICATES RECORD WAS SET OR TIED.
MM INDICATES DATA IS MISSING.
T  INDICATES TRACE AMOUNT.




$$
