000
CDUS43 KILX 310628
CLIDEC


CLIMATE REPORT
NATIONAL WEATHER SERVICE LINCOLN IL
128 AM CDT FRI JUL 31 2015


...................................

...THE DECATUR IL AIRPORT CLIMATE SUMMARY FOR JULY 30 2015...

CLIMATE NORMAL PERIOD 1981 TO 2010
CLIMATE RECORD PERIOD 9999 TO 9999


WEATHER ITEM   OBSERVED TIME   RECORD YEAR NORMAL DEPARTURE LAST
                VALUE   (LST)  VALUE       VALUE  FROM      YEAR
                                                  NORMAL
..................................................................
TEMPERATURE (F)
 YESTERDAY
  MAXIMUM         89    353 PM  MM      MM  86      3       82
  MINIMUM         68    401 AM  MM      MM  64      4       60
  AVERAGE         79                        75      4       71

PRECIPITATION (IN)
  YESTERDAY        0.00         MM      MM   0.11  -0.11     0.00
  MONTH TO DATE    4.66                      3.75   0.91     2.44
  SINCE JUN 1      9.92                      8.10   1.82     9.34
  SINCE JAN 1     20.62                     22.55  -1.93    19.00

DEGREE DAYS
 HEATING
  YESTERDAY        0                         0      0        0
  MONTH TO DATE    1                         0      1        2
  SINCE JUN 1      8                        17     -9        3
  SINCE JUL 1      1                         0      1        2

 COOLING
  YESTERDAY       14                        10      4        6
  MONTH TO DATE  285                       322    -37      177
  SINCE JUN 1    543                       551     -8      453
  SINCE JAN 1    687                       638     49      598
..................................................................


WIND (MPH)
  HIGHEST WIND SPEED    16   HIGHEST WIND DIRECTION    NW (300)
  HIGHEST GUST SPEED    22   HIGHEST GUST DIRECTION    NW (300)
  AVERAGE WIND SPEED     9.9


SKY COVER
  POSSIBLE SUNSHINE  MM
  AVERAGE SKY COVER 0.0


WEATHER CONDITIONS
 THE FOLLOWING WEATHER WAS RECORDED YESTERDAY.
  NO SIGNIFICANT WEATHER WAS OBSERVED.


RELATIVE HUMIDITY (PERCENT)
 HIGHEST    73           300 AM
 LOWEST     34           300 PM
 AVERAGE    54

..........................................................


THE DECATUR IL AIRPORT CLIMATE NORMALS FOR TODAY
                         NORMAL    RECORD    YEAR
 MAXIMUM TEMPERATURE (F)   86        MM        MM
 MINIMUM TEMPERATURE (F)   64        MM        MM


SUNRISE AND SUNSET
JULY 31 2015..........SUNRISE   553 AM CDT   SUNSET   810 PM CDT
AUGUST  1 2015........SUNRISE   554 AM CDT   SUNSET   809 PM CDT


-  INDICATES NEGATIVE NUMBERS.
R  INDICATES RECORD WAS SET OR TIED.
MM INDICATES DATA IS MISSING.
T  INDICATES TRACE AMOUNT.




$$
