000
CDUS43 KILX 270628
CLIDEC


CLIMATE REPORT
NATIONAL WEATHER SERVICE LINCOLN IL
128 AM CDT WED AUG 27 2014


...................................

...THE DECATUR IL AIRPORT CLIMATE SUMMARY FOR AUGUST 26 2014...

CLIMATE NORMAL PERIOD 1981 TO 2010
CLIMATE RECORD PERIOD 9999 TO 9999


WEATHER ITEM   OBSERVED TIME   RECORD YEAR NORMAL DEPARTURE LAST
                VALUE   (LST)  VALUE       VALUE  FROM      YEAR
                                                  NORMAL
..................................................................
TEMPERATURE (F)
 YESTERDAY
  MAXIMUM         92    414 PM  MM      MM  84      8       91
  MINIMUM         69    733 PM  MM      MM  62      7       69
  AVERAGE         81                        73      8       80

PRECIPITATION (IN)
  YESTERDAY        1.40         MM      MM   0.15   1.25     0.00
  MONTH TO DATE    4.71                      2.95   1.76     0.02
  SINCE JUN 1     14.05                     11.16   2.89     8.06
  SINCE JAN 1     23.71                     25.61  -1.90    26.37

DEGREE DAYS
 HEATING
  YESTERDAY        0                         0      0        0
  MONTH TO DATE    0                         0      0        6
  SINCE JUN 1      3                        18    -15       24
  SINCE JUL 1      2                         1      1       10

 COOLING
  YESTERDAY       16                         8      8       15
  MONTH TO DATE  232                       232      0      185
  SINCE JUN 1    691                       794   -103      690
  SINCE JAN 1    836                       881    -45      802
..................................................................


WIND (MPH)
  HIGHEST WIND SPEED    30   HIGHEST WIND DIRECTION     S (170)
  HIGHEST GUST SPEED    54   HIGHEST GUST DIRECTION    NW (310)
  AVERAGE WIND SPEED     6.7


SKY COVER
  POSSIBLE SUNSHINE  MM
  AVERAGE SKY COVER 0.2


WEATHER CONDITIONS
 THE FOLLOWING WEATHER WAS RECORDED YESTERDAY.
  THUNDERSTORM
  HEAVY RAIN
  LIGHT RAIN
  FOG


RELATIVE HUMIDITY (PERCENT)
 HIGHEST    93           300 AM
 LOWEST     60          1200 PM
 AVERAGE    77

..........................................................


THE DECATUR IL AIRPORT CLIMATE NORMALS FOR TODAY
                         NORMAL    RECORD    YEAR
 MAXIMUM TEMPERATURE (F)   84        MM        MM
 MINIMUM TEMPERATURE (F)   62        MM        MM


SUNRISE AND SUNSET
AUGUST 27 2014........SUNRISE   619 AM CDT   SUNSET   734 PM CDT
AUGUST 28 2014........SUNRISE   620 AM CDT   SUNSET   733 PM CDT


-  INDICATES NEGATIVE NUMBERS.
R  INDICATES RECORD WAS SET OR TIED.
MM INDICATES DATA IS MISSING.
T  INDICATES TRACE AMOUNT.




$$
