726
CDUS43 KILX 240635
CLIDEC


CLIMATE REPORT
NATIONAL WEATHER SERVICE LINCOLN IL
135 AM CDT MON APR 24 2017


...................................

...THE DECATUR IL AIRPORT CLIMATE SUMMARY FOR APRIL 23 2017...

CLIMATE NORMAL PERIOD 1981 TO 2010
CLIMATE RECORD PERIOD 9999 TO 9999


WEATHER ITEM   OBSERVED TIME   RECORD YEAR NORMAL DEPARTURE LAST
                VALUE   (LST)  VALUE       VALUE  FROM      YEAR
                                                  NORMAL
..................................................................
TEMPERATURE (F)
 YESTERDAY
  MAXIMUM         72    328 PM  MM      MM  67      5       67
  MINIMUM         35    353 AM  MM      MM  44     -9       39
  AVERAGE         54                        56     -2       53

PRECIPITATION (IN)
  YESTERDAY        0.00         MM      MM   0.14  -0.14     0.00
  MONTH TO DATE    2.00                      2.58  -0.58     2.18
  SINCE MAR 1      4.70                      5.22  -0.52     5.37
  SINCE JAN 1      6.80                      8.94  -2.14     6.56

DEGREE DAYS
 HEATING
  YESTERDAY       11                        10      1       12
  MONTH TO DATE  197                       319   -122      321
  SINCE MAR 1    852                      1046   -194      823
  SINCE JUL 1   4211                      5303  -1092     4315

 COOLING
  YESTERDAY        0                         1     -1        0
  MONTH TO DATE   20                         1     19        0
  SINCE MAR 1     20                         2     18        0
  SINCE JAN 1     20                         2     18        0
..................................................................


WIND (MPH)
  HIGHEST WIND SPEED    20   HIGHEST WIND DIRECTION    NE (30)
  HIGHEST GUST SPEED    25   HIGHEST GUST DIRECTION    NE (50)
  AVERAGE WIND SPEED    10.6


SKY COVER
  POSSIBLE SUNSHINE  MM
  AVERAGE SKY COVER 0.0


WEATHER CONDITIONS
 THE FOLLOWING WEATHER WAS RECORDED YESTERDAY.
  NO SIGNIFICANT WEATHER WAS OBSERVED.


RELATIVE HUMIDITY (PERCENT)
 HIGHEST    82           400 AM
 LOWEST     23           500 PM
 AVERAGE    53

..........................................................


THE DECATUR IL AIRPORT CLIMATE NORMALS FOR TODAY
                         NORMAL    RECORD    YEAR
 MAXIMUM TEMPERATURE (F)   67        MM        MM
 MINIMUM TEMPERATURE (F)   45        MM        MM


SUNRISE AND SUNSET
APRIL 24 2017.........SUNRISE   605 AM CDT   SUNSET   743 PM CDT
APRIL 25 2017.........SUNRISE   603 AM CDT   SUNSET   744 PM CDT


-  INDICATES NEGATIVE NUMBERS.
R  INDICATES RECORD WAS SET OR TIED.
MM INDICATES DATA IS MISSING.
T  INDICATES TRACE AMOUNT.




$$
