000
CDUS43 KILX 020652
CLIDEC


CLIMATE REPORT
NATIONAL WEATHER SERVICE LINCOLN IL
152 AM CDT WED SEP 2 2015


...................................

...THE DECATUR IL AIRPORT CLIMATE SUMMARY FOR SEPTEMBER 1 2015...

CLIMATE NORMAL PERIOD 1981 TO 2010
CLIMATE RECORD PERIOD 9999 TO 9999


WEATHER ITEM   OBSERVED TIME   RECORD YEAR NORMAL DEPARTURE LAST
                VALUE   (LST)  VALUE       VALUE  FROM      YEAR
                                                  NORMAL
..................................................................
TEMPERATURE (F)
 YESTERDAY
  MAXIMUM         91    247 PM  MM      MM  83      8       83
  MINIMUM         71    550 AM  MM      MM  60     11       70
  AVERAGE         81                        72      9       77

PRECIPITATION (IN)
  YESTERDAY        0.00         MM      MM   0.14  -0.14     0.38
  MONTH TO DATE    0.00                      0.14  -0.14     0.38
  SINCE SEP 1      0.00                      0.14  -0.14     0.38
  SINCE JAN 1     22.91                     26.45  -3.54    24.31

DEGREE DAYS
 HEATING
  YESTERDAY        0                         0      0        0
  MONTH TO DATE    0                         0      0        0
  SINCE SEP 1      0                         0      0        0
  SINCE JUL 1      2                         6     -4        2

 COOLING
  YESTERDAY       16                         7      9       12
  MONTH TO DATE   16                         7      9       12
  SINCE SEP 1     16                         7      9       12
  SINCE JAN 1    975                       925     50      916
..................................................................


WIND (MPH)
  HIGHEST WIND SPEED    15   HIGHEST WIND DIRECTION     S (190)
  HIGHEST GUST SPEED    19   HIGHEST GUST DIRECTION    SW (220)
  AVERAGE WIND SPEED     7.9


SKY COVER
  POSSIBLE SUNSHINE  MM
  AVERAGE SKY COVER 0.2


WEATHER CONDITIONS
 THE FOLLOWING WEATHER WAS RECORDED YESTERDAY.
  THUNDERSTORM


RELATIVE HUMIDITY (PERCENT)
 HIGHEST    90           500 AM
 LOWEST     52           200 PM
 AVERAGE    71

..........................................................


THE DECATUR IL AIRPORT CLIMATE NORMALS FOR TODAY
                         NORMAL    RECORD    YEAR
 MAXIMUM TEMPERATURE (F)   83        MM        MM
 MINIMUM TEMPERATURE (F)   60        MM        MM


SUNRISE AND SUNSET
SEPTEMBER  2 2015.....SUNRISE   624 AM CDT   SUNSET   726 PM CDT
SEPTEMBER  3 2015.....SUNRISE   625 AM CDT   SUNSET   724 PM CDT


-  INDICATES NEGATIVE NUMBERS.
R  INDICATES RECORD WAS SET OR TIED.
MM INDICATES DATA IS MISSING.
T  INDICATES TRACE AMOUNT.




$$
