000
CDUS45 KBOU 222323
CLIDEN


CLIMATE REPORT
NATIONAL WEATHER SERVICE DENVER/BOULDER CO
423 PM MST SUN JAN 22 2017


...................................

...THE DENVER CO CLIMATE SUMMARY FOR JANUARY 22 2017...
VALID TODAY AS OF 0400 PM LOCAL TIME.

CLIMATE NORMAL PERIOD 1981 TO 2010
CLIMATE RECORD PERIOD 1872 TO 2017


WEATHER ITEM   OBSERVED TIME   RECORD YEAR NORMAL DEPARTURE LAST
                VALUE   (LST)  VALUE       VALUE  FROM      YEAR
                                                  NORMAL
..................................................................
TEMPERATURE (F)
 TODAY
  MAXIMUM         47    236 PM  68    1981  44      3       52
  MINIMUM         26    415 AM -14    1962  17      9       21
  AVERAGE         37                        31      6       37

PRECIPITATION (IN)
  TODAY            0.00          0.47 1968   0.01  -0.01     0.00
  MONTH TO DATE    0.54                      0.29   0.25     0.40
  SINCE DEC 1      1.32                      0.64   0.68     1.11
  SINCE JAN 1      0.54                      0.29   0.25     0.40

DEGREE DAYS
 HEATING
  TODAY           28                        34     -6       28
  MONTH TO DATE  793                       753     40      777
  SINCE DEC 1   1939                      1839    100     1874
  SINCE JUL 1   2835                      3221   -386     2964

 COOLING
  TODAY            0                         0      0        0
  MONTH TO DATE    0                         0      0        0
  SINCE DEC 1      0                         0      0        0
  SINCE JAN 1      0                         0      0        0
..................................................................


WIND (MPH)
  HIGHEST WIND SPEED    16   HIGHEST WIND DIRECTION    NW (310)
  HIGHEST GUST SPEED    20   HIGHEST GUST DIRECTION     W (280)
  AVERAGE WIND SPEED     6.9


SKY COVER **
  POSSIBLE SUNSHINE  MM
  AVERAGE SKY COVER 0.4


WEATHER CONDITIONS
 THE FOLLOWING WEATHER WAS RECORDED TODAY.
  NO SIGNIFICANT WEATHER WAS OBSERVED.


RELATIVE HUMIDITY (PERCENT)
 HIGHEST    81           400 AM
 LOWEST     17           300 PM
 AVERAGE    49

..........................................................


THE DENVER CO CLIMATE NORMALS FOR TOMORROW
                         NORMAL    RECORD    YEAR
 MAXIMUM TEMPERATURE (F)   44        69      1981
 MINIMUM TEMPERATURE (F)   17       -15      1877


SUNRISE AND SUNSET
JANUARY 22 2017.......SUNRISE   714 AM MST   SUNSET   506 PM MST
JANUARY 23 2017.......SUNRISE   714 AM MST   SUNSET   508 PM MST


-  INDICATES NEGATIVE NUMBERS.
R  INDICATES RECORD WAS SET OR TIED.
MM INDICATES DATA IS MISSING.
T  INDICATES TRACE AMOUNT.




$$
