000
CDUS45 KBOU 222328
CLIDEN


CLIMATE REPORT
NATIONAL WEATHER SERVICE DENVER/BOULDER CO
527 PM MDT FRI JUL 22 2016


...................................

...THE DENVER CO CLIMATE SUMMARY FOR JULY 22 2016...
VALID TODAY AS OF 0500 PM LOCAL TIME.

CLIMATE NORMAL PERIOD 1981 TO 2010
CLIMATE RECORD PERIOD 1872 TO 2016


WEATHER ITEM   OBSERVED TIME   RECORD YEAR NORMAL DEPARTURE LAST
                VALUE   (LST)  VALUE       VALUE  FROM      YEAR
                                                  NORMAL
..................................................................
TEMPERATURE (F)
 TODAY
  MAXIMUM         96    359 PM 102    2005  90      6       91
  MINIMUM         70    410 AM  49    1990  60     10       56
                                      1961
  AVERAGE         83                        75      8       74

PRECIPITATION (IN)
  TODAY            T             1.53 1895   0.09  -0.09     0.00
  MONTH TO DATE    1.06                      1.45  -0.39     1.06
  SINCE JUN 1      2.68                      3.43  -0.75     3.59
  SINCE JAN 1      9.78                      8.96   0.82    12.42

DEGREE DAYS
 HEATING
  TODAY            0                         0      0        0
  MONTH TO DATE    0                         1     -1        5
  SINCE JUN 1      4                        63    -59       16
  SINCE JUL 1      0                         1     -1        5

 COOLING
  TODAY           18                        10      8        9
  MONTH TO DATE  240                       199     41      154
  SINCE JUN 1    425                       332     93      308
  SINCE JAN 1    428                       354     74      312
..................................................................


WIND (MPH)
  HIGHEST WIND SPEED    17   HIGHEST WIND DIRECTION    SW (210)
  HIGHEST GUST SPEED    20   HIGHEST GUST DIRECTION    SW (210)
  AVERAGE WIND SPEED     8.7


SKY COVER **
  POSSIBLE SUNSHINE  MM
  AVERAGE SKY COVER 0.5


WEATHER CONDITIONS
 THE FOLLOWING WEATHER WAS RECORDED TODAY.
  NO SIGNIFICANT WEATHER WAS OBSERVED.


RELATIVE HUMIDITY (PERCENT)
 HIGHEST    51           400 AM
 LOWEST     19           100 PM
 AVERAGE    35

..........................................................


THE DENVER CO CLIMATE NORMALS FOR TOMORROW
                         NORMAL    RECORD    YEAR
 MAXIMUM TEMPERATURE (F)   90       102      2005
 MINIMUM TEMPERATURE (F)   60        49      1961


SUNRISE AND SUNSET
JULY 22 2016..........SUNRISE   549 AM MDT   SUNSET   821 PM MDT
JULY 23 2016..........SUNRISE   550 AM MDT   SUNSET   821 PM MDT


-  INDICATES NEGATIVE NUMBERS.
R  INDICATES RECORD WAS SET OR TIED.
MM INDICATES DATA IS MISSING.
T  INDICATES TRACE AMOUNT.




$$
