000
CDUS45 KBOU 172336
CLIDEN


CLIMATE REPORT
NATIONAL WEATHER SERVICE DENVER/BOULDER CO
536 PM MDT THU AUG 17 2017


...................................

...THE DENVER CO CLIMATE SUMMARY FOR AUGUST 17 2017...
VALID TODAY AS OF 0500 PM LOCAL TIME.

CLIMATE NORMAL PERIOD 1981 TO 2010
CLIMATE RECORD PERIOD 1872 TO 2017


WEATHER ITEM   OBSERVED TIME   RECORD YEAR NORMAL DEPARTURE LAST
                VALUE   (LST)  VALUE       VALUE  FROM      YEAR
                                                  NORMAL
..................................................................
TEMPERATURE (F)
 TODAY
  MAXIMUM         87    248 PM  97    2013  87      0       90
  MINIMUM         55    103 AM  44    1960  58     -3       57
  AVERAGE         71                        73     -2       74

PRECIPITATION (IN)
  TODAY            0.00          1.45 2000   0.05  -0.05     0.00
  MONTH TO DATE    1.86                      1.10   0.76     0.03
  SINCE JUN 1      2.66                      5.24  -2.58     2.72
  SINCE JAN 1      8.97                     10.77  -1.80     9.82

DEGREE DAYS
 HEATING
  TODAY            0                         0      0        0
  MONTH TO DATE    8                         0      8        0
  SINCE JUN 1     33                        68    -35        4
  SINCE JUL 1      8                         6      2        0

 COOLING
  TODAY            6                         8     -2        9
  MONTH TO DATE   81                       154    -73      159
  SINCE JUN 1    608                       576     32      700
  SINCE JAN 1    614                       598     16      703
..................................................................


WIND (MPH)
  HIGHEST WIND SPEED    17   HIGHEST WIND DIRECTION    NW (320)
  HIGHEST GUST SPEED    22   HIGHEST GUST DIRECTION    NW (330)
  AVERAGE WIND SPEED    11.4


SKY COVER **
  POSSIBLE SUNSHINE  MM
  AVERAGE SKY COVER 0.4


WEATHER CONDITIONS
 THE FOLLOWING WEATHER WAS RECORDED TODAY.
  NO SIGNIFICANT WEATHER WAS OBSERVED.


RELATIVE HUMIDITY (PERCENT)
 HIGHEST    77           100 AM
 LOWEST     15          1200 PM
 AVERAGE    46

..........................................................


THE DENVER CO CLIMATE NORMALS FOR TOMORROW
                         NORMAL    RECORD    YEAR
 MAXIMUM TEMPERATURE (F)   87        98      2013
                                             2011
                                             1986
 MINIMUM TEMPERATURE (F)   58        47      2015
                                             1960


SUNRISE AND SUNSET
AUGUST 17 2017........SUNRISE   613 AM MDT   SUNSET   752 PM MDT
AUGUST 18 2017........SUNRISE   614 AM MDT   SUNSET   751 PM MDT


-  INDICATES NEGATIVE NUMBERS.
R  INDICATES RECORD WAS SET OR TIED.
MM INDICATES DATA IS MISSING.
T  INDICATES TRACE AMOUNT.




$$
