000
CDUS45 KBOU 290813
CLIDEN


CLIMATE REPORT
NATIONAL WEATHER SERVICE DENVER/BOULDER CO
212 AM MDT MON AUG 29 2016


...................................

...THE DENVER CO CLIMATE SUMMARY FOR AUGUST 28 2016...

CLIMATE NORMAL PERIOD 1981 TO 2010
CLIMATE RECORD PERIOD 1872 TO 2016


WEATHER ITEM   OBSERVED TIME   RECORD YEAR NORMAL DEPARTURE LAST
                VALUE   (LST)  VALUE       VALUE  FROM      YEAR
                                                  NORMAL
..................................................................
TEMPERATURE (F)
 YESTERDAY
  MAXIMUM         86    249 PM  96    2012  85      1       85
                                      2011
  MINIMUM         60    515 AM  42    2004  55      5       58
  AVERAGE         73                        70      3       72

PRECIPITATION (IN)
  YESTERDAY        T             0.68 1882   0.03  -0.03     0.00
  MONTH TO DATE    0.22                      1.57  -1.35     1.06
  SINCE JUN 1      2.91                      5.71  -2.80     4.65
  SINCE JAN 1     10.01                     11.24  -1.23    13.48

SNOWFALL (IN)
  YESTERDAY        0.0
  MONTH TO DATE      0
  SINCE JUN 1        0
  SINCE JUL 1        0
  SNOW DEPTH       0


DEGREE DAYS
 HEATING
  YESTERDAY        0                         1     -1        0
  MONTH TO DATE   15                         2     13       13
  SINCE JUN 1     19                        70    -51       29
  SINCE JUL 1     15                         8      7       18

 COOLING
  YESTERDAY        8                         6      2        7
  MONTH TO DATE  206                       228    -22      273
  SINCE JUN 1    747                       650     97      678
  SINCE JAN 1    750                       672     78      682
..................................................................


WIND (MPH)
  HIGHEST WIND SPEED    23   HIGHEST WIND DIRECTION     W (270)
  HIGHEST GUST SPEED    29   HIGHEST GUST DIRECTION     W (260)
  AVERAGE WIND SPEED     9.2


SKY COVER **
  POSSIBLE SUNSHINE  MM
  AVERAGE SKY COVER 0.7


WEATHER CONDITIONS
 THE FOLLOWING WEATHER WAS RECORDED YESTERDAY.
  THUNDERSTORM
  LIGHT RAIN


RELATIVE HUMIDITY (PERCENT)
 HIGHEST    56          1200 AM
 LOWEST     17          1100 AM
 AVERAGE    37

..........................................................


THE DENVER CO CLIMATE NORMALS FOR TODAY
                         NORMAL    RECORD    YEAR
 MAXIMUM TEMPERATURE (F)   85        97      2012
 MINIMUM TEMPERATURE (F)   55        44      1962


SUNRISE AND SUNSET
AUGUST 29 2016........SUNRISE   624 AM MDT   SUNSET   734 PM MDT
AUGUST 30 2016........SUNRISE   625 AM MDT   SUNSET   733 PM MDT


-  INDICATES NEGATIVE NUMBERS.
R  INDICATES RECORD WAS SET OR TIED.
MM INDICATES DATA IS MISSING.
T  INDICATES TRACE AMOUNT.

&&

** SUNSHINE DATA WILL NO LONGER BE AVAILABLE EFFECTIVE OCTOBER 1ST 2009.




$$
