000
CDUS45 KBOU 032330
CLIDEN


CLIMATE REPORT
NATIONAL WEATHER SERVICE DENVER CO
429 PM MST TUE MAR 3 2015


...................................

...THE DENVER CO CLIMATE SUMMARY FOR MARCH 3 2015...
VALID TODAY AS OF 0400 PM LOCAL TIME.

CLIMATE NORMAL PERIOD 1981 TO 2010
CLIMATE RECORD PERIOD 1872 TO 2015


WEATHER ITEM   OBSERVED TIME   RECORD YEAR NORMAL DEPARTURE LAST
                VALUE   (LST)  VALUE       VALUE  FROM      YEAR
                                                  NORMAL
..................................................................
TEMPERATURE (F)
 TODAY
  MAXIMUM         39    529 AM  76    1921  51    -12       60
  MINIMUM         18    320 PM  -8    1960  23     -5       18
  AVERAGE         29                        37     -8       39

PRECIPITATION (IN)
  TODAY            T             0.67 1957   0.02  -0.02     0.00
  MONTH TO DATE    T                         0.05  -0.05     0.04
  SINCE MAR 1      T                         0.05  -0.05     0.04
  SINCE JAN 1      1.63                      0.83   0.80     1.17

DEGREE DAYS
 HEATING
  TODAY           36                        28      8       26
  MONTH TO DATE  126                        86     40      124
  SINCE MAR 1    126                        86     40      124
  SINCE JUL 1   4239                      4525   -286     4643

 COOLING
  TODAY            0                         0      0        0
  MONTH TO DATE    0                         0      0        0
  SINCE MAR 1      0                         0      0        0
  SINCE JAN 1      0                         0      0        0
..................................................................


WIND (MPH)
  HIGHEST WIND SPEED    28   HIGHEST WIND DIRECTION     N (10)
  HIGHEST GUST SPEED    34   HIGHEST GUST DIRECTION     N (20)
  AVERAGE WIND SPEED    13.7


SKY COVER **
  POSSIBLE SUNSHINE  MM
  AVERAGE SKY COVER 0.7


WEATHER CONDITIONS
 THE FOLLOWING WEATHER WAS RECORDED TODAY.
  LIGHT SNOW
  FOG
  HAZE


RELATIVE HUMIDITY (PERCENT)
 HIGHEST    88           600 AM
 LOWEST     40           500 AM
 AVERAGE    64

..........................................................


THE DENVER CO CLIMATE NORMALS FOR TOMORROW
                         NORMAL    RECORD    YEAR
 MAXIMUM TEMPERATURE (F)   51        76      2009
 MINIMUM TEMPERATURE (F)   23        -3      1978
                                             1960
                                             1948


SUNRISE AND SUNSET
MARCH  3 2015.........SUNRISE   629 AM MST   SUNSET   551 PM MST
MARCH  4 2015.........SUNRISE   627 AM MST   SUNSET   553 PM MST


-  INDICATES NEGATIVE NUMBERS.
R  INDICATES RECORD WAS SET OR TIED.
MM INDICATES DATA IS MISSING.
T  INDICATES TRACE AMOUNT.




$$
