000
CDUS45 KBOU 220759
CLIDEN


CLIMATE REPORT
NATIONAL WEATHER SERVICE DENVER CO
1258 AM MST MON DEC 22 2014


...................................

...THE DENVER CO CLIMATE SUMMARY FOR DECEMBER 21 2014...

CLIMATE NORMAL PERIOD 1981 TO 2010
CLIMATE RECORD PERIOD 1872 TO 2014


WEATHER ITEM   OBSERVED TIME   RECORD YEAR NORMAL DEPARTURE LAST
                VALUE   (LST)  VALUE       VALUE  FROM      YEAR
                                                  NORMAL
..................................................................
TEMPERATURE (F)
 YESTERDAY
  MAXIMUM         54    125 PM  67    1933  42     12       30
  MINIMUM         24    444 AM -21    1990  17      7       12
                                      1983
  AVERAGE         39                        29     10       21

PRECIPITATION (IN)
  YESTERDAY        0.07          0.39 1910   0.01   0.06     0.03
  MONTH TO DATE    0.15                      0.24  -0.09     0.17
  SINCE DEC 1      0.15                      0.24  -0.09     0.17
  SINCE JAN 1     18.33                     14.19   4.14    17.52

SNOWFALL (IN)
  YESTERDAY          T
  MONTH TO DATE      T
  SINCE DEC 1        T
  SINCE JUL 1        4
  SNOW DEPTH       0


DEGREE DAYS
 HEATING
  YESTERDAY       26                        36    -10       44
  MONTH TO DATE  576                       735   -159      819
  SINCE DEC 1    576                       735   -159      819
  SINCE JUL 1   1830                      2117   -287     2142

 COOLING
  YESTERDAY        0                         0      0        0
  MONTH TO DATE    0                         0      0        0
  SINCE DEC 1      0                         0      0        0
  SINCE JAN 1    701                       769    -68      999
..................................................................


WIND (MPH)
  HIGHEST WIND SPEED    35   HIGHEST WIND DIRECTION     N (20)
  HIGHEST GUST SPEED    43   HIGHEST GUST DIRECTION     N (20)
  AVERAGE WIND SPEED    11.0


SKY COVER **
  POSSIBLE SUNSHINE  MM
  AVERAGE SKY COVER 0.7


WEATHER CONDITIONS
 THE FOLLOWING WEATHER WAS RECORDED YESTERDAY.
  RAIN
  LIGHT RAIN
  LIGHT SNOW
  FOG


RELATIVE HUMIDITY (PERCENT)
 HIGHEST    81           200 AM
 LOWEST     31          1100 AM
 AVERAGE    56

..........................................................


THE DENVER CO CLIMATE NORMALS FOR TODAY
                         NORMAL    RECORD    YEAR
 MAXIMUM TEMPERATURE (F)   42        70      1955
 MINIMUM TEMPERATURE (F)   17       -25      1990


SUNRISE AND SUNSET
DECEMBER 22 2014......SUNRISE   717 AM MST   SUNSET   438 PM MST
DECEMBER 23 2014......SUNRISE   717 AM MST   SUNSET   438 PM MST


-  INDICATES NEGATIVE NUMBERS.
R  INDICATES RECORD WAS SET OR TIED.
MM INDICATES DATA IS MISSING.
T  INDICATES TRACE AMOUNT.

&&

** SUNSHINE DATA WILL NO LONGER BE AVAILABLE EFFECTIVE OCTOBER 1ST 2009.




$$
