000
CDUS45 KBOU 262329
CLIDEN


CLIMATE REPORT
NATIONAL WEATHER SERVICE DENVER/BOULDER CO
529 PM MDT WED APR 26 2017


...................................

...THE DENVER CO CLIMATE SUMMARY FOR APRIL 26 2017...
VALID TODAY AS OF 0500 PM LOCAL TIME.

CLIMATE NORMAL PERIOD 1981 TO 2010
CLIMATE RECORD PERIOD 1872 TO 2017


WEATHER ITEM   OBSERVED TIME   RECORD YEAR NORMAL DEPARTURE LAST
                VALUE   (LST)  VALUE       VALUE  FROM      YEAR
                                                  NORMAL
..................................................................
TEMPERATURE (F)
 TODAY
  MAXIMUM         61    359 PM  84    1981  64     -3       53
  MINIMUM         26    508 AM  18    1924  36    -10       33
  AVERAGE         44                        50     -6       43

PRECIPITATION (IN)
  TODAY            T             3.04 1972   0.07  -0.07      T
  MONTH TO DATE    0.63                      1.43  -0.80     1.66
  SINCE MAR 1      1.53                      2.35  -0.82     2.84
  SINCE JAN 1      2.30                      3.13  -0.83     3.82

DEGREE DAYS
 HEATING
  TODAY           21                        15      6       22
  MONTH TO DATE  377                       472    -95      412
  SINCE MAR 1    900                      1235   -335     1128
  SINCE JUL 1   4702                      5674   -972     5116

 COOLING
  TODAY            0                         0      0        0
  MONTH TO DATE    0                         0      0        0
  SINCE MAR 1      0                         0      0        0
  SINCE JAN 1      0                         0      0        0
..................................................................


WIND (MPH)
  HIGHEST WIND SPEED    17   HIGHEST WIND DIRECTION    NW (300)
  HIGHEST GUST SPEED    23   HIGHEST GUST DIRECTION    NW (300)
  AVERAGE WIND SPEED     5.2


SKY COVER **
  POSSIBLE SUNSHINE  MM
  AVERAGE SKY COVER 0.5


WEATHER CONDITIONS
 THE FOLLOWING WEATHER WAS RECORDED TODAY.
  LIGHT SNOW


RELATIVE HUMIDITY (PERCENT)
 HIGHEST    85           300 AM
 LOWEST     22           400 PM
 AVERAGE    54

..........................................................


THE DENVER CO CLIMATE NORMALS FOR TOMORROW
                         NORMAL    RECORD    YEAR
 MAXIMUM TEMPERATURE (F)   65        84      1992
 MINIMUM TEMPERATURE (F)   36        23      1994


SUNRISE AND SUNSET
APRIL 26 2017.........SUNRISE   605 AM MDT   SUNSET   748 PM MDT
APRIL 27 2017.........SUNRISE   603 AM MDT   SUNSET   749 PM MDT


-  INDICATES NEGATIVE NUMBERS.
R  INDICATES RECORD WAS SET OR TIED.
MM INDICATES DATA IS MISSING.
T  INDICATES TRACE AMOUNT.




$$
