000
CDUS45 KBOU 200810
CLIDEN


CLIMATE REPORT
NATIONAL WEATHER SERVICE DENVER CO
209 AM MDT SAT SEP 20 2014


...................................

...THE DENVER CO CLIMATE SUMMARY FOR SEPTEMBER 19 2014...

CLIMATE NORMAL PERIOD 1981 TO 2010
CLIMATE RECORD PERIOD 1872 TO 2014


WEATHER ITEM   OBSERVED TIME   RECORD YEAR NORMAL DEPARTURE LAST
                VALUE   (LST)  VALUE       VALUE  FROM      YEAR
                                                  NORMAL
..................................................................
TEMPERATURE (F)
 YESTERDAY
  MAXIMUM         88    233 PM  96    2010  77     11       66
  MINIMUM         62   1137 PM  20    1971  47     15       49
  AVERAGE         75                        62     13       58

PRECIPITATION (IN)
  YESTERDAY        T             1.31 1955   0.03  -0.03      T
  MONTH TO DATE    0.65                      0.62   0.03     4.65
  SINCE SEP 1      0.65                      0.62   0.03     4.65
  SINCE JAN 1     15.76                     11.98   3.78    15.40

SNOWFALL (IN)
  YESTERDAY        0.0
  MONTH TO DATE      T
  SINCE SEP 1        T
  SINCE JUL 1        T
  SNOW DEPTH       0


DEGREE DAYS
 HEATING
  YESTERDAY        0                         5     -5        7
  MONTH TO DATE   70                        50     20       17
  SINCE SEP 1     70                        50     20       17
  SINCE JUL 1     77                        66     11       17

 COOLING
  YESTERDAY       10                         2      8        0
  MONTH TO DATE   57                        64     -7      127
  SINCE SEP 1     57                        64     -7      127
  SINCE JAN 1    670                       752    -82      993
..................................................................


WIND (MPH)
  HIGHEST WIND SPEED    21   HIGHEST WIND DIRECTION     S (190)
  HIGHEST GUST SPEED    26   HIGHEST GUST DIRECTION     S (190)
  AVERAGE WIND SPEED    10.7


SKY COVER **
  POSSIBLE SUNSHINE  MM
  AVERAGE SKY COVER 0.3


WEATHER CONDITIONS
 THE FOLLOWING WEATHER WAS RECORDED YESTERDAY.
  LIGHT RAIN


RELATIVE HUMIDITY (PERCENT)
 HIGHEST    60          1000 PM
 LOWEST     18           300 PM
 AVERAGE    39

..........................................................


THE DENVER CO CLIMATE NORMALS FOR TODAY
                         NORMAL    RECORD    YEAR
 MAXIMUM TEMPERATURE (F)   77        94      2010
 MINIMUM TEMPERATURE (F)   47        28      1983


SUNRISE AND SUNSET
SEPTEMBER 20 2014.....SUNRISE   644 AM MDT   SUNSET   701 PM MDT
SEPTEMBER 21 2014.....SUNRISE   645 AM MDT   SUNSET   659 PM MDT


-  INDICATES NEGATIVE NUMBERS.
R  INDICATES RECORD WAS SET OR TIED.
MM INDICATES DATA IS MISSING.
T  INDICATES TRACE AMOUNT.

&&

** SUNSHINE DATA WILL NO LONGER BE AVAILABLE EFFECTIVE OCTOBER 1ST 2009.




$$
