000
CDUS44 KSHV 190841
CLIDEQ


CLIMATE REPORT
NATIONAL WEATHER SERVICE SHREVEPORT, LA
235 AM CST THU JAN 19 2017


...................................

...THE DE QUEEN CLIMATE SUMMARY FOR JANUARY 18 2017...

CLIMATE NORMAL PERIOD 1981 TO 2010
CLIMATE RECORD PERIOD 1902 TO 2017


WEATHER ITEM   OBSERVED TIME   RECORD YEAR NORMAL DEPARTURE LAST
                VALUE   (LST)  VALUE       VALUE  FROM      YEAR
                                                  NORMAL
..................................................................
TEMPERATURE (F)
 YESTERDAY
  MAXIMUM         51    419 PM  74    1950  53     -2       45
  MINIMUM         48    510 AM   7    1977  29     19       28
  AVERAGE         50                        41      9       37

PRECIPITATION (IN)
  YESTERDAY        0.41          1.14 1990   0.10   0.31     0.00
  MONTH TO DATE    2.59                      1.96   0.63     0.67
  SINCE DEC 1      5.30                      6.32  -1.02    10.95
  SINCE JAN 1      2.59                      1.96   0.63     0.67

SNOWFALL (IN)
  YESTERDAY        0.0
  MONTH TO DATE    0.3
  SINCE DEC 1      0.3
  SINCE JUL 1      0.3
  SNOW DEPTH       0

DEGREE DAYS
 HEATING
  YESTERDAY       15                        24     -9       28
  MONTH TO DATE  332                       426    -94      411
  SINCE DEC 1    923                      1109   -186      863
  SINCE JUL 1   1237                      1635   -398     1204

 COOLING
  YESTERDAY        0                         0      0        0
  MONTH TO DATE    3                         0      3        0
  SINCE DEC 1      5                         0      5        3
  SINCE JAN 1      3                         0      3        0
..................................................................


WIND (MPH)
  HIGHEST WIND SPEED    15   HIGHEST WIND DIRECTION     E (90)
  HIGHEST GUST SPEED    20   HIGHEST GUST DIRECTION     E (90)
  AVERAGE WIND SPEED     5.8


SKY COVER
  POSSIBLE SUNSHINE  MM
  AVERAGE SKY COVER 0.8


WEATHER CONDITIONS
 THE FOLLOWING WEATHER WAS RECORDED YESTERDAY.
  RAIN
  LIGHT RAIN
  FOG


RELATIVE HUMIDITY (PERCENT)
 HIGHEST   100           500 AM
 LOWEST    100           500 AM
 AVERAGE   100

..........................................................


THE DE QUEEN CLIMATE NORMALS FOR TODAY
                         NORMAL    RECORD    YEAR
 MAXIMUM TEMPERATURE (F)   54        80      1952
 MINIMUM TEMPERATURE (F)   29         0      1940


SUNRISE AND SUNSET
JANUARY 19 2017.......SUNRISE   722 AM CST   SUNSET   536 PM CST
JANUARY 20 2017.......SUNRISE   721 AM CST   SUNSET   537 PM CST


-  INDICATES NEGATIVE NUMBERS.
R  INDICATES RECORD WAS SET OR TIED.
MM INDICATES DATA IS MISSING.
T  INDICATES TRACE AMOUNT.




$$
