000
CDUS44 KSHV 192139
CLIDEQ


CLIMATE REPORT
NATIONAL WEATHER SERVICE SHREVEPORT, LA
439 PM CDT SAT AUG 19 2017


...................................

...THE DE QUEEN CLIMATE SUMMARY FOR AUGUST 19 2017...
VALID TODAY AS OF 0400 PM LOCAL TIME.

CLIMATE NORMAL PERIOD 1981 TO 2010
CLIMATE RECORD PERIOD 1902 TO 2017


WEATHER ITEM   OBSERVED TIME   RECORD YEAR NORMAL DEPARTURE LAST
                VALUE   (LST)  VALUE       VALUE  FROM      YEAR
                                                  NORMAL
..................................................................
TEMPERATURE (F)
 TODAY
  MAXIMUM         95    259 PM 108    2011  94      1       84
  MINIMUM         75    640 AM  56    1992  69      6       74
  AVERAGE         85                        81      4       79

PRECIPITATION (IN)
  TODAY            0.00          0.64 1946   0.07  -0.07     0.12
  MONTH TO DATE    7.47                      1.29   6.18     3.68
  SINCE DEC 1     35.95                     35.07   0.88    37.38
  SINCE JAN 1     33.24                     30.71   2.53    27.10

DEGREE DAYS
 HEATING
  TODAY            0                         0      0        0
  MONTH TO DATE    0                         0      0        0
  SINCE JUN 1      0                         0      0        0
  SINCE JUL 1      0                         0      0        0

 COOLING
  TODAY           20                        16      4       14
  MONTH TO DATE  276                       317    -41      330
  SINCE JUN 1   1187                      1192     -5     1355
  SINCE JAN 1   1467                      1409     58     1552
..................................................................


WIND (MPH)
  HIGHEST WIND SPEED    10   HIGHEST WIND DIRECTION     W (250)
  HIGHEST GUST SPEED    12   HIGHEST GUST DIRECTION     W (250)
  AVERAGE WIND SPEED     2.7


SKY COVER
  POSSIBLE SUNSHINE  MM
  AVERAGE SKY COVER 0.4


WEATHER CONDITIONS
 THE FOLLOWING WEATHER WAS RECORDED TODAY.
  FOG
  FOG W/VISIBILITY <= 1/4 MILE


RELATIVE HUMIDITY (PERCENT)
 HIGHEST   100          1200 AM
 LOWEST     56           200 PM
 AVERAGE    78

..........................................................


THE DE QUEEN CLIMATE NORMALS FOR TOMORROW
                         NORMAL    RECORD    YEAR
 MAXIMUM TEMPERATURE (F)   94       108      2011
 MINIMUM TEMPERATURE (F)   68        54      1940


SUNRISE AND SUNSET
AUGUST 19 2017........SUNRISE   642 AM CDT   SUNSET   759 PM CDT
AUGUST 20 2017........SUNRISE   643 AM CDT   SUNSET   758 PM CDT


-  INDICATES NEGATIVE NUMBERS.
R  INDICATES RECORD WAS SET OR TIED.
MM INDICATES DATA IS MISSING.
T  INDICATES TRACE AMOUNT.




$$
