000
CDUS44 KSHV 162135
CLIDEQ


CLIMATE REPORT
NATIONAL WEATHER SERVICE SHREVEPORT, LA
434 PM CDT MON OCT 16 2017


...................................

...THE DE QUEEN CLIMATE SUMMARY FOR OCTOBER 16 2017...
VALID TODAY AS OF 0400 PM LOCAL TIME.

CLIMATE NORMAL PERIOD 1981 TO 2010
CLIMATE RECORD PERIOD 1902 TO 2017


WEATHER ITEM   OBSERVED TIME   RECORD YEAR NORMAL DEPARTURE LAST
                VALUE   (LST)  VALUE       VALUE  FROM      YEAR
                                                  NORMAL
..................................................................
TEMPERATURE (F)
 TODAY
  MAXIMUM         74    100 PM  90    1953  76     -2       83
  MINIMUM         39        MM  28    1952  50    -11       70
  AVERAGE         57                        63     -6       77

PRECIPITATION (IN)
  TODAY            0.00          2.12 2006   0.15  -0.15     0.00
  MONTH TO DATE    0.42                      2.34  -1.92     0.54
  SINCE DEC 1     36.38                     41.90  -5.52    40.81
  SINCE JAN 1     33.67                     37.54  -3.87    30.53

SNOWFALL (IN)
  TODAY            0.0
  MONTH TO DATE    0.0
  SINCE SEP 1      0.0
  SINCE JUL 1      0.0
  SNOW DEPTH       0

DEGREE DAYS
 HEATING
  TODAY            8                         4      4        0
  MONTH TO DATE   22                        41    -19        8
  SINCE SEP 1     22                        50    -28       10
  SINCE JUL 1     22                        50    -28       10

 COOLING
  TODAY            0                         2     -2       12
  MONTH TO DATE  108                        46     62       83
  SINCE SEP 1    400                       319     81      428
  SINCE JAN 1   2034                      1911    123     2165
..................................................................


WIND (MPH)
  HIGHEST WIND SPEED     9   HIGHEST WIND DIRECTION     E (100)
  HIGHEST GUST SPEED    20   HIGHEST GUST DIRECTION     E (90)
  AVERAGE WIND SPEED     2.7


SKY COVER
  POSSIBLE SUNSHINE  MM
  AVERAGE SKY COVER 0.0


WEATHER CONDITIONS
 THE FOLLOWING WEATHER WAS RECORDED TODAY.
  FOG


RELATIVE HUMIDITY (PERCENT)
 HIGHEST   100           100 AM
 LOWEST     31           100 PM
 AVERAGE    66

..........................................................


THE DE QUEEN CLIMATE NORMALS FOR TOMORROW
                         NORMAL    RECORD    YEAR
 MAXIMUM TEMPERATURE (F)   76        92      1953
 MINIMUM TEMPERATURE (F)   50        28      1952


SUNRISE AND SUNSET
OCTOBER 16 2017.......SUNRISE   724 AM CDT   SUNSET   642 PM CDT
OCTOBER 17 2017.......SUNRISE   725 AM CDT   SUNSET   641 PM CDT


-  INDICATES NEGATIVE NUMBERS.
R  INDICATES RECORD WAS SET OR TIED.
MM INDICATES DATA IS MISSING.
T  INDICATES TRACE AMOUNT.




$$
