000
CDUS44 KSHV 210844
CLIDEQ


CLIMATE REPORT
NATIONAL WEATHER SERVICE SHREVEPORT, LA
243 AM CST FRI NOV 21 2014


...................................

...THE DE QUEEN CLIMATE SUMMARY FOR NOVEMBER 20 2014...

CLIMATE NORMAL PERIOD 1981 TO 2010
CLIMATE RECORD PERIOD 1902 TO 2014


WEATHER ITEM   OBSERVED TIME   RECORD YEAR NORMAL DEPARTURE LAST
                VALUE   (LST)  VALUE       VALUE  FROM      YEAR
                                                  NORMAL
..................................................................
TEMPERATURE (F)
 YESTERDAY
  MAXIMUM         59    231 PM  80    2011  63     -4       65
  MINIMUM         29    722 AM  19    1951  37     -8       40
  AVERAGE         44                        50     -6       53

PRECIPITATION (IN)
  YESTERDAY        0.00          1.95 1988   0.16  -0.16     0.00
  MONTH TO DATE    1.21                      3.43  -2.22     2.22
  SINCE DEC 1     41.73                     47.51  -5.78    35.18
  SINCE JAN 1     39.80                     43.15  -3.35    31.13

SNOWFALL (IN)
  YESTERDAY        0.0
  MONTH TO DATE    0.5
  SINCE SEP 1      0.5
  SINCE JUL 1      0.5
  SNOW DEPTH       0

DEGREE DAYS
 HEATING
  YESTERDAY       21                        15      6       12
  MONTH TO DATE  412                       221    191      241
  SINCE SEP 1    493                       354    139      385
  SINCE JUL 1    493                       354    139      385

 COOLING
  YESTERDAY        0                         0      0        0
  MONTH TO DATE    0                         5     -5        6
  SINCE SEP 1    380                       347     33      466
  SINCE JAN 1   1710                      1939   -229     2029
..................................................................


WIND (MPH)
  HIGHEST WIND SPEED    13   HIGHEST WIND DIRECTION     E (100)
  HIGHEST GUST SPEED    17   HIGHEST GUST DIRECTION     E (110)
  AVERAGE WIND SPEED     5.1


SKY COVER
  POSSIBLE SUNSHINE  MM
  AVERAGE SKY COVER 0.4


WEATHER CONDITIONS
 THE FOLLOWING WEATHER WAS RECORDED YESTERDAY.
  FOG


RELATIVE HUMIDITY (PERCENT)
 HIGHEST   100          1200 AM
 LOWEST     66           100 PM
 AVERAGE    83

..........................................................


THE DE QUEEN CLIMATE NORMALS FOR TODAY
                         NORMAL    RECORD    YEAR
 MAXIMUM TEMPERATURE (F)   63        80      2007
 MINIMUM TEMPERATURE (F)   37        20      1952


SUNRISE AND SUNSET
NOVEMBER 21 2014......SUNRISE   656 AM CST   SUNSET   511 PM CST
NOVEMBER 22 2014......SUNRISE   657 AM CST   SUNSET   510 PM CST


-  INDICATES NEGATIVE NUMBERS.
R  INDICATES RECORD WAS SET OR TIED.
MM INDICATES DATA IS MISSING.
T  INDICATES TRACE AMOUNT.




$$
