000
CDUS44 KSHV 270747
CLIDEQ


CLIMATE REPORT
NATIONAL WEATHER SERVICE SHREVEPORT, LA
247 AM CDT MON MAR 27 2017


...................................

...THE DE QUEEN CLIMATE SUMMARY FOR MARCH 26 2017...

CLIMATE NORMAL PERIOD 1981 TO 2010
CLIMATE RECORD PERIOD 1902 TO 2017


WEATHER ITEM   OBSERVED TIME   RECORD YEAR NORMAL DEPARTURE LAST
                VALUE   (LST)  VALUE       VALUE  FROM      YEAR
                                                  NORMAL
..................................................................
TEMPERATURE (F)
 YESTERDAY
  MAXIMUM         80        MM  83    2011  69     11       74
                                      1956
  MINIMUM         43        MM  19    1955  43      0       42
  AVERAGE         62                        56      6       58

PRECIPITATION (IN)
  YESTERDAY        0.38          2.08 1967   0.18   0.20     0.00
  MONTH TO DATE    2.81                      3.69  -0.88     3.53
  SINCE DEC 1      9.70                     15.05  -5.35    16.06
  SINCE JAN 1      6.99                     10.69  -3.70     5.78

SNOWFALL (IN)
  YESTERDAY        0.0
  MONTH TO DATE    0.0
  SINCE MAR 1      0.0
  SINCE JUL 1      0.3
  SNOW DEPTH       0

DEGREE DAYS
 HEATING
  YESTERDAY        3                        10     -7        7
  MONTH TO DATE  216                       330   -114      222
  SINCE MAR 1    216                       330   -114      222
  SINCE JUL 1   1985                      2821   -836     2174

 COOLING
  YESTERDAY        0                         0      0        0
  MONTH TO DATE   26                         0     26        5
  SINCE MAR 1     26                         0     26        5
  SINCE JAN 1     36                         2     34        5
..................................................................


WIND (MPH)
  HIGHEST WIND SPEED    13   HIGHEST WIND DIRECTION    SE (150)
  HIGHEST GUST SPEED    18   HIGHEST GUST DIRECTION     S (170)
  AVERAGE WIND SPEED     4.9


SKY COVER
  POSSIBLE SUNSHINE  MM
  AVERAGE SKY COVER 0.2


WEATHER CONDITIONS
 THE FOLLOWING WEATHER WAS RECORDED YESTERDAY.
  THUNDERSTORM
  HEAVY RAIN
  RAIN
  LIGHT RAIN
  FOG
  FOG W/VISIBILITY <= 1/4 MILE


RELATIVE HUMIDITY (PERCENT)
 HIGHEST   100          1200 AM
 LOWEST     37           300 PM
 AVERAGE    69

..........................................................


THE DE QUEEN CLIMATE NORMALS FOR TODAY
                         NORMAL    RECORD    YEAR
 MAXIMUM TEMPERATURE (F)   69        85      1972
 MINIMUM TEMPERATURE (F)   43        17      1955


SUNRISE AND SUNSET
MARCH 27 2017.........SUNRISE   711 AM CDT   SUNSET   735 PM CDT
MARCH 28 2017.........SUNRISE   710 AM CDT   SUNSET   736 PM CDT


-  INDICATES NEGATIVE NUMBERS.
R  INDICATES RECORD WAS SET OR TIED.
MM INDICATES DATA IS MISSING.
T  INDICATES TRACE AMOUNT.




$$
