000
CDUS44 KSHV 260755
CLIDEQ


CLIMATE REPORT
NATIONAL WEATHER SERVICE SHREVEPORT, LA
249 AM CDT TUE MAY 26 2015


...................................

...THE DE QUEEN CLIMATE SUMMARY FOR MAY 25 2015...

CLIMATE NORMAL PERIOD 1981 TO 2010
CLIMATE RECORD PERIOD 1902 TO 2015


WEATHER ITEM   OBSERVED TIME   RECORD YEAR NORMAL DEPARTURE LAST
                VALUE   (LST)  VALUE       VALUE  FROM      YEAR
                                                  NORMAL
..................................................................
TEMPERATURE (F)
 YESTERDAY
  MAXIMUM         MM        MM  93    1964  83     MM       86
  MINIMUM         MM        MM  47    1979  61     MM       60
  AVERAGE         MM                        72     MM       73

PRECIPITATION (IN)
  YESTERDAY       MM             2.96 1969   0.11  MM        0.00
  MONTH TO DATE   10.85                      4.76   6.09     5.04
  SINCE DEC 1     28.79                     24.69   4.10    15.37
  SINCE JAN 1     27.07                     20.33   6.74    13.44

SNOWFALL (IN)
  YESTERDAY        0.0
  MONTH TO DATE    0.0
  SINCE MAR 1      2.6
  SINCE JUL 1      7.9
  SNOW DEPTH       0

DEGREE DAYS
 HEATING
  YESTERDAY       MM                         0     MM        0
  MONTH TO DATE   10                        21    -11       51
  SINCE MAR 1    455                       551    -96      692
  SINCE JUL 1   3107                      3042     65     3464

 COOLING
  YESTERDAY       MM                         7     MM        8
  MONTH TO DATE  132                       121     11      117
  SINCE MAR 1    180                       166     14      155
  SINCE JAN 1    180                       168     12      155
..................................................................


WIND (MPH)
  HIGHEST WIND SPEED    10   HIGHEST WIND DIRECTION     S (190)
  HIGHEST GUST SPEED    MM   HIGHEST GUST DIRECTION    MM
  AVERAGE WIND SPEED     6.0


SKY COVER
  POSSIBLE SUNSHINE  MM
  AVERAGE SKY COVER 0.9


WEATHER CONDITIONS
 THE FOLLOWING WEATHER WAS RECORDED YESTERDAY.
  THUNDERSTORM


RELATIVE HUMIDITY (PERCENT)
 HIGHEST    97           400 AM
 LOWEST     61           200 PM
 AVERAGE    79

..........................................................


THE DE QUEEN CLIMATE NORMALS FOR TODAY
                         NORMAL    RECORD    YEAR
 MAXIMUM TEMPERATURE (F)   83        92      1996
 MINIMUM TEMPERATURE (F)   62        45      1988


SUNRISE AND SUNSET
MAY 26 2015...........SUNRISE   610 AM CDT   SUNSET   820 PM CDT
MAY 27 2015...........SUNRISE   609 AM CDT   SUNSET   821 PM CDT


-  INDICATES NEGATIVE NUMBERS.
R  INDICATES RECORD WAS SET OR TIED.
MM INDICATES DATA IS MISSING.
T  INDICATES TRACE AMOUNT.




$$
