000
CDUS44 KSHV 282252
CLIDEQ


CLIMATE REPORT
NATIONAL WEATHER SERVICE SHREVEPORT, LA
551 PM CDT THU APR 28 2016


...................................

...THE DE QUEEN CLIMATE SUMMARY FOR APRIL 28 2016...
VALID TODAY AS OF 0500 PM LOCAL TIME.

CLIMATE NORMAL PERIOD 1981 TO 2010
CLIMATE RECORD PERIOD 1902 TO 2016


WEATHER ITEM   OBSERVED TIME   RECORD YEAR NORMAL DEPARTURE LAST
                VALUE   (LST)  VALUE       VALUE  FROM      YEAR
                                                  NORMAL
..................................................................
TEMPERATURE (F)
 TODAY
  MAXIMUM         82    259 PM  94    1987  77      5       57
  MINIMUM         50    607 AM  32    1904  53     -3       51
  AVERAGE         66                        65      1       54

PRECIPITATION (IN)
  TODAY            0.00          1.80 1947   0.18  -0.18     0.34
  MONTH TO DATE    4.57                      3.57   1.00     2.65
  SINCE DEC 1     21.41                     19.57   1.84    17.94
  SINCE JAN 1     11.13                     15.21  -4.08    16.22

SNOWFALL (IN)
  TODAY            0.0
  MONTH TO DATE    0.0
  SINCE MAR 1      0.0
  SINCE JUL 1      0.0
  SNOW DEPTH       0

DEGREE DAYS
 HEATING
  TODAY            0                         2     -2       11
  MONTH TO DATE   89                       149    -60       91
  SINCE MAR 1    343                       526   -183      438
  SINCE JUL 1   2295                      3017   -722     3090

 COOLING
  TODAY            1                         2     -1        0
  MONTH TO DATE   30                        34     -4       46
  SINCE MAR 1     38                        43     -5       48
  SINCE JAN 1     38                        45     -7       48
..................................................................


WIND (MPH)
  HIGHEST WIND SPEED    12   HIGHEST WIND DIRECTION     E (110)
  HIGHEST GUST SPEED    17   HIGHEST GUST DIRECTION     E (90)
  AVERAGE WIND SPEED     2.9


SKY COVER
  POSSIBLE SUNSHINE  MM
  AVERAGE SKY COVER 0.3


WEATHER CONDITIONS
 THE FOLLOWING WEATHER WAS RECORDED TODAY.
  FOG
  FOG W/VISIBILITY <= 1/4 MILE


RELATIVE HUMIDITY (PERCENT)
 HIGHEST   100          1200 AM
 LOWEST     39           100 PM
 AVERAGE    70

..........................................................


THE DE QUEEN CLIMATE NORMALS FOR TOMORROW
                         NORMAL    RECORD    YEAR
 MAXIMUM TEMPERATURE (F)   77        91      1955
 MINIMUM TEMPERATURE (F)   53        36      1965


SUNRISE AND SUNSET
APRIL 28 2016.........SUNRISE   631 AM CDT   SUNSET   800 PM CDT
APRIL 29 2016.........SUNRISE   630 AM CDT   SUNSET   800 PM CDT


-  INDICATES NEGATIVE NUMBERS.
R  INDICATES RECORD WAS SET OR TIED.
MM INDICATES DATA IS MISSING.
T  INDICATES TRACE AMOUNT.




$$
