362
CDUS46 KOTX 270856
CLIDEW


CLIMATE REPORT
NATIONAL WEATHER SERVICE SPOKANE, WA
156 AM PDT THU JUL 27 2017


...................................

...THE DEER_PARK WA AIRPORT CLIMATE SUMMARY FOR JULY 26 2017...

CLIMATE NORMAL PERIOD 1981 TO 2010
CLIMATE RECORD PERIOD 9999 TO 9999


WEATHER ITEM   OBSERVED TIME   RECORD YEAR NORMAL DEPARTURE LAST
                VALUE   (LST)  VALUE       VALUE  FROM      YEAR
                                                  NORMAL
..................................................................
TEMPERATURE (F)
 YESTERDAY
  MAXIMUM         93    321 PM  MM      MM  85      8       88
  MINIMUM         46    442 AM  MM      MM  49     -3       53
  AVERAGE         70                        67      3       71

PRECIPITATION (IN)
  YESTERDAY        0.00         MM      MM   0.01  -0.01     0.50
  MONTH TO DATE    0.01                      0.83  -0.82     2.04
  SINCE OCT 1     28.39                     20.35   8.04    23.07
  SINCE JAN 1     16.95                     12.53   4.42    14.08

SNOWFALL (IN)
  YESTERDAY       MM

DEGREE DAYS
 HEATING
  YESTERDAY        0                         1     -1        0
  MONTH TO DATE   11                        59    -48       82
  SINCE JUN 1    167                       259    -92      253
  SINCE JUL 1     11                        59    -48       82

 COOLING
  YESTERDAY        5                         3      2        6
  MONTH TO DATE   88                        60     28       29
  SINCE JUN 1    109                        77     32       76
  SINCE JAN 1    115                        80     35       76
..................................................................


WIND (MPH)
  HIGHEST WIND SPEED    13   HIGHEST WIND DIRECTION    SW (210)
  HIGHEST GUST SPEED    16   HIGHEST GUST DIRECTION     S (190)
  AVERAGE WIND SPEED     3.8


SKY COVER
  POSSIBLE SUNSHINE  MM
  AVERAGE SKY COVER 0.0


WEATHER CONDITIONS
 THE FOLLOWING WEATHER WAS RECORDED YESTERDAY.
  NO SIGNIFICANT WEATHER WAS OBSERVED.


RELATIVE HUMIDITY (PERCENT)
 HIGHEST    66           300 AM
 LOWEST     10          1200 PM
 AVERAGE    38

..........................................................


THE DEER_PARK WA AIRPORT CLIMATE NORMALS FOR TODAY
                         NORMAL    RECORD    YEAR
 MAXIMUM TEMPERATURE (F)   85        MM        MM
 MINIMUM TEMPERATURE (F)   49        MM        MM


SUNRISE AND SUNSET
JULY 27 2017..........SUNRISE   520 AM PDT   SUNSET   831 PM PDT
JULY 28 2017..........SUNRISE   521 AM PDT   SUNSET   830 PM PDT


-  INDICATES NEGATIVE NUMBERS.
R  INDICATES RECORD WAS SET OR TIED.
MM INDICATES DATA IS MISSING.
T  INDICATES TRACE AMOUNT.




$$
