000
CDUS46 KOTX 220823
CLIDEW


CLIMATE REPORT
NATIONAL WEATHER SERVICE SPOKANE, WA
123 AM PDT FRI SEP 22 2017


...................................

...THE DEER_PARK WA AIRPORT CLIMATE SUMMARY FOR SEPTEMBER 21 2017...

CLIMATE NORMAL PERIOD 1981 TO 2010
CLIMATE RECORD PERIOD 9999 TO 9999


WEATHER ITEM   OBSERVED TIME   RECORD YEAR NORMAL DEPARTURE LAST
                VALUE   (LST)  VALUE       VALUE  FROM      YEAR
                                                  NORMAL
..................................................................
TEMPERATURE (F)
 YESTERDAY
  MAXIMUM         51    403 PM  MM      MM  71    -20       67
  MINIMUM         35    946 PM  MM      MM  37     -2       36
  AVERAGE         43                        54    -11       52

PRECIPITATION (IN)
  YESTERDAY        0.08         MM      MM   0.04   0.04     0.00
  MONTH TO DATE    0.92                      0.67   0.25     0.29
  SINCE OCT 1     29.33                     21.93   7.40    23.53
  SINCE JAN 1     17.89                     14.11   3.78    14.54

SNOWFALL (IN)
  YESTERDAY       MM

DEGREE DAYS
 HEATING
  YESTERDAY       22                        11     11       13
  MONTH TO DATE  149                       159    -10      212
  SINCE SEP 1    149                       159    -10      212
  SINCE JUL 1    186                       303   -117      332

 COOLING
  YESTERDAY        0                         0      0        0
  MONTH TO DATE   36                        10     26        0
  SINCE SEP 1     36                        10     26        0
  SINCE JAN 1    305                       185    120      212
..................................................................


WIND (MPH)
  HIGHEST WIND SPEED    10   HIGHEST WIND DIRECTION     S (170)
  HIGHEST GUST SPEED    12   HIGHEST GUST DIRECTION     S (170)
  AVERAGE WIND SPEED     4.4


SKY COVER
  POSSIBLE SUNSHINE  MM
  AVERAGE SKY COVER 0.7


WEATHER CONDITIONS
 THE FOLLOWING WEATHER WAS RECORDED YESTERDAY.
  LIGHT RAIN
  FOG


RELATIVE HUMIDITY (PERCENT)
 HIGHEST   100          1100 PM
 LOWEST     71           300 PM
 AVERAGE    86

..........................................................


THE DEER_PARK WA AIRPORT CLIMATE NORMALS FOR TODAY
                         NORMAL    RECORD    YEAR
 MAXIMUM TEMPERATURE (F)   71        MM        MM
 MINIMUM TEMPERATURE (F)   37        MM        MM


SUNRISE AND SUNSET
SEPTEMBER 22 2017.....SUNRISE   637 AM PDT   SUNSET   647 PM PDT
SEPTEMBER 23 2017.....SUNRISE   638 AM PDT   SUNSET   645 PM PDT


-  INDICATES NEGATIVE NUMBERS.
R  INDICATES RECORD WAS SET OR TIED.
MM INDICATES DATA IS MISSING.
T  INDICATES TRACE AMOUNT.




$$
