000
CDUS46 KOTX 180841
CLIDEW


CLIMATE REPORT
NATIONAL WEATHER SERVICE SPOKANE, WA
1241 AM PST WED JAN 18 2017


...................................

...THE DEER_PARK WA AIRPORT CLIMATE SUMMARY FOR JANUARY 17 2017...

CLIMATE NORMAL PERIOD 1981 TO 2010
CLIMATE RECORD PERIOD 9999 TO 9999


WEATHER ITEM   OBSERVED TIME   RECORD YEAR NORMAL DEPARTURE LAST
                VALUE   (LST)  VALUE       VALUE  FROM      YEAR
                                                  NORMAL
..................................................................
TEMPERATURE (F)
 YESTERDAY
  MAXIMUM         30   1142 PM  MM      MM  34     -4       36
  MINIMUM          8    448 AM  MM      MM  22    -14       32
  AVERAGE         19                        28     -9       34

PRECIPITATION (IN)
  YESTERDAY        0.16         MM      MM   0.08   0.08     0.24
  MONTH TO DATE    0.72                      1.66  -0.94     1.38
  SINCE OCT 1     12.16                      9.48   2.68    10.37
  SINCE JAN 1      0.72                      1.66  -0.94     1.38

SNOWFALL (IN)
  YESTERDAY       MM

DEGREE DAYS
 HEATING
  YESTERDAY       46                        37      9       31
  MONTH TO DATE  924                       657    267      635
  SINCE DEC 1   2285                      1881    404     1727
  SINCE JUL 1   3926                      3884     42     3398

 COOLING
  YESTERDAY        0                         0      0        0
  MONTH TO DATE    0                         0      0        0
  SINCE DEC 1      0                         0      0        0
  SINCE JAN 1      0                         0      0        0
..................................................................


WIND (MPH)
  HIGHEST WIND SPEED     7   HIGHEST WIND DIRECTION    NE (40)
  HIGHEST GUST SPEED     9   HIGHEST GUST DIRECTION    NE (50)
  AVERAGE WIND SPEED     1.2


SKY COVER
  POSSIBLE SUNSHINE  MM
  AVERAGE SKY COVER 0.9


WEATHER CONDITIONS
 THE FOLLOWING WEATHER WAS RECORDED YESTERDAY.
  LIGHT SNOW
  FOG
  HAZE


RELATIVE HUMIDITY (PERCENT)
 HIGHEST    92          1200 AM
 LOWEST     75           200 PM
 AVERAGE    84

..........................................................


THE DEER_PARK WA AIRPORT CLIMATE NORMALS FOR TODAY
                         NORMAL    RECORD    YEAR
 MAXIMUM TEMPERATURE (F)   34        MM        MM
 MINIMUM TEMPERATURE (F)   22        MM        MM


SUNRISE AND SUNSET
JANUARY 18 2017.......SUNRISE   732 AM PST   SUNSET   429 PM PST
JANUARY 19 2017.......SUNRISE   731 AM PST   SUNSET   430 PM PST


-  INDICATES NEGATIVE NUMBERS.
R  INDICATES RECORD WAS SET OR TIED.
MM INDICATES DATA IS MISSING.
T  INDICATES TRACE AMOUNT.




$$
