000
CDUS46 KOTX 170834
CLIDEW


CLIMATE REPORT
NATIONAL WEATHER SERVICE SPOKANE, WA
134 AM PDT WED SEP 17 2014


...................................

...THE DEER_PARK WA AIRPORT CLIMATE SUMMARY FOR SEPTEMBER 16 2014...

CLIMATE NORMAL PERIOD 1981 TO 2010
CLIMATE RECORD PERIOD 9999 TO 9999


WEATHER ITEM   OBSERVED TIME   RECORD YEAR NORMAL DEPARTURE LAST
                VALUE   (LST)  VALUE       VALUE  FROM      YEAR
                                                  NORMAL
..................................................................
TEMPERATURE (F)
 YESTERDAY
  MAXIMUM         83    439 PM  MM      MM  74      9       68
  MINIMUM         52    501 AM  MM      MM  39     13       47
  AVERAGE         68                        56     12       58

PRECIPITATION (IN)
  YESTERDAY        0.00         MM      MM   0.03  -0.03     0.01
  MONTH TO DATE    0.33                      0.50  -0.17     1.00
  SINCE OCT 1     18.70                     21.76  -3.06    21.81
  SINCE JAN 1     14.90                     13.94   0.96    12.97

SNOWFALL (IN)
  YESTERDAY       MM            MM      MM  MM     MM       MM
  MONTH TO DATE   MM                        MM     MM       MM
  SINCE SEP 1     MM                        MM     MM       MM
  SINCE JUL 1     MM                        MM     MM       MM
  SNOW DEPTH      MM

DEGREE DAYS
 HEATING
  YESTERDAY        0                         9     -9        7
  MONTH TO DATE  109                       109      0       27
  SINCE SEP 1    109                       109      0       27
  SINCE JUL 1    145                       253   -108       70

 COOLING
  YESTERDAY        3                         0      3        0
  MONTH TO DATE    3                        10     -7       69
  SINCE SEP 1      3                        10     -7       69
  SINCE JAN 1    349                       185    164      310
..................................................................


WIND (MPH)
  HIGHEST WIND SPEED     9   HIGHEST WIND DIRECTION    SE (150)
  HIGHEST GUST SPEED    15   HIGHEST GUST DIRECTION    NE (30)
  AVERAGE WIND SPEED     3.8


SKY COVER
  POSSIBLE SUNSHINE  MM
  AVERAGE SKY COVER 0.0


WEATHER CONDITIONS
 THE FOLLOWING WEATHER WAS RECORDED YESTERDAY.
  HAZE


RELATIVE HUMIDITY (PERCENT)
 HIGHEST    61          1100 PM
 LOWEST     21           200 PM
 AVERAGE    41

..........................................................


THE DEER_PARK WA AIRPORT CLIMATE NORMALS FOR TODAY
                         NORMAL    RECORD    YEAR
 MAXIMUM TEMPERATURE (F)   73        MM        MM
 MINIMUM TEMPERATURE (F)   39        MM        MM


SUNRISE AND SUNSET
SEPTEMBER 17 2014.....SUNRISE   630 AM PDT   SUNSET   658 PM PDT
SEPTEMBER 18 2014.....SUNRISE   631 AM PDT   SUNSET   656 PM PDT


-  INDICATES NEGATIVE NUMBERS.
R  INDICATES RECORD WAS SET OR TIED.
MM INDICATES DATA IS MISSING.
T  INDICATES TRACE AMOUNT.




$$
